20.214.151.17 - - [26/Sep/2026:14:51:17 +0900] "GET /k.php?p= HTTP/1.0" 200 150290 "-" "-"
20.214.151.17 - - [26/Sep/2026:14:51:17 +0900] "GET /dex.php HTTP/1.0" 200 150290 "-" "-"
20.214.151.17 - - [26/Sep/2026:14:51:17 +0900] "GET /222.php HTTP/1.0" 200 150290 "-" "-"
20.214.151.17 - - [26/Sep/2026:14:51:17 +0900] "GET //av.php HTTP/1.0" 200 150290 "-" "-"
43.135.115.233 - - [26/Sep/2026:14:56:25 +0900] "GET /?edit=%2Fvar%2Fwww%2Fvhosts%2Fw825.jpnsv.net%2Fa-teaminc.jp%2F23.php HTTP/1.0" 200 63616 "-" "Mozilla/5.0 (iPhone; CPU iPhone OS 13_2_3 like Mac OS X) AppleWebKit/605.1.15 (KHTML, like Gecko) Version/13.0.3 Mobile/15E148 Safari/604.1"
101.33.81.73 - - [26/Sep/2026:15:06:39 +0900] "GET /?edit=%2Fvar%2Fwww%2Fvhosts%2Fw825.jpnsv.net%2Fa-teaminc.jp%2Fgooglea5ec22339c4114a4.html HTTP/1.0" 200 13857 "-" "Mozilla/5.0 (iPhone; CPU iPhone OS 13_2_3 like Mac OS X) AppleWebKit/605.1.15 (KHTML, like Gecko) Version/13.0.3 Mobile/15E148 Safari/604.1"
66.249.79.69 - - [26/Sep/2026:15:13:27 +0900] "GET /dp/3b71504151749 HTTP/1.0" 200 184467 "-" "Mozilla/5.0 (Linux; Android 6.0.1; Nexus 5X Build/MMB29P) AppleWebKit/537.36 (KHTML, like Gecko) Chrome/153.0.8010.52 Mobile Safari/537.36 (compatible; Googlebot/2.1; +http://www.google.com/bot.html)"
34.237.245.224 - - [26/Sep/2026:15:16:32 +0900] "GET / HTTP/1.0" 200 150348 "-" "Mozilla/5.0 (Windows NT 10.0; Win64; x64) AppleWebKit/537.36 (KHTML, like Gecko) Chrome/86.0.4240.75 Safari/537.36"
129.226.174.80 - - [26/Sep/2026:15:17:05 +0900] "GET /?edit=%2Fvar%2Fwww%2Fvhosts%2Fw825.jpnsv.net%2Fa-teaminc.jp%2Flicense.txt HTTP/1.0" 200 33870 "-" "Mozilla/5.0 (iPhone; CPU iPhone OS 13_2_3 like Mac OS X) AppleWebKit/605.1.15 (KHTML, like Gecko) Version/13.0.3 Mobile/15E148 Safari/604.1"
66.249.79.69 - - [26/Sep/2026:15:21:05 +0900] "GET /contents/event/kansyasai/ HTTP/1.0" 200 183154 "-" "Mozilla/5.0 (Linux; Android 6.0.1; Nexus 5X Build/MMB29P) AppleWebKit/537.36 (KHTML, like Gecko) Chrome/153.0.8010.52 Mobile Safari/537.36 (compatible; GoogleOther)"
43.130.26.3 - - [26/Sep/2026:15:27:46 +0900] "GET /?chmod=%2Fvar%2Fwww%2Fvhosts%2Fw825.jpnsv.net%2Fa-teaminc.jp%2FCSS%2FTOP_FLASH.css HTTP/1.0" 200 13749 "-" "Mozilla/5.0 (iPhone; CPU iPhone OS 13_2_3 like Mac OS X) AppleWebKit/605.1.15 (KHTML, like Gecko) Version/13.0.3 Mobile/15E148 Safari/604.1"
66.249.79.68 - - [26/Sep/2026:15:28:47 +0900] "GET /dp/0c89146249815 HTTP/1.0" 200 183358 "-" "Mozilla/5.0 (Linux; Android 6.0.1; Nexus 5X Build/MMB29P) AppleWebKit/537.36 (KHTML, like Gecko) Chrome/153.0.8010.52 Mobile Safari/537.36 (compatible; Googlebot/2.1; +http://www.google.com/bot.html)"
66.249.79.70 - - [26/Sep/2026:15:38:24 +0900] "GET /contents/reform/ HTTP/1.0" 200 178357 "-" "Mozilla/5.0 (Linux; Android 6.0.1; Nexus 5X Build/MMB29P) AppleWebKit/537.36 (KHTML, like Gecko) Chrome/153.0.8010.52 Mobile Safari/537.36 (compatible; GoogleOther)"
144.76.32.117 - - [26/Sep/2026:15:40:03 +0900] "GET /dp/b959233368399?lph=/var/www/vhosts/w825.jpnsv.net/a-teaminc.jp/CSS HTTP/1.0" 200 101464 "-" "Mozilla/5.0 (compatible; SERankingBacklinksBot/1.0; +https://seranking.com/backlinks-crawler)"
144.76.32.117 - - [26/Sep/2026:15:40:08 +0900] "GET /dp/5d71542589528?lph=/var/www/vhosts/w825.jpnsv.net/a-teaminc.jp/cgi HTTP/1.0" 200 104914 "-" "Mozilla/5.0 (compatible; SERankingBacklinksBot/1.0; +https://seranking.com/backlinks-crawler)"
144.76.32.117 - - [26/Sep/2026:15:40:12 +0900] "GET /dp/b959233368399?lph=/var/www/vhosts/w825.jpnsv.net/a-teaminc.jp/cgi HTTP/1.0" 200 104914 "-" "Mozilla/5.0 (compatible; SERankingBacklinksBot/1.0; +https://seranking.com/backlinks-crawler)"
144.76.32.117 - - [26/Sep/2026:15:40:16 +0900] "GET /dp/5d71542589528?lph=/var/www/vhosts/w825.jpnsv.net/a-teaminc.jp/img HTTP/1.0" 200 105698 "-" "Mozilla/5.0 (compatible; SERankingBacklinksBot/1.0; +https://seranking.com/backlinks-crawler)"
144.76.32.117 - - [26/Sep/2026:15:40:20 +0900] "GET /dp/b959233368399?lph=/var/www/vhosts/w825.jpnsv.net/a-teaminc.jp/img HTTP/1.0" 200 105698 "-" "Mozilla/5.0 (compatible; SERankingBacklinksBot/1.0; +https://seranking.com/backlinks-crawler)"
144.76.32.117 - - [26/Sep/2026:15:40:24 +0900] "GET /dp/5d71542589528?lph=/var/www/vhosts/w825.jpnsv.net/a-teaminc.jp/pdf HTTP/1.0" 200 91159 "-" "Mozilla/5.0 (compatible; SERankingBacklinksBot/1.0; +https://seranking.com/backlinks-crawler)"
144.76.32.117 - - [26/Sep/2026:15:40:28 +0900] "GET /dp/b959233368399?lph=/var/www/vhosts/w825.jpnsv.net/a-teaminc.jp/pdf HTTP/1.0" 200 91159 "-" "Mozilla/5.0 (compatible; SERankingBacklinksBot/1.0; +https://seranking.com/backlinks-crawler)"
144.76.32.117 - - [26/Sep/2026:15:40:32 +0900] "GET /dp/5d71542589528?lph=/var/www/vhosts/w825.jpnsv.net/a-teaminc.jp/tmp HTTP/1.0" 200 91318 "-" "Mozilla/5.0 (compatible; SERankingBacklinksBot/1.0; +https://seranking.com/backlinks-crawler)"
144.76.32.117 - - [26/Sep/2026:15:40:37 +0900] "GET /dp/b959233368399?lph=/var/www/vhosts/w825.jpnsv.net/a-teaminc.jp/tmp HTTP/1.0" 200 91318 "-" "Mozilla/5.0 (compatible; SERankingBacklinksBot/1.0; +https://seranking.com/backlinks-crawler)"
144.76.32.117 - - [26/Sep/2026:15:40:46 +0900] "GET /dp/b95ab46285376?lph=/var/www/vhosts/w825.jpnsv.net/a-teaminc.jp/CSS HTTP/1.0" 200 101464 "-" "Mozilla/5.0 (compatible; SERankingBacklinksBot/1.0; +https://seranking.com/backlinks-crawler)"
144.76.32.117 - - [26/Sep/2026:15:40:55 +0900] "GET /dp/b95ab46285376?lph=/var/www/vhosts/w825.jpnsv.net/a-teaminc.jp/cgi HTTP/1.0" 200 104914 "-" "Mozilla/5.0 (compatible; SERankingBacklinksBot/1.0; +https://seranking.com/backlinks-crawler)"
144.76.32.117 - - [26/Sep/2026:15:41:04 +0900] "GET /dp/b95ab46285376?lph=/var/www/vhosts/w825.jpnsv.net/a-teaminc.jp/img HTTP/1.0" 200 105698 "-" "Mozilla/5.0 (compatible; SERankingBacklinksBot/1.0; +https://seranking.com/backlinks-crawler)"
144.76.32.117 - - [26/Sep/2026:15:41:13 +0900] "GET /dp/b95ab46285376?lph=/var/www/vhosts/w825.jpnsv.net/a-teaminc.jp/pdf HTTP/1.0" 200 91159 "-" "Mozilla/5.0 (compatible; SERankingBacklinksBot/1.0; +https://seranking.com/backlinks-crawler)"
144.76.32.117 - - [26/Sep/2026:15:41:24 +0900] "GET /dp/b95ab46285376?lph=/var/www/vhosts/w825.jpnsv.net/a-teaminc.jp/tmp HTTP/1.0" 200 91318 "-" "Mozilla/5.0 (compatible; SERankingBacklinksBot/1.0; +https://seranking.com/backlinks-crawler)"
144.76.32.117 - - [26/Sep/2026:15:41:42 +0900] "GET /dp/b977222598272?lph=/var/www/vhosts/w825.jpnsv.net/a-teaminc.jp/CSS HTTP/1.0" 200 101464 "-" "Mozilla/5.0 (compatible; SERankingBacklinksBot/1.0; +https://seranking.com/backlinks-crawler)"
144.76.32.117 - - [26/Sep/2026:15:41:51 +0900] "GET /dp/b977222598272?lph=/var/www/vhosts/w825.jpnsv.net/a-teaminc.jp/cgi HTTP/1.0" 200 104914 "-" "Mozilla/5.0 (compatible; SERankingBacklinksBot/1.0; +https://seranking.com/backlinks-crawler)"
144.76.32.117 - - [26/Sep/2026:15:42:00 +0900] "GET /dp/b977222598272?lph=/var/www/vhosts/w825.jpnsv.net/a-teaminc.jp/img HTTP/1.0" 200 105698 "-" "Mozilla/5.0 (compatible; SERankingBacklinksBot/1.0; +https://seranking.com/backlinks-crawler)"
144.76.32.117 - - [26/Sep/2026:15:42:10 +0900] "GET /dp/b977222598272?lph=/var/www/vhosts/w825.jpnsv.net/a-teaminc.jp/pdf HTTP/1.0" 200 91159 "-" "Mozilla/5.0 (compatible; SERankingBacklinksBot/1.0; +https://seranking.com/backlinks-crawler)"
144.76.32.117 - - [26/Sep/2026:15:42:19 +0900] "GET /dp/b977222598272?lph=/var/www/vhosts/w825.jpnsv.net/a-teaminc.jp/tmp HTTP/1.0" 200 91318 "-" "Mozilla/5.0 (compatible; SERankingBacklinksBot/1.0; +https://seranking.com/backlinks-crawler)"
144.76.32.117 - - [26/Sep/2026:15:42:28 +0900] "GET /dp/b9a6b34208871?lph=/var/www/vhosts/w825.jpnsv.net/a-teaminc.jp/CSS HTTP/1.0" 200 101464 "-" "Mozilla/5.0 (compatible; SERankingBacklinksBot/1.0; +https://seranking.com/backlinks-crawler)"
144.76.32.117 - - [26/Sep/2026:15:42:37 +0900] "GET /dp/b9a6b34208871?lph=/var/www/vhosts/w825.jpnsv.net/a-teaminc.jp/cgi HTTP/1.0" 200 104914 "-" "Mozilla/5.0 (compatible; SERankingBacklinksBot/1.0; +https://seranking.com/backlinks-crawler)"
144.76.32.117 - - [26/Sep/2026:15:42:47 +0900] "GET /dp/b9a6b34208871?lph=/var/www/vhosts/w825.jpnsv.net/a-teaminc.jp/img HTTP/1.0" 200 105698 "-" "Mozilla/5.0 (compatible; SERankingBacklinksBot/1.0; +https://seranking.com/backlinks-crawler)"
144.76.32.117 - - [26/Sep/2026:15:42:56 +0900] "GET /dp/b9a6b34208871?lph=/var/www/vhosts/w825.jpnsv.net/a-teaminc.jp/pdf HTTP/1.0" 200 91159 "-" "Mozilla/5.0 (compatible; SERankingBacklinksBot/1.0; +https://seranking.com/backlinks-crawler)"
144.76.32.117 - - [26/Sep/2026:15:43:04 +0900] "GET /dp/b9a6b34208871?lph=/var/www/vhosts/w825.jpnsv.net/a-teaminc.jp/tmp HTTP/1.0" 200 91318 "-" "Mozilla/5.0 (compatible; SERankingBacklinksBot/1.0; +https://seranking.com/backlinks-crawler)"
144.76.32.117 - - [26/Sep/2026:15:43:13 +0900] "GET /dp/b9b55a4869768?lph=/var/www/vhosts/w825.jpnsv.net/a-teaminc.jp/CSS HTTP/1.0" 200 101464 "-" "Mozilla/5.0 (compatible; SERankingBacklinksBot/1.0; +https://seranking.com/backlinks-crawler)"
66.249.79.68 - - [26/Sep/2026:15:43:15 +0900] "GET /dp/6708a03553440 HTTP/1.0" 200 181916 "-" "Mozilla/5.0 (Linux; Android 6.0.1; Nexus 5X Build/MMB29P) AppleWebKit/537.36 (KHTML, like Gecko) Chrome/153.0.8010.52 Mobile Safari/537.36 (compatible; GoogleOther)"
144.76.32.117 - - [26/Sep/2026:15:43:23 +0900] "GET /dp/b9b55a4869768?lph=/var/www/vhosts/w825.jpnsv.net/a-teaminc.jp/cgi HTTP/1.0" 200 104914 "-" "Mozilla/5.0 (compatible; SERankingBacklinksBot/1.0; +https://seranking.com/backlinks-crawler)"
144.76.32.117 - - [26/Sep/2026:15:43:33 +0900] "GET /dp/b9b55a4869768?lph=/var/www/vhosts/w825.jpnsv.net/a-teaminc.jp/img HTTP/1.0" 200 105698 "-" "Mozilla/5.0 (compatible; SERankingBacklinksBot/1.0; +https://seranking.com/backlinks-crawler)"
144.76.32.117 - - [26/Sep/2026:15:43:42 +0900] "GET /dp/b9b55a4869768?lph=/var/www/vhosts/w825.jpnsv.net/a-teaminc.jp/pdf HTTP/1.0" 200 91159 "-" "Mozilla/5.0 (compatible; SERankingBacklinksBot/1.0; +https://seranking.com/backlinks-crawler)"
144.76.32.117 - - [26/Sep/2026:15:43:51 +0900] "GET /dp/b9b55a4869768?lph=/var/www/vhosts/w825.jpnsv.net/a-teaminc.jp/tmp HTTP/1.0" 200 91318 "-" "Mozilla/5.0 (compatible; SERankingBacklinksBot/1.0; +https://seranking.com/backlinks-crawler)"
144.76.32.117 - - [26/Sep/2026:15:44:00 +0900] "GET /dp/b9c8654408341?lph=/var/www/vhosts/w825.jpnsv.net/a-teaminc.jp/CSS HTTP/1.0" 200 101464 "-" "Mozilla/5.0 (compatible; SERankingBacklinksBot/1.0; +https://seranking.com/backlinks-crawler)"
144.76.32.117 - - [26/Sep/2026:15:44:05 +0900] "GET /dp/5ef5c74105044?lph=/var/www/vhosts/w825.jpnsv.net/a-teaminc.jp/CSS HTTP/1.0" 200 101464 "-" "Mozilla/5.0 (compatible; SERankingBacklinksBot/1.0; +https://seranking.com/backlinks-crawler)"
144.76.32.117 - - [26/Sep/2026:15:44:10 +0900] "GET /dp/b9c8654408341?lph=/var/www/vhosts/w825.jpnsv.net/a-teaminc.jp/cgi HTTP/1.0" 200 104914 "-" "Mozilla/5.0 (compatible; SERankingBacklinksBot/1.0; +https://seranking.com/backlinks-crawler)"
144.76.32.117 - - [26/Sep/2026:15:44:14 +0900] "GET /dp/5ef5c74105044?lph=/var/www/vhosts/w825.jpnsv.net/a-teaminc.jp/cgi HTTP/1.0" 200 104914 "-" "Mozilla/5.0 (compatible; SERankingBacklinksBot/1.0; +https://seranking.com/backlinks-crawler)"
144.76.32.117 - - [26/Sep/2026:15:44:18 +0900] "GET /dp/b9c8654408341?lph=/var/www/vhosts/w825.jpnsv.net/a-teaminc.jp/img HTTP/1.0" 200 105698 "-" "Mozilla/5.0 (compatible; SERankingBacklinksBot/1.0; +https://seranking.com/backlinks-crawler)"
144.76.32.117 - - [26/Sep/2026:15:44:22 +0900] "GET /dp/5ef5c74105044?lph=/var/www/vhosts/w825.jpnsv.net/a-teaminc.jp/img HTTP/1.0" 200 105698 "-" "Mozilla/5.0 (compatible; SERankingBacklinksBot/1.0; +https://seranking.com/backlinks-crawler)"
144.76.32.117 - - [26/Sep/2026:15:44:26 +0900] "GET /dp/b9c8654408341?lph=/var/www/vhosts/w825.jpnsv.net/a-teaminc.jp/pdf HTTP/1.0" 200 91159 "-" "Mozilla/5.0 (compatible; SERankingBacklinksBot/1.0; +https://seranking.com/backlinks-crawler)"
144.76.32.117 - - [26/Sep/2026:15:44:30 +0900] "GET /dp/5ef5c74105044?lph=/var/www/vhosts/w825.jpnsv.net/a-teaminc.jp/pdf HTTP/1.0" 200 91159 "-" "Mozilla/5.0 (compatible; SERankingBacklinksBot/1.0; +https://seranking.com/backlinks-crawler)"
144.76.32.117 - - [26/Sep/2026:15:44:34 +0900] "GET /dp/b9c8654408341?lph=/var/www/vhosts/w825.jpnsv.net/a-teaminc.jp/tmp HTTP/1.0" 200 91318 "-" "Mozilla/5.0 (compatible; SERankingBacklinksBot/1.0; +https://seranking.com/backlinks-crawler)"
144.76.32.117 - - [26/Sep/2026:15:44:38 +0900] "GET /dp/5ef5c74105044?lph=/var/www/vhosts/w825.jpnsv.net/a-teaminc.jp/tmp HTTP/1.0" 200 91318 "-" "Mozilla/5.0 (compatible; SERankingBacklinksBot/1.0; +https://seranking.com/backlinks-crawler)"
144.76.32.117 - - [26/Sep/2026:15:44:42 +0900] "GET /dp/ba4f505453891?lph=/var/www/vhosts/w825.jpnsv.net/a-teaminc.jp/CSS HTTP/1.0" 200 101464 "-" "Mozilla/5.0 (compatible; SERankingBacklinksBot/1.0; +https://seranking.com/backlinks-crawler)"
144.76.32.117 - - [26/Sep/2026:15:44:52 +0900] "GET /dp/ba4f505453891?lph=/var/www/vhosts/w825.jpnsv.net/a-teaminc.jp/cgi HTTP/1.0" 200 104914 "-" "Mozilla/5.0 (compatible; SERankingBacklinksBot/1.0; +https://seranking.com/backlinks-crawler)"
144.76.32.117 - - [26/Sep/2026:15:45:01 +0900] "GET /dp/ba4f505453891?lph=/var/www/vhosts/w825.jpnsv.net/a-teaminc.jp/img HTTP/1.0" 200 105698 "-" "Mozilla/5.0 (compatible; SERankingBacklinksBot/1.0; +https://seranking.com/backlinks-crawler)"
144.76.32.117 - - [26/Sep/2026:15:45:10 +0900] "GET /dp/ba4f505453891?lph=/var/www/vhosts/w825.jpnsv.net/a-teaminc.jp/pdf HTTP/1.0" 200 91159 "-" "Mozilla/5.0 (compatible; SERankingBacklinksBot/1.0; +https://seranking.com/backlinks-crawler)"
144.76.32.117 - - [26/Sep/2026:15:45:18 +0900] "GET /dp/ba4f505453891?lph=/var/www/vhosts/w825.jpnsv.net/a-teaminc.jp/tmp HTTP/1.0" 200 91318 "-" "Mozilla/5.0 (compatible; SERankingBacklinksBot/1.0; +https://seranking.com/backlinks-crawler)"
66.249.79.69 - - [26/Sep/2026:15:45:30 +0900] "GET /dp/1107045066309 HTTP/1.0" 200 179401 "-" "Mozilla/5.0 (Linux; Android 6.0.1; Nexus 5X Build/MMB29P) AppleWebKit/537.36 (KHTML, like Gecko) Chrome/153.0.8010.52 Mobile Safari/537.36 (compatible; Googlebot/2.1; +http://www.google.com/bot.html)"
144.76.32.117 - - [26/Sep/2026:15:45:31 +0900] "GET /dp/5f2088324171?chmod=/var/www/vhosts/w825.jpnsv.net/a-teaminc.jp/jp HTTP/1.0" 200 13732 "-" "Mozilla/5.0 (compatible; SERankingBacklinksBot/1.0; +https://seranking.com/backlinks-crawler)"
144.76.32.117 - - [26/Sep/2026:15:45:44 +0900] "GET /?chmod=/var/www/vhosts/w825.jpnsv.net/a-teaminc.jp/frema/m/1nd3x.php HTTP/1.0" 200 13751 "-" "Mozilla/5.0 (compatible; SERankingBacklinksBot/1.0; +https://seranking.com/backlinks-crawler)"
144.76.32.117 - - [26/Sep/2026:15:45:53 +0900] "GET /?chmod=/var/www/vhosts/w825.jpnsv.net/a-teaminc.jp/frema/m/1ndex.php HTTP/1.0" 200 13751 "-" "Mozilla/5.0 (compatible; SERankingBacklinksBot/1.0; +https://seranking.com/backlinks-crawler)"
66.249.79.69 - - [26/Sep/2026:15:46:45 +0900] "GET /contents/renga/ HTTP/1.0" 200 179171 "-" "Mozilla/5.0 (Linux; Android 6.0.1; Nexus 5X Build/MMB29P) AppleWebKit/537.36 (KHTML, like Gecko) Chrome/153.0.8010.52 Mobile Safari/537.36 (compatible; GoogleOther)"
66.249.79.69 - - [26/Sep/2026:15:46:50 +0900] "GET /dp/824244682005 HTTP/1.0" 200 182876 "-" "Mozilla/5.0 (Linux; Android 6.0.1; Nexus 5X Build/MMB29P) AppleWebKit/537.36 (KHTML, like Gecko) Chrome/153.0.8010.52 Mobile Safari/537.36 (compatible; GoogleOther)"
66.249.79.68 - - [26/Sep/2026:15:46:56 +0900] "GET /dp/583c332101526 HTTP/1.0" 200 185343 "-" "Mozilla/5.0 (Linux; Android 6.0.1; Nexus 5X Build/MMB29P) AppleWebKit/537.36 (KHTML, like Gecko) Chrome/153.0.8010.52 Mobile Safari/537.36 (compatible; GoogleOther)"
66.249.79.69 - - [26/Sep/2026:15:47:01 +0900] "GET /dp/3918a44252237 HTTP/1.0" 200 177426 "-" "Mozilla/5.0 (Linux; Android 6.0.1; Nexus 5X Build/MMB29P) AppleWebKit/537.36 (KHTML, like Gecko) Chrome/153.0.8010.52 Mobile Safari/537.36 (compatible; GoogleOther)"
66.249.79.68 - - [26/Sep/2026:15:47:06 +0900] "GET /dp/eac5a84971766 HTTP/1.0" 200 183899 "-" "Mozilla/5.0 (Linux; Android 6.0.1; Nexus 5X Build/MMB29P) AppleWebKit/537.36 (KHTML, like Gecko) Chrome/153.0.8010.52 Mobile Safari/537.36 (compatible; GoogleOther)"
144.76.32.117 - - [26/Sep/2026:15:47:06 +0900] "GET /dp/5f55e12617401?lph=/var/www/vhosts/w825.jpnsv.net/a-teaminc.jp/CSS HTTP/1.0" 200 101464 "-" "Mozilla/5.0 (compatible; SERankingBacklinksBot/1.0; +https://seranking.com/backlinks-crawler)"
144.76.32.117 - - [26/Sep/2026:15:47:16 +0900] "GET /dp/5f55e12617401?lph=/var/www/vhosts/w825.jpnsv.net/a-teaminc.jp/cgi HTTP/1.0" 200 104914 "-" "Mozilla/5.0 (compatible; SERankingBacklinksBot/1.0; +https://seranking.com/backlinks-crawler)"
144.76.32.117 - - [26/Sep/2026:15:47:25 +0900] "GET /dp/5f55e12617401?lph=/var/www/vhosts/w825.jpnsv.net/a-teaminc.jp/img HTTP/1.0" 200 105698 "-" "Mozilla/5.0 (compatible; SERankingBacklinksBot/1.0; +https://seranking.com/backlinks-crawler)"
144.76.32.117 - - [26/Sep/2026:15:47:35 +0900] "GET /dp/5f55e12617401?lph=/var/www/vhosts/w825.jpnsv.net/a-teaminc.jp/pdf HTTP/1.0" 200 91159 "-" "Mozilla/5.0 (compatible; SERankingBacklinksBot/1.0; +https://seranking.com/backlinks-crawler)"
66.249.79.68 - - [26/Sep/2026:15:47:43 +0900] "GET /toyu/top/CKmSpSfTop HTTP/1.0" 200 185982 "-" "Mozilla/5.0 (Linux; Android 6.0.1; Nexus 5X Build/MMB29P) AppleWebKit/537.36 (KHTML, like Gecko) Chrome/153.0.8010.52 Mobile Safari/537.36 (compatible; GoogleOther)"
144.76.32.117 - - [26/Sep/2026:15:47:44 +0900] "GET /dp/5f55e12617401?lph=/var/www/vhosts/w825.jpnsv.net/a-teaminc.jp/tmp HTTP/1.0" 200 91318 "-" "Mozilla/5.0 (compatible; SERankingBacklinksBot/1.0; +https://seranking.com/backlinks-crawler)"
144.76.32.117 - - [26/Sep/2026:15:48:22 +0900] "GET /dp/0991554184542?lph=/var/www/vhosts/w825.jpnsv.net/a-teaminc.jp/CSS HTTP/1.0" 200 101464 "-" "Mozilla/5.0 (compatible; SERankingBacklinksBot/1.0; +https://seranking.com/backlinks-crawler)"
144.76.32.117 - - [26/Sep/2026:15:48:32 +0900] "GET /dp/0991554184542?lph=/var/www/vhosts/w825.jpnsv.net/a-teaminc.jp/cgi HTTP/1.0" 200 104914 "-" "Mozilla/5.0 (compatible; SERankingBacklinksBot/1.0; +https://seranking.com/backlinks-crawler)"
144.76.32.117 - - [26/Sep/2026:15:48:40 +0900] "GET /dp/0991554184542?lph=/var/www/vhosts/w825.jpnsv.net/a-teaminc.jp/img HTTP/1.0" 200 105698 "-" "Mozilla/5.0 (compatible; SERankingBacklinksBot/1.0; +https://seranking.com/backlinks-crawler)"
66.249.79.69 - - [26/Sep/2026:15:48:45 +0900] "GET /dp/bbfaa33131109 HTTP/1.0" 200 182501 "-" "Mozilla/5.0 (Linux; Android 6.0.1; Nexus 5X Build/MMB29P) AppleWebKit/537.36 (KHTML, like Gecko) Chrome/153.0.8010.52 Mobile Safari/537.36 (compatible; GoogleOther)"
144.76.32.117 - - [26/Sep/2026:15:48:50 +0900] "GET /dp/0991554184542?lph=/var/www/vhosts/w825.jpnsv.net/a-teaminc.jp/pdf HTTP/1.0" 200 91159 "-" "Mozilla/5.0 (compatible; SERankingBacklinksBot/1.0; +https://seranking.com/backlinks-crawler)"
144.76.32.117 - - [26/Sep/2026:15:48:58 +0900] "GET /dp/0991554184542?lph=/var/www/vhosts/w825.jpnsv.net/a-teaminc.jp/tmp HTTP/1.0" 200 91318 "-" "Mozilla/5.0 (compatible; SERankingBacklinksBot/1.0; +https://seranking.com/backlinks-crawler)"
144.76.32.117 - - [26/Sep/2026:15:49:08 +0900] "GET /dp/09ded01379601?lph=/var/www/vhosts/w825.jpnsv.net/a-teaminc.jp/CSS HTTP/1.0" 200 101464 "-" "Mozilla/5.0 (compatible; SERankingBacklinksBot/1.0; +https://seranking.com/backlinks-crawler)"
144.76.32.117 - - [26/Sep/2026:15:49:17 +0900] "GET /dp/09ded01379601?lph=/var/www/vhosts/w825.jpnsv.net/a-teaminc.jp/cgi HTTP/1.0" 200 104914 "-" "Mozilla/5.0 (compatible; SERankingBacklinksBot/1.0; +https://seranking.com/backlinks-crawler)"
144.76.32.117 - - [26/Sep/2026:15:49:26 +0900] "GET /dp/09ded01379601?lph=/var/www/vhosts/w825.jpnsv.net/a-teaminc.jp/img HTTP/1.0" 200 105698 "-" "Mozilla/5.0 (compatible; SERankingBacklinksBot/1.0; +https://seranking.com/backlinks-crawler)"
144.76.32.117 - - [26/Sep/2026:15:49:30 +0900] "GET /dp/5fc77b3971002?lph=/var/www/vhosts/w825.jpnsv.net/a-teaminc.jp/CSS HTTP/1.0" 200 101464 "-" "Mozilla/5.0 (compatible; SERankingBacklinksBot/1.0; +https://seranking.com/backlinks-crawler)"
144.76.32.117 - - [26/Sep/2026:15:49:34 +0900] "GET /dp/09ded01379601?lph=/var/www/vhosts/w825.jpnsv.net/a-teaminc.jp/pdf HTTP/1.0" 200 91159 "-" "Mozilla/5.0 (compatible; SERankingBacklinksBot/1.0; +https://seranking.com/backlinks-crawler)"
144.76.32.117 - - [26/Sep/2026:15:49:39 +0900] "GET /dp/5fc77b3971002?lph=/var/www/vhosts/w825.jpnsv.net/a-teaminc.jp/cgi HTTP/1.0" 200 104914 "-" "Mozilla/5.0 (compatible; SERankingBacklinksBot/1.0; +https://seranking.com/backlinks-crawler)"
144.76.32.117 - - [26/Sep/2026:15:49:43 +0900] "GET /dp/09ded01379601?lph=/var/www/vhosts/w825.jpnsv.net/a-teaminc.jp/tmp HTTP/1.0" 200 91318 "-" "Mozilla/5.0 (compatible; SERankingBacklinksBot/1.0; +https://seranking.com/backlinks-crawler)"
144.76.32.117 - - [26/Sep/2026:15:49:47 +0900] "GET /dp/5fc77b3971002?lph=/var/www/vhosts/w825.jpnsv.net/a-teaminc.jp/img HTTP/1.0" 200 105698 "-" "Mozilla/5.0 (compatible; SERankingBacklinksBot/1.0; +https://seranking.com/backlinks-crawler)"
144.76.32.117 - - [26/Sep/2026:15:49:56 +0900] "GET /dp/5fc77b3971002?lph=/var/www/vhosts/w825.jpnsv.net/a-teaminc.jp/pdf HTTP/1.0" 200 91159 "-" "Mozilla/5.0 (compatible; SERankingBacklinksBot/1.0; +https://seranking.com/backlinks-crawler)"
144.76.32.117 - - [26/Sep/2026:15:50:05 +0900] "GET /dp/5fc77b3971002?lph=/var/www/vhosts/w825.jpnsv.net/a-teaminc.jp/tmp HTTP/1.0" 200 91318 "-" "Mozilla/5.0 (compatible; SERankingBacklinksBot/1.0; +https://seranking.com/backlinks-crawler)"
144.76.32.117 - - [26/Sep/2026:15:50:14 +0900] "GET /dp/5fe2ee2169460?lph=/var/www/vhosts/w825.jpnsv.net/a-teaminc.jp/CSS HTTP/1.0" 200 101464 "-" "Mozilla/5.0 (compatible; SERankingBacklinksBot/1.0; +https://seranking.com/backlinks-crawler)"
144.76.32.117 - - [26/Sep/2026:15:50:24 +0900] "GET /dp/5fe2ee2169460?lph=/var/www/vhosts/w825.jpnsv.net/a-teaminc.jp/cgi HTTP/1.0" 200 104914 "-" "Mozilla/5.0 (compatible; SERankingBacklinksBot/1.0; +https://seranking.com/backlinks-crawler)"
144.76.32.117 - - [26/Sep/2026:15:50:32 +0900] "GET /dp/5fe2ee2169460?lph=/var/www/vhosts/w825.jpnsv.net/a-teaminc.jp/img HTTP/1.0" 200 105698 "-" "Mozilla/5.0 (compatible; SERankingBacklinksBot/1.0; +https://seranking.com/backlinks-crawler)"
144.76.32.117 - - [26/Sep/2026:15:50:37 +0900] "GET /dp/0a4e552148019?lph=/var/www/vhosts/w825.jpnsv.net/a-teaminc.jp/CSS HTTP/1.0" 200 101464 "-" "Mozilla/5.0 (compatible; SERankingBacklinksBot/1.0; +https://seranking.com/backlinks-crawler)"
144.76.32.117 - - [26/Sep/2026:15:50:41 +0900] "GET /dp/5fe2ee2169460?lph=/var/www/vhosts/w825.jpnsv.net/a-teaminc.jp/pdf HTTP/1.0" 200 91159 "-" "Mozilla/5.0 (compatible; SERankingBacklinksBot/1.0; +https://seranking.com/backlinks-crawler)"
144.76.32.117 - - [26/Sep/2026:15:50:45 +0900] "GET /dp/0a4e552148019?lph=/var/www/vhosts/w825.jpnsv.net/a-teaminc.jp/cgi HTTP/1.0" 200 104914 "-" "Mozilla/5.0 (compatible; SERankingBacklinksBot/1.0; +https://seranking.com/backlinks-crawler)"
144.76.32.117 - - [26/Sep/2026:15:50:49 +0900] "GET /dp/5fe2ee2169460?lph=/var/www/vhosts/w825.jpnsv.net/a-teaminc.jp/tmp HTTP/1.0" 200 91318 "-" "Mozilla/5.0 (compatible; SERankingBacklinksBot/1.0; +https://seranking.com/backlinks-crawler)"
144.76.32.117 - - [26/Sep/2026:15:50:53 +0900] "GET /dp/0a4e552148019?lph=/var/www/vhosts/w825.jpnsv.net/a-teaminc.jp/img HTTP/1.0" 200 105698 "-" "Mozilla/5.0 (compatible; SERankingBacklinksBot/1.0; +https://seranking.com/backlinks-crawler)"
144.76.32.117 - - [26/Sep/2026:15:50:59 +0900] "GET /?chmod=/var/www/vhosts/w825.jpnsv.net/a-teaminc.jp/wp-admin/js/polym HTTP/1.0" 200 13751 "-" "Mozilla/5.0 (compatible; SERankingBacklinksBot/1.0; +https://seranking.com/backlinks-crawler)"
144.76.32.117 - - [26/Sep/2026:15:51:03 +0900] "GET /dp/0a4e552148019?lph=/var/www/vhosts/w825.jpnsv.net/a-teaminc.jp/pdf HTTP/1.0" 200 91159 "-" "Mozilla/5.0 (compatible; SERankingBacklinksBot/1.0; +https://seranking.com/backlinks-crawler)"
144.76.32.117 - - [26/Sep/2026:15:51:11 +0900] "GET /dp/0a4e552148019?lph=/var/www/vhosts/w825.jpnsv.net/a-teaminc.jp/tmp HTTP/1.0" 200 91318 "-" "Mozilla/5.0 (compatible; SERankingBacklinksBot/1.0; +https://seranking.com/backlinks-crawler)"
144.76.32.117 - - [26/Sep/2026:15:51:15 +0900] "GET /?chmod=/var/www/vhosts/w825.jpnsv.net/error_docs/not_acceptable.html HTTP/1.0" 200 13747 "-" "Mozilla/5.0 (compatible; SERankingBacklinksBot/1.0; +https://seranking.com/backlinks-crawler)"
144.76.32.117 - - [26/Sep/2026:15:51:19 +0900] "GET /dp/0a9a245366211?lph=/var/www/vhosts/w825.jpnsv.net/a-teaminc.jp/CSS HTTP/1.0" 200 101464 "-" "Mozilla/5.0 (compatible; SERankingBacklinksBot/1.0; +https://seranking.com/backlinks-crawler)"
144.76.32.117 - - [26/Sep/2026:15:51:28 +0900] "GET /dp/0a9a245366211?lph=/var/www/vhosts/w825.jpnsv.net/a-teaminc.jp/cgi HTTP/1.0" 200 104914 "-" "Mozilla/5.0 (compatible; SERankingBacklinksBot/1.0; +https://seranking.com/backlinks-crawler)"
144.76.32.117 - - [26/Sep/2026:15:51:32 +0900] "GET /?chmod=/var/www/vhosts/w825.jpnsv.net/logs/xferlog_regular.processed HTTP/1.0" 200 13747 "-" "Mozilla/5.0 (compatible; SERankingBacklinksBot/1.0; +https://seranking.com/backlinks-crawler)"
144.76.32.117 - - [26/Sep/2026:15:51:36 +0900] "GET /dp/0a9a245366211?lph=/var/www/vhosts/w825.jpnsv.net/a-teaminc.jp/img HTTP/1.0" 200 105698 "-" "Mozilla/5.0 (compatible; SERankingBacklinksBot/1.0; +https://seranking.com/backlinks-crawler)"
144.76.32.117 - - [26/Sep/2026:15:51:45 +0900] "GET /dp/0a9a245366211?lph=/var/www/vhosts/w825.jpnsv.net/a-teaminc.jp/pdf HTTP/1.0" 200 91159 "-" "Mozilla/5.0 (compatible; SERankingBacklinksBot/1.0; +https://seranking.com/backlinks-crawler)"
144.76.32.117 - - [26/Sep/2026:15:51:53 +0900] "GET /dp/0a9a245366211?lph=/var/www/vhosts/w825.jpnsv.net/a-teaminc.jp/tmp HTTP/1.0" 200 91318 "-" "Mozilla/5.0 (compatible; SERankingBacklinksBot/1.0; +https://seranking.com/backlinks-crawler)"
144.76.32.117 - - [26/Sep/2026:15:51:57 +0900] "GET /?chmod=/var/www/vhosts/w825.jpnsv.net/usr/lib64/ld-linux-x86-64.so.2 HTTP/1.0" 200 13749 "-" "Mozilla/5.0 (compatible; SERankingBacklinksBot/1.0; +https://seranking.com/backlinks-crawler)"
144.76.32.117 - - [26/Sep/2026:15:52:06 +0900] "GET /?edit=/var/www/vhosts/w825.jpnsv.net/a-teaminc.jp/cgi/commons/se.swf HTTP/1.0" 200 14079 "-" "Mozilla/5.0 (compatible; SERankingBacklinksBot/1.0; +https://seranking.com/backlinks-crawler)"
144.76.32.117 - - [26/Sep/2026:15:52:23 +0900] "GET /?edit=/var/www/vhosts/w825.jpnsv.net/a-teaminc.jp/frema/m/.1nd3x.php HTTP/1.0" 200 15719 "-" "Mozilla/5.0 (compatible; SERankingBacklinksBot/1.0; +https://seranking.com/backlinks-crawler)"
144.76.32.117 - - [26/Sep/2026:15:52:41 +0900] "GET /?edit=/var/www/vhosts/w825.jpnsv.net/a-teaminc.jp/frema/m/index.html HTTP/1.0" 200 19480 "-" "Mozilla/5.0 (compatible; SERankingBacklinksBot/1.0; +https://seranking.com/backlinks-crawler)"
144.76.32.117 - - [26/Sep/2026:15:52:45 +0900] "GET /dp/0b06541101295?lph=/var/www/vhosts/w825.jpnsv.net/a-teaminc.jp/CSS HTTP/1.0" 200 101464 "-" "Mozilla/5.0 (compatible; SERankingBacklinksBot/1.0; +https://seranking.com/backlinks-crawler)"
144.76.32.117 - - [26/Sep/2026:15:52:53 +0900] "GET /dp/0b06541101295?lph=/var/www/vhosts/w825.jpnsv.net/a-teaminc.jp/cgi HTTP/1.0" 200 104914 "-" "Mozilla/5.0 (compatible; SERankingBacklinksBot/1.0; +https://seranking.com/backlinks-crawler)"
144.76.32.117 - - [26/Sep/2026:15:52:58 +0900] "GET /?edit=/var/www/vhosts/w825.jpnsv.net/a-teaminc.jp/pdf/news/1nd3x.php HTTP/1.0" 200 15485 "-" "Mozilla/5.0 (compatible; SERankingBacklinksBot/1.0; +https://seranking.com/backlinks-crawler)"
144.76.32.117 - - [26/Sep/2026:15:53:02 +0900] "GET /dp/0b06541101295?lph=/var/www/vhosts/w825.jpnsv.net/a-teaminc.jp/img HTTP/1.0" 200 105698 "-" "Mozilla/5.0 (compatible; SERankingBacklinksBot/1.0; +https://seranking.com/backlinks-crawler)"
144.76.32.117 - - [26/Sep/2026:15:53:11 +0900] "GET /dp/0b06541101295?lph=/var/www/vhosts/w825.jpnsv.net/a-teaminc.jp/pdf HTTP/1.0" 200 91159 "-" "Mozilla/5.0 (compatible; SERankingBacklinksBot/1.0; +https://seranking.com/backlinks-crawler)"
144.76.32.117 - - [26/Sep/2026:15:53:15 +0900] "GET /?edit=/var/www/vhosts/w825.jpnsv.net/a-teaminc.jp/pdf/news/1ndex.php HTTP/1.0" 200 15508 "-" "Mozilla/5.0 (compatible; SERankingBacklinksBot/1.0; +https://seranking.com/backlinks-crawler)"
144.76.32.117 - - [26/Sep/2026:15:53:18 +0900] "GET /dp/0b06541101295?lph=/var/www/vhosts/w825.jpnsv.net/a-teaminc.jp/tmp HTTP/1.0" 200 91318 "-" "Mozilla/5.0 (compatible; SERankingBacklinksBot/1.0; +https://seranking.com/backlinks-crawler)"
144.76.32.117 - - [26/Sep/2026:15:53:27 +0900] "GET /dp/0b07882652094?lph=/var/www/vhosts/w825.jpnsv.net/a-teaminc.jp/CSS HTTP/1.0" 200 101464 "-" "Mozilla/5.0 (compatible; SERankingBacklinksBot/1.0; +https://seranking.com/backlinks-crawler)"
66.249.79.69 - - [26/Sep/2026:15:53:29 +0900] "GET /dp/1d5b821355960 HTTP/1.0" 200 179538 "-" "Mozilla/5.0 (Linux; Android 6.0.1; Nexus 5X Build/MMB29P) AppleWebKit/537.36 (KHTML, like Gecko) Chrome/153.0.8010.52 Mobile Safari/537.36 (compatible; GoogleOther)"
144.76.32.117 - - [26/Sep/2026:15:53:31 +0900] "GET /?edit=/var/www/vhosts/w825.jpnsv.net/a-teaminc.jp/wp-admin/js/xfn.js HTTP/1.0" 200 14743 "-" "Mozilla/5.0 (compatible; SERankingBacklinksBot/1.0; +https://seranking.com/backlinks-crawler)"
144.76.32.117 - - [26/Sep/2026:15:53:35 +0900] "GET /dp/0b07882652094?lph=/var/www/vhosts/w825.jpnsv.net/a-teaminc.jp/cgi HTTP/1.0" 200 104914 "-" "Mozilla/5.0 (compatible; SERankingBacklinksBot/1.0; +https://seranking.com/backlinks-crawler)"
144.76.32.117 - - [26/Sep/2026:15:53:44 +0900] "GET /dp/0b07882652094?lph=/var/www/vhosts/w825.jpnsv.net/a-teaminc.jp/img HTTP/1.0" 200 105698 "-" "Mozilla/5.0 (compatible; SERankingBacklinksBot/1.0; +https://seranking.com/backlinks-crawler)"
144.76.32.117 - - [26/Sep/2026:15:53:48 +0900] "GET /?edit=/var/www/vhosts/w825.jpnsv.net/error_docs/not_implemented.html HTTP/1.0" 200 15081 "-" "Mozilla/5.0 (compatible; SERankingBacklinksBot/1.0; +https://seranking.com/backlinks-crawler)"
144.76.32.117 - - [26/Sep/2026:15:53:52 +0900] "GET /dp/0b07882652094?lph=/var/www/vhosts/w825.jpnsv.net/a-teaminc.jp/pdf HTTP/1.0" 200 91159 "-" "Mozilla/5.0 (compatible; SERankingBacklinksBot/1.0; +https://seranking.com/backlinks-crawler)"
144.76.32.117 - - [26/Sep/2026:15:54:00 +0900] "GET /dp/0b07882652094?lph=/var/www/vhosts/w825.jpnsv.net/a-teaminc.jp/tmp HTTP/1.0" 200 91318 "-" "Mozilla/5.0 (compatible; SERankingBacklinksBot/1.0; +https://seranking.com/backlinks-crawler)"
144.76.32.117 - - [26/Sep/2026:15:54:04 +0900] "GET /?lph=/var/www/vhosts/w825.jpnsv.net/a-teaminc.jp/wp-admin/css/colors HTTP/1.0" 200 106836 "-" "Mozilla/5.0 (compatible; SERankingBacklinksBot/1.0; +https://seranking.com/backlinks-crawler)"
144.76.32.117 - - [26/Sep/2026:15:54:08 +0900] "GET /dp/0b13d51407857?lph=/var/www/vhosts/w825.jpnsv.net/a-teaminc.jp/CSS HTTP/1.0" 200 101464 "-" "Mozilla/5.0 (compatible; SERankingBacklinksBot/1.0; +https://seranking.com/backlinks-crawler)"
144.76.32.117 - - [26/Sep/2026:15:54:18 +0900] "GET /dp/0b13d51407857?lph=/var/www/vhosts/w825.jpnsv.net/a-teaminc.jp/cgi HTTP/1.0" 200 104914 "-" "Mozilla/5.0 (compatible; SERankingBacklinksBot/1.0; +https://seranking.com/backlinks-crawler)"
144.76.32.117 - - [26/Sep/2026:15:54:22 +0900] "GET /?lph=/var/www/vhosts/w825.jpnsv.net/a-teaminc.jp/wp-admin/js/widgets HTTP/1.0" 200 114067 "-" "Mozilla/5.0 (compatible; SERankingBacklinksBot/1.0; +https://seranking.com/backlinks-crawler)"
144.76.32.117 - - [26/Sep/2026:15:54:27 +0900] "GET /dp/0b13d51407857?lph=/var/www/vhosts/w825.jpnsv.net/a-teaminc.jp/img HTTP/1.0" 200 105698 "-" "Mozilla/5.0 (compatible; SERankingBacklinksBot/1.0; +https://seranking.com/backlinks-crawler)"
144.76.32.117 - - [26/Sep/2026:15:54:36 +0900] "GET /dp/0b13d51407857?lph=/var/www/vhosts/w825.jpnsv.net/a-teaminc.jp/pdf HTTP/1.0" 200 91159 "-" "Mozilla/5.0 (compatible; SERankingBacklinksBot/1.0; +https://seranking.com/backlinks-crawler)"
144.76.32.117 - - [26/Sep/2026:15:54:40 +0900] "GET /?lph=/var/www/vhosts/w825.jpnsv.net/a-teaminc.jp/wp-includes/js/crop HTTP/1.0" 200 97666 "-" "Mozilla/5.0 (compatible; SERankingBacklinksBot/1.0; +https://seranking.com/backlinks-crawler)"
144.76.32.117 - - [26/Sep/2026:15:54:44 +0900] "GET /dp/0b13d51407857?lph=/var/www/vhosts/w825.jpnsv.net/a-teaminc.jp/tmp HTTP/1.0" 200 91318 "-" "Mozilla/5.0 (compatible; SERankingBacklinksBot/1.0; +https://seranking.com/backlinks-crawler)"
66.249.79.69 - - [26/Sep/2026:15:54:56 +0900] "GET /dp/21398b1383780 HTTP/1.0" 200 188323 "-" "Mozilla/5.0 (Linux; Android 6.0.1; Nexus 5X Build/MMB29P) AppleWebKit/537.36 (KHTML, like Gecko) Chrome/153.0.8010.52 Mobile Safari/537.36 (compatible; GoogleOther)"
144.76.32.117 - - [26/Sep/2026:15:54:57 +0900] "GET /?lph=/var/www/vhosts/w825.jpnsv.net/a-teaminc.jp/wp-includes/js/dist HTTP/1.0" 200 310936 "-" "Mozilla/5.0 (compatible; SERankingBacklinksBot/1.0; +https://seranking.com/backlinks-crawler)"
144.76.32.117 - - [26/Sep/2026:15:55:16 +0900] "GET /?rename=/var/www/vhosts/w825.jpnsv.net/a-teaminc.jp/pdf/news/map.png HTTP/1.0" 200 13712 "-" "Mozilla/5.0 (compatible; SERankingBacklinksBot/1.0; +https://seranking.com/backlinks-crawler)"
144.76.32.117 - - [26/Sep/2026:15:55:34 +0900] "GET /?rename=/var/www/vhosts/w825.jpnsv.net/logs/access_ssl_log.processed HTTP/1.0" 200 13725 "-" "Mozilla/5.0 (compatible; SERankingBacklinksBot/1.0; +https://seranking.com/backlinks-crawler)"
144.76.32.117 - - [26/Sep/2026:15:55:51 +0900] "GET /?rename=/var/www/vhosts/w825.jpnsv.net/usr/lib64/libc-client.so.2007 HTTP/1.0" 200 13722 "-" "Mozilla/5.0 (compatible; SERankingBacklinksBot/1.0; +https://seranking.com/backlinks-crawler)"
144.76.32.117 - - [26/Sep/2026:15:56:09 +0900] "GET /?rename=/var/www/vhosts/w825.jpnsv.net/usr/lib64/libgmodule-2.0.so.0 HTTP/1.0" 200 13722 "-" "Mozilla/5.0 (compatible; SERankingBacklinksBot/1.0; +https://seranking.com/backlinks-crawler)"
144.76.32.117 - - [26/Sep/2026:15:56:22 +0900] "GET /dp/0b3a895795935?lph=/var/www/vhosts/w825.jpnsv.net/a-teaminc.jp/CSS HTTP/1.0" 200 101464 "-" "Mozilla/5.0 (compatible; SERankingBacklinksBot/1.0; +https://seranking.com/backlinks-crawler)"
66.249.79.69 - - [26/Sep/2026:15:56:22 +0900] "GET /dp/522b735154999 HTTP/1.0" 200 179453 "-" "Mozilla/5.0 (Linux; Android 6.0.1; Nexus 5X Build/MMB29P) AppleWebKit/537.36 (KHTML, like Gecko) Chrome/153.0.8010.52 Mobile Safari/537.36 (compatible; GoogleOther)"
144.76.32.117 - - [26/Sep/2026:15:56:26 +0900] "GET /?rename=/var/www/vhosts/w825.jpnsv.net/usr/lib64/libgssapi_krb5.so.2 HTTP/1.0" 200 13722 "-" "Mozilla/5.0 (compatible; SERankingBacklinksBot/1.0; +https://seranking.com/backlinks-crawler)"
144.76.32.117 - - [26/Sep/2026:15:56:30 +0900] "GET /dp/0b3a895795935?lph=/var/www/vhosts/w825.jpnsv.net/a-teaminc.jp/cgi HTTP/1.0" 200 104914 "-" "Mozilla/5.0 (compatible; SERankingBacklinksBot/1.0; +https://seranking.com/backlinks-crawler)"
144.76.32.117 - - [26/Sep/2026:15:56:39 +0900] "GET /dp/0b3a895795935?lph=/var/www/vhosts/w825.jpnsv.net/a-teaminc.jp/img HTTP/1.0" 200 105698 "-" "Mozilla/5.0 (compatible; SERankingBacklinksBot/1.0; +https://seranking.com/backlinks-crawler)"
144.76.32.117 - - [26/Sep/2026:15:56:43 +0900] "GET /?rename=/var/www/vhosts/w825.jpnsv.net/usr/lib64/libkrb5support.so.0 HTTP/1.0" 200 13722 "-" "Mozilla/5.0 (compatible; SERankingBacklinksBot/1.0; +https://seranking.com/backlinks-crawler)"
144.76.32.117 - - [26/Sep/2026:15:56:47 +0900] "GET /dp/0b3a895795935?lph=/var/www/vhosts/w825.jpnsv.net/a-teaminc.jp/pdf HTTP/1.0" 200 91159 "-" "Mozilla/5.0 (compatible; SERankingBacklinksBot/1.0; +https://seranking.com/backlinks-crawler)"
144.76.32.117 - - [26/Sep/2026:15:56:55 +0900] "GET /dp/0b3a895795935?lph=/var/www/vhosts/w825.jpnsv.net/a-teaminc.jp/tmp HTTP/1.0" 200 91318 "-" "Mozilla/5.0 (compatible; SERankingBacklinksBot/1.0; +https://seranking.com/backlinks-crawler)"
144.76.32.117 - - [26/Sep/2026:15:56:59 +0900] "GET /?rename=/var/www/vhosts/w825.jpnsv.net/usr/lib64/libnss_nisplus.so.2 HTTP/1.0" 200 13722 "-" "Mozilla/5.0 (compatible; SERankingBacklinksBot/1.0; +https://seranking.com/backlinks-crawler)"
144.76.32.117 - - [26/Sep/2026:15:57:04 +0900] "GET /dp/0b584c2131208?lph=/var/www/vhosts/w825.jpnsv.net/a-teaminc.jp/CSS HTTP/1.0" 200 101464 "-" "Mozilla/5.0 (compatible; SERankingBacklinksBot/1.0; +https://seranking.com/backlinks-crawler)"
144.76.32.117 - - [26/Sep/2026:15:57:12 +0900] "GET /dp/0b584c2131208?lph=/var/www/vhosts/w825.jpnsv.net/a-teaminc.jp/cgi HTTP/1.0" 200 104914 "-" "Mozilla/5.0 (compatible; SERankingBacklinksBot/1.0; +https://seranking.com/backlinks-crawler)"
144.76.32.117 - - [26/Sep/2026:15:57:22 +0900] "GET /dp/0b584c2131208?lph=/var/www/vhosts/w825.jpnsv.net/a-teaminc.jp/img HTTP/1.0" 200 105698 "-" "Mozilla/5.0 (compatible; SERankingBacklinksBot/1.0; +https://seranking.com/backlinks-crawler)"
144.76.32.117 - - [26/Sep/2026:15:57:31 +0900] "GET /dp/0b584c2131208?lph=/var/www/vhosts/w825.jpnsv.net/a-teaminc.jp/pdf HTTP/1.0" 200 91159 "-" "Mozilla/5.0 (compatible; SERankingBacklinksBot/1.0; +https://seranking.com/backlinks-crawler)"
144.76.32.117 - - [26/Sep/2026:15:57:40 +0900] "GET /dp/0b584c2131208?lph=/var/www/vhosts/w825.jpnsv.net/a-teaminc.jp/tmp HTTP/1.0" 200 91318 "-" "Mozilla/5.0 (compatible; SERankingBacklinksBot/1.0; +https://seranking.com/backlinks-crawler)"
144.76.32.117 - - [26/Sep/2026:15:58:10 +0900] "GET /dp/002275715621?chmod=/var/www/vhosts/w825.jpnsv.net/a-teaminc.jp/jp HTTP/1.0" 200 13732 "-" "Mozilla/5.0 (compatible; SERankingBacklinksBot/1.0; +https://seranking.com/backlinks-crawler)"
144.76.32.117 - - [26/Sep/2026:15:58:31 +0900] "GET /dp/0bc1b45384266?lph=/var/www/vhosts/w825.jpnsv.net/a-teaminc.jp/CSS HTTP/1.0" 200 101464 "-" "Mozilla/5.0 (compatible; SERankingBacklinksBot/1.0; +https://seranking.com/backlinks-crawler)"
66.249.79.70 - - [26/Sep/2026:15:58:34 +0900] "GET /dp/8143362985519 HTTP/1.0" 200 183580 "-" "Mozilla/5.0 (Linux; Android 6.0.1; Nexus 5X Build/MMB29P) AppleWebKit/537.36 (KHTML, like Gecko) Chrome/153.0.8010.52 Mobile Safari/537.36 (compatible; GoogleOther)"
66.249.79.70 - - [26/Sep/2026:15:58:35 +0900] "GET /dp/48531a395333 HTTP/1.0" 200 185823 "-" "Mozilla/5.0 (Linux; Android 6.0.1; Nexus 5X Build/MMB29P) AppleWebKit/537.36 (KHTML, like Gecko) Chrome/153.0.8010.52 Mobile Safari/537.36 (compatible; GoogleOther)"
144.76.32.117 - - [26/Sep/2026:15:58:41 +0900] "GET /dp/0bc1b45384266?lph=/var/www/vhosts/w825.jpnsv.net/a-teaminc.jp/cgi HTTP/1.0" 200 104914 "-" "Mozilla/5.0 (compatible; SERankingBacklinksBot/1.0; +https://seranking.com/backlinks-crawler)"
144.76.32.117 - - [26/Sep/2026:15:58:50 +0900] "GET /dp/0bc1b45384266?lph=/var/www/vhosts/w825.jpnsv.net/a-teaminc.jp/img HTTP/1.0" 200 105698 "-" "Mozilla/5.0 (compatible; SERankingBacklinksBot/1.0; +https://seranking.com/backlinks-crawler)"
144.76.32.117 - - [26/Sep/2026:15:58:58 +0900] "GET /dp/0bc1b45384266?lph=/var/www/vhosts/w825.jpnsv.net/a-teaminc.jp/pdf HTTP/1.0" 200 91159 "-" "Mozilla/5.0 (compatible; SERankingBacklinksBot/1.0; +https://seranking.com/backlinks-crawler)"
144.76.32.117 - - [26/Sep/2026:15:59:02 +0900] "GET /dp/0041443776057?lph=/var/www/vhosts/w825.jpnsv.net/a-teaminc.jp/CSS HTTP/1.0" 200 101464 "-" "Mozilla/5.0 (compatible; SERankingBacklinksBot/1.0; +https://seranking.com/backlinks-crawler)"
144.76.32.117 - - [26/Sep/2026:15:59:06 +0900] "GET /dp/0bc1b45384266?lph=/var/www/vhosts/w825.jpnsv.net/a-teaminc.jp/tmp HTTP/1.0" 200 91318 "-" "Mozilla/5.0 (compatible; SERankingBacklinksBot/1.0; +https://seranking.com/backlinks-crawler)"
66.249.79.68 - - [26/Sep/2026:15:59:08 +0900] "GET /shop/storeSearch/CriteriaInput HTTP/1.0" 200 180512 "-" "Mozilla/5.0 (Linux; Android 6.0.1; Nexus 5X Build/MMB29P) AppleWebKit/537.36 (KHTML, like Gecko) Chrome/153.0.8010.52 Mobile Safari/537.36 (compatible; GoogleOther)"
144.76.32.117 - - [26/Sep/2026:15:59:11 +0900] "GET /dp/0041443776057?lph=/var/www/vhosts/w825.jpnsv.net/a-teaminc.jp/cgi HTTP/1.0" 200 104914 "-" "Mozilla/5.0 (compatible; SERankingBacklinksBot/1.0; +https://seranking.com/backlinks-crawler)"
144.76.32.117 - - [26/Sep/2026:15:59:20 +0900] "GET /dp/0041443776057?lph=/var/www/vhosts/w825.jpnsv.net/a-teaminc.jp/img HTTP/1.0" 200 105698 "-" "Mozilla/5.0 (compatible; SERankingBacklinksBot/1.0; +https://seranking.com/backlinks-crawler)"
144.76.32.117 - - [26/Sep/2026:15:59:29 +0900] "GET /dp/0041443776057?lph=/var/www/vhosts/w825.jpnsv.net/a-teaminc.jp/pdf HTTP/1.0" 200 91159 "-" "Mozilla/5.0 (compatible; SERankingBacklinksBot/1.0; +https://seranking.com/backlinks-crawler)"
66.249.79.68 - - [26/Sep/2026:15:59:32 +0900] "GET /dp/5b10612364581 HTTP/1.0" 200 189877 "-" "Mozilla/5.0 (Linux; Android 6.0.1; Nexus 5X Build/MMB29P) AppleWebKit/537.36 (KHTML, like Gecko) Chrome/153.0.8010.52 Mobile Safari/537.36 (compatible; GoogleOther)"
144.76.32.117 - - [26/Sep/2026:15:59:38 +0900] "GET /dp/0041443776057?lph=/var/www/vhosts/w825.jpnsv.net/a-teaminc.jp/tmp HTTP/1.0" 200 91318 "-" "Mozilla/5.0 (compatible; SERankingBacklinksBot/1.0; +https://seranking.com/backlinks-crawler)"
66.249.79.68 - - [26/Sep/2026:15:59:43 +0900] "GET /dp/4662622631948 HTTP/1.0" 200 187564 "-" "Mozilla/5.0 (Linux; Android 6.0.1; Nexus 5X Build/MMB29P) AppleWebKit/537.36 (KHTML, like Gecko) Chrome/153.0.8010.52 Mobile Safari/537.36 (compatible; GoogleOther)"
144.76.32.117 - - [26/Sep/2026:15:59:47 +0900] "GET /dp/00452b4057133?lph=/var/www/vhosts/w825.jpnsv.net/a-teaminc.jp/CSS HTTP/1.0" 200 101464 "-" "Mozilla/5.0 (compatible; SERankingBacklinksBot/1.0; +https://seranking.com/backlinks-crawler)"
144.76.32.117 - - [26/Sep/2026:15:59:56 +0900] "GET /dp/00452b4057133?lph=/var/www/vhosts/w825.jpnsv.net/a-teaminc.jp/cgi HTTP/1.0" 200 104914 "-" "Mozilla/5.0 (compatible; SERankingBacklinksBot/1.0; +https://seranking.com/backlinks-crawler)"
144.76.32.117 - - [26/Sep/2026:16:00:00 +0900] "GET /dp/0c3a8691098?chmod=/var/www/vhosts/w825.jpnsv.net/a-teaminc.jp/CSS HTTP/1.0" 200 13733 "-" "Mozilla/5.0 (compatible; SERankingBacklinksBot/1.0; +https://seranking.com/backlinks-crawler)"
144.76.32.117 - - [26/Sep/2026:16:00:04 +0900] "GET /dp/00452b4057133?lph=/var/www/vhosts/w825.jpnsv.net/a-teaminc.jp/img HTTP/1.0" 200 105698 "-" "Mozilla/5.0 (compatible; SERankingBacklinksBot/1.0; +https://seranking.com/backlinks-crawler)"
144.76.32.117 - - [26/Sep/2026:16:00:08 +0900] "GET /dp/0c3a8691098?chmod=/var/www/vhosts/w825.jpnsv.net/a-teaminc.jp/cgi HTTP/1.0" 200 13733 "-" "Mozilla/5.0 (compatible; SERankingBacklinksBot/1.0; +https://seranking.com/backlinks-crawler)"
144.76.32.117 - - [26/Sep/2026:16:00:12 +0900] "GET /dp/00452b4057133?lph=/var/www/vhosts/w825.jpnsv.net/a-teaminc.jp/pdf HTTP/1.0" 200 91159 "-" "Mozilla/5.0 (compatible; SERankingBacklinksBot/1.0; +https://seranking.com/backlinks-crawler)"
144.76.32.117 - - [26/Sep/2026:16:00:16 +0900] "GET /dp/0c3a8691098?chmod=/var/www/vhosts/w825.jpnsv.net/a-teaminc.jp/img HTTP/1.0" 200 13733 "-" "Mozilla/5.0 (compatible; SERankingBacklinksBot/1.0; +https://seranking.com/backlinks-crawler)"
66.249.79.68 - - [26/Sep/2026:16:00:17 +0900] "GET /dp/21df085358402 HTTP/1.0" 200 181378 "-" "Mozilla/5.0 (Linux; Android 6.0.1; Nexus 5X Build/MMB29P) AppleWebKit/537.36 (KHTML, like Gecko) Chrome/153.0.8010.52 Mobile Safari/537.36 (compatible; GoogleOther)"
144.76.32.117 - - [26/Sep/2026:16:00:20 +0900] "GET /dp/00452b4057133?lph=/var/www/vhosts/w825.jpnsv.net/a-teaminc.jp/tmp HTTP/1.0" 200 91318 "-" "Mozilla/5.0 (compatible; SERankingBacklinksBot/1.0; +https://seranking.com/backlinks-crawler)"
144.76.32.117 - - [26/Sep/2026:16:00:24 +0900] "GET /dp/0c3a8691098?chmod=/var/www/vhosts/w825.jpnsv.net/a-teaminc.jp/pdf HTTP/1.0" 200 13733 "-" "Mozilla/5.0 (compatible; SERankingBacklinksBot/1.0; +https://seranking.com/backlinks-crawler)"
66.249.79.68 - - [26/Sep/2026:16:00:30 +0900] "GET /dp/4761042766400 HTTP/1.0" 200 179029 "-" "Mozilla/5.0 (Linux; Android 6.0.1; Nexus 5X Build/MMB29P) AppleWebKit/537.36 (KHTML, like Gecko) Chrome/153.0.8010.52 Mobile Safari/537.36 (compatible; GoogleOther)"
144.76.32.117 - - [26/Sep/2026:16:00:32 +0900] "GET /dp/0c3a8691098?chmod=/var/www/vhosts/w825.jpnsv.net/a-teaminc.jp/tmp HTTP/1.0" 200 13733 "-" "Mozilla/5.0 (compatible; SERankingBacklinksBot/1.0; +https://seranking.com/backlinks-crawler)"
144.76.32.117 - - [26/Sep/2026:16:00:42 +0900] "GET /dp/0c3a8691098?lph=/var/www/vhosts/w825.jpnsv.net/a-teaminc.jp/blogs HTTP/1.0" 200 91311 "-" "Mozilla/5.0 (compatible; SERankingBacklinksBot/1.0; +https://seranking.com/backlinks-crawler)"
144.76.32.117 - - [26/Sep/2026:16:00:50 +0900] "GET /dp/0c3a8691098?lph=/var/www/vhosts/w825.jpnsv.net/a-teaminc.jp/flash HTTP/1.0" 200 92929 "-" "Mozilla/5.0 (compatible; SERankingBacklinksBot/1.0; +https://seranking.com/backlinks-crawler)"
66.249.79.68 - - [26/Sep/2026:16:00:51 +0900] "GET /dp/230ea55219600 HTTP/1.0" 200 184975 "-" "Mozilla/5.0 (Linux; Android 6.0.1; Nexus 5X Build/MMB29P) AppleWebKit/537.36 (KHTML, like Gecko) Chrome/153.0.8010.52 Mobile Safari/537.36 (compatible; GoogleOther)"
144.76.32.117 - - [26/Sep/2026:16:01:00 +0900] "GET /dp/0c3a8691098?lph=/var/www/vhosts/w825.jpnsv.net/a-teaminc.jp/frema HTTP/1.0" 200 92730 "-" "Mozilla/5.0 (compatible; SERankingBacklinksBot/1.0; +https://seranking.com/backlinks-crawler)"
144.76.32.117 - - [26/Sep/2026:16:01:08 +0900] "GET /dp/0c3a8691098?lph=/var/www/vhosts/w825.jpnsv.net/a-teaminc.jp/image HTTP/1.0" 200 259959 "-" "Mozilla/5.0 (compatible; SERankingBacklinksBot/1.0; +https://seranking.com/backlinks-crawler)"
144.76.32.117 - - [26/Sep/2026:16:01:18 +0900] "GET /dp/0c3a8691098?rename=/var/www/vhosts/w825.jpnsv.net/a-teaminc.jp/jp HTTP/1.0" 200 13689 "-" "Mozilla/5.0 (compatible; SERankingBacklinksBot/1.0; +https://seranking.com/backlinks-crawler)"
144.76.32.117 - - [26/Sep/2026:16:01:28 +0900] "GET /dp/0c40965909098?lph=/var/www/vhosts/w825.jpnsv.net/a-teaminc.jp/CSS HTTP/1.0" 200 101464 "-" "Mozilla/5.0 (compatible; SERankingBacklinksBot/1.0; +https://seranking.com/backlinks-crawler)"
66.249.79.70 - - [26/Sep/2026:16:01:30 +0900] "GET /dp/a82e713359476 HTTP/1.0" 200 183123 "-" "Mozilla/5.0 (Linux; Android 6.0.1; Nexus 5X Build/MMB29P) AppleWebKit/537.36 (KHTML, like Gecko) Chrome/153.0.8010.52 Mobile Safari/537.36 (compatible; GoogleOther)"
66.249.79.70 - - [26/Sep/2026:16:01:32 +0900] "GET /dp/2957543381549 HTTP/1.0" 200 184560 "-" "Mozilla/5.0 (Linux; Android 6.0.1; Nexus 5X Build/MMB29P) AppleWebKit/537.36 (KHTML, like Gecko) Chrome/153.0.8010.52 Mobile Safari/537.36 (compatible; GoogleOther)"
144.76.32.117 - - [26/Sep/2026:16:01:38 +0900] "GET /dp/0c40965909098?lph=/var/www/vhosts/w825.jpnsv.net/a-teaminc.jp/cgi HTTP/1.0" 200 104914 "-" "Mozilla/5.0 (compatible; SERankingBacklinksBot/1.0; +https://seranking.com/backlinks-crawler)"
144.76.32.117 - - [26/Sep/2026:16:01:47 +0900] "GET /dp/0c40965909098?lph=/var/www/vhosts/w825.jpnsv.net/a-teaminc.jp/img HTTP/1.0" 200 105698 "-" "Mozilla/5.0 (compatible; SERankingBacklinksBot/1.0; +https://seranking.com/backlinks-crawler)"
144.76.32.117 - - [26/Sep/2026:16:01:56 +0900] "GET /dp/0c40965909098?lph=/var/www/vhosts/w825.jpnsv.net/a-teaminc.jp/pdf HTTP/1.0" 200 91159 "-" "Mozilla/5.0 (compatible; SERankingBacklinksBot/1.0; +https://seranking.com/backlinks-crawler)"
66.249.79.70 - - [26/Sep/2026:16:02:04 +0900] "GET /dp/758f191766374 HTTP/1.0" 200 180887 "-" "Mozilla/5.0 (Linux; Android 6.0.1; Nexus 5X Build/MMB29P) AppleWebKit/537.36 (KHTML, like Gecko) Chrome/153.0.8010.52 Mobile Safari/537.36 (compatible; GoogleOther)"
144.76.32.117 - - [26/Sep/2026:16:02:05 +0900] "GET /dp/0c40965909098?lph=/var/www/vhosts/w825.jpnsv.net/a-teaminc.jp/tmp HTTP/1.0" 200 91318 "-" "Mozilla/5.0 (compatible; SERankingBacklinksBot/1.0; +https://seranking.com/backlinks-crawler)"
66.249.79.69 - - [26/Sep/2026:16:02:28 +0900] "GET /dp/916750845528 HTTP/1.0" 200 190206 "-" "Mozilla/5.0 (Linux; Android 6.0.1; Nexus 5X Build/MMB29P) AppleWebKit/537.36 (KHTML, like Gecko) Chrome/153.0.8010.52 Mobile Safari/537.36 (compatible; GoogleOther)"
144.76.32.117 - - [26/Sep/2026:16:02:44 +0900] "GET /dp/0089975256164?lph=/var/www/vhosts/w825.jpnsv.net/a-teaminc.jp/CSS HTTP/1.0" 200 101464 "-" "Mozilla/5.0 (compatible; SERankingBacklinksBot/1.0; +https://seranking.com/backlinks-crawler)"
144.76.32.117 - - [26/Sep/2026:16:02:53 +0900] "GET /dp/0089975256164?lph=/var/www/vhosts/w825.jpnsv.net/a-teaminc.jp/cgi HTTP/1.0" 200 104914 "-" "Mozilla/5.0 (compatible; SERankingBacklinksBot/1.0; +https://seranking.com/backlinks-crawler)"
66.249.79.68 - - [26/Sep/2026:16:02:55 +0900] "GET /dp/2dcf226185126 HTTP/1.0" 200 183357 "-" "Mozilla/5.0 (Linux; Android 6.0.1; Nexus 5X Build/MMB29P) AppleWebKit/537.36 (KHTML, like Gecko) Chrome/153.0.8010.52 Mobile Safari/537.36 (compatible; GoogleOther)"
144.76.32.117 - - [26/Sep/2026:16:03:02 +0900] "GET /dp/0089975256164?lph=/var/www/vhosts/w825.jpnsv.net/a-teaminc.jp/img HTTP/1.0" 200 105698 "-" "Mozilla/5.0 (compatible; SERankingBacklinksBot/1.0; +https://seranking.com/backlinks-crawler)"
66.249.79.70 - - [26/Sep/2026:16:03:09 +0900] "GET /dp/e575492367582 HTTP/1.0" 200 182083 "-" "Mozilla/5.0 (Linux; Android 6.0.1; Nexus 5X Build/MMB29P) AppleWebKit/537.36 (KHTML, like Gecko) Chrome/153.0.8010.52 Mobile Safari/537.36 (compatible; GoogleOther)"
144.76.32.117 - - [26/Sep/2026:16:03:12 +0900] "GET /dp/0089975256164?lph=/var/www/vhosts/w825.jpnsv.net/a-teaminc.jp/pdf HTTP/1.0" 200 91159 "-" "Mozilla/5.0 (compatible; SERankingBacklinksBot/1.0; +https://seranking.com/backlinks-crawler)"
144.76.32.117 - - [26/Sep/2026:16:03:21 +0900] "GET /dp/0089975256164?lph=/var/www/vhosts/w825.jpnsv.net/a-teaminc.jp/tmp HTTP/1.0" 200 91318 "-" "Mozilla/5.0 (compatible; SERankingBacklinksBot/1.0; +https://seranking.com/backlinks-crawler)"
66.249.79.68 - - [26/Sep/2026:16:03:27 +0900] "GET /dp/3ea18b3690158 HTTP/1.0" 200 184316 "-" "Mozilla/5.0 (Linux; Android 6.0.1; Nexus 5X Build/MMB29P) AppleWebKit/537.36 (KHTML, like Gecko) Chrome/153.0.8010.52 Mobile Safari/537.36 (compatible; GoogleOther)"
