66.249.73.162 - - [26/Sep/2026:23:10:08 +0900] "GET /dp/833d1a5381095 HTTP/1.0" 200 178573 "-" "Mozilla/5.0 (Linux; Android 6.0.1; Nexus 5X Build/MMB29P) AppleWebKit/537.36 (KHTML, like Gecko) Chrome/153.0.8010.52 Mobile Safari/537.36 (compatible; Googlebot/2.1; +http://www.google.com/bot.html)"
66.249.73.162 - - [26/Sep/2026:23:10:25 +0900] "GET /dp/1001a11127620 HTTP/1.0" 503 1167 "-" "Mozilla/5.0 (Linux; Android 6.0.1; Nexus 5X Build/MMB29P) AppleWebKit/537.36 (KHTML, like Gecko) Chrome/153.0.8010.52 Mobile Safari/537.36 (compatible; Googlebot/2.1; +http://www.google.com/bot.html)"
66.249.73.162 - - [26/Sep/2026:23:10:42 +0900] "GET /dp/f572363850618 HTTP/1.0" 503 1167 "-" "Mozilla/5.0 (Linux; Android 6.0.1; Nexus 5X Build/MMB29P) AppleWebKit/537.36 (KHTML, like Gecko) Chrome/153.0.8010.52 Mobile Safari/537.36 (compatible; GoogleOther)"
66.249.73.162 - - [26/Sep/2026:23:11:45 +0900] "GET /dp/7b7d0a3191787 HTTP/1.0" 200 182251 "-" "Mozilla/5.0 (Linux; Android 6.0.1; Nexus 5X Build/MMB29P) AppleWebKit/537.36 (KHTML, like Gecko) Chrome/153.0.8010.52 Mobile Safari/537.36 (compatible; Googlebot/2.1; +http://www.google.com/bot.html)"
66.249.73.162 - - [26/Sep/2026:23:11:29 +0900] "GET /dp/26f6034993473 HTTP/1.0" 200 180409 "-" "Mozilla/5.0 (Linux; Android 6.0.1; Nexus 5X Build/MMB29P) AppleWebKit/537.36 (KHTML, like Gecko) Chrome/153.0.8010.52 Mobile Safari/537.36 (compatible; Googlebot/2.1; +http://www.google.com/bot.html)"
66.249.73.162 - - [26/Sep/2026:23:11:48 +0900] "GET /dp/0112202898266 HTTP/1.0" 200 191460 "-" "Mozilla/5.0 (Linux; Android 6.0.1; Nexus 5X Build/MMB29P) AppleWebKit/537.36 (KHTML, like Gecko) Chrome/153.0.8010.52 Mobile Safari/537.36 (compatible; Googlebot/2.1; +http://www.google.com/bot.html)"
66.249.73.162 - - [26/Sep/2026:23:11:50 +0900] "GET /dp/1d9de44778733 HTTP/1.0" 200 175706 "-" "Mozilla/5.0 (Linux; Android 6.0.1; Nexus 5X Build/MMB29P) AppleWebKit/537.36 (KHTML, like Gecko) Chrome/153.0.8010.52 Mobile Safari/537.36 (compatible; Googlebot/2.1; +http://www.google.com/bot.html)"
66.249.73.162 - - [26/Sep/2026:23:11:51 +0900] "GET /dp/5f08284356434 HTTP/1.0" 200 182497 "-" "Mozilla/5.0 (Linux; Android 6.0.1; Nexus 5X Build/MMB29P) AppleWebKit/537.36 (KHTML, like Gecko) Chrome/153.0.8010.52 Mobile Safari/537.36 (compatible; GoogleOther)"
66.249.73.162 - - [26/Sep/2026:23:11:54 +0900] "GET /dp/2743b13011477 HTTP/1.0" 200 184038 "-" "Mozilla/5.0 (Linux; Android 6.0.1; Nexus 5X Build/MMB29P) AppleWebKit/537.36 (KHTML, like Gecko) Chrome/153.0.8010.52 Mobile Safari/537.36 (compatible; Googlebot/2.1; +http://www.google.com/bot.html)"
43.131.36.84 - - [26/Sep/2026:23:11:54 +0900] "GET /?rename=%2Fvar%2Fwww%2Fvhosts%2Fw825.jpnsv.net%2Fa-teaminc.jp%2Ftmp HTTP/1.0" 200 13691 "-" "Mozilla/5.0 (iPhone; CPU iPhone OS 13_2_3 like Mac OS X) AppleWebKit/605.1.15 (KHTML, like Gecko) Version/13.0.3 Mobile/15E148 Safari/604.1"
66.249.73.162 - - [26/Sep/2026:23:12:11 +0900] "GET /dp/a8c5692715965 HTTP/1.0" 200 181762 "-" "Mozilla/5.0 (Linux; Android 6.0.1; Nexus 5X Build/MMB29P) AppleWebKit/537.36 (KHTML, like Gecko) Chrome/153.0.8010.52 Mobile Safari/537.36 (compatible; Googlebot/2.1; +http://www.google.com/bot.html)"
66.249.73.162 - - [26/Sep/2026:23:12:29 +0900] "GET /dp/2f4ea54309387 HTTP/1.0" 200 180268 "-" "Mozilla/5.0 (Linux; Android 6.0.1; Nexus 5X Build/MMB29P) AppleWebKit/537.36 (KHTML, like Gecko) Chrome/153.0.8010.52 Mobile Safari/537.36 (compatible; Googlebot/2.1; +http://www.google.com/bot.html)"
66.249.73.163 - - [26/Sep/2026:23:12:32 +0900] "GET /dp/7843fe1101230 HTTP/1.0" 200 188731 "-" "Mozilla/5.0 (Linux; Android 6.0.1; Nexus 5X Build/MMB29P) AppleWebKit/537.36 (KHTML, like Gecko) Chrome/153.0.8010.52 Mobile Safari/537.36 (compatible; GoogleOther)"
66.249.73.162 - - [26/Sep/2026:23:12:47 +0900] "GET /dp/64e9eb3998501 HTTP/1.0" 200 182463 "-" "Mozilla/5.0 (Linux; Android 6.0.1; Nexus 5X Build/MMB29P) AppleWebKit/537.36 (KHTML, like Gecko) Chrome/153.0.8010.52 Mobile Safari/537.36 (compatible; Googlebot/2.1; +http://www.google.com/bot.html)"
66.249.73.164 - - [26/Sep/2026:23:13:04 +0900] "GET /dp/f795f34699664 HTTP/1.0" 200 180461 "-" "Mozilla/5.0 (Linux; Android 6.0.1; Nexus 5X Build/MMB29P) AppleWebKit/537.36 (KHTML, like Gecko) Chrome/153.0.8010.52 Mobile Safari/537.36 (compatible; Googlebot/2.1; +http://www.google.com/bot.html)"
66.249.73.163 - - [26/Sep/2026:23:13:08 +0900] "GET /dp/e439285904225 HTTP/1.0" 200 181196 "-" "Mozilla/5.0 (Linux; Android 6.0.1; Nexus 5X Build/MMB29P) AppleWebKit/537.36 (KHTML, like Gecko) Chrome/153.0.8010.52 Mobile Safari/537.36 (compatible; GoogleOther)"
66.249.73.163 - - [26/Sep/2026:23:13:22 +0900] "GET /dp/04774f4049725 HTTP/1.0" 200 180728 "-" "Mozilla/5.0 (Linux; Android 6.0.1; Nexus 5X Build/MMB29P) AppleWebKit/537.36 (KHTML, like Gecko) Chrome/153.0.8010.52 Mobile Safari/537.36 (compatible; Googlebot/2.1; +http://www.google.com/bot.html)"
66.249.73.162 - - [26/Sep/2026:23:13:39 +0900] "GET /dp/31648d6491619 HTTP/1.0" 200 190197 "-" "Mozilla/5.0 (Linux; Android 6.0.1; Nexus 5X Build/MMB29P) AppleWebKit/537.36 (KHTML, like Gecko) Chrome/153.0.8010.52 Mobile Safari/537.36 (compatible; Googlebot/2.1; +http://www.google.com/bot.html)"
66.249.73.162 - - [26/Sep/2026:23:13:43 +0900] "GET /dp/e61490790307 HTTP/1.0" 200 177471 "-" "Mozilla/5.0 (Linux; Android 6.0.1; Nexus 5X Build/MMB29P) AppleWebKit/537.36 (KHTML, like Gecko) Chrome/153.0.8010.52 Mobile Safari/537.36 (compatible; GoogleOther)"
66.249.73.162 - - [26/Sep/2026:23:13:57 +0900] "GET /dp/3767325323895 HTTP/1.0" 200 181357 "-" "Mozilla/5.0 (Linux; Android 6.0.1; Nexus 5X Build/MMB29P) AppleWebKit/537.36 (KHTML, like Gecko) Chrome/153.0.8010.52 Mobile Safari/537.36 (compatible; Googlebot/2.1; +http://www.google.com/bot.html)"
66.249.73.162 - - [26/Sep/2026:23:14:13 +0900] "GET /dp/d2461f4688094 HTTP/1.0" 200 185786 "-" "Mozilla/5.0 (Linux; Android 6.0.1; Nexus 5X Build/MMB29P) AppleWebKit/537.36 (KHTML, like Gecko) Chrome/153.0.8010.52 Mobile Safari/537.36 (compatible; GoogleOther)"
66.249.73.162 - - [26/Sep/2026:23:14:16 +0900] "GET /dp/e48b3a5831834 HTTP/1.0" 200 182313 "-" "Mozilla/5.0 (Linux; Android 6.0.1; Nexus 5X Build/MMB29P) AppleWebKit/537.36 (KHTML, like Gecko) Chrome/153.0.8010.52 Mobile Safari/537.36 (compatible; Googlebot/2.1; +http://www.google.com/bot.html)"
66.249.73.162 - - [26/Sep/2026:23:14:32 +0900] "GET /dp/3d82652721563 HTTP/1.0" 200 181289 "-" "Mozilla/5.0 (Linux; Android 6.0.1; Nexus 5X Build/MMB29P) AppleWebKit/537.36 (KHTML, like Gecko) Chrome/153.0.8010.52 Mobile Safari/537.36 (compatible; Googlebot/2.1; +http://www.google.com/bot.html)"
66.249.73.162 - - [26/Sep/2026:23:14:50 +0900] "GET /dp/4a35082908881 HTTP/1.0" 200 185216 "-" "Mozilla/5.0 (Linux; Android 6.0.1; Nexus 5X Build/MMB29P) AppleWebKit/537.36 (KHTML, like Gecko) Chrome/153.0.8010.52 Mobile Safari/537.36 (compatible; Googlebot/2.1; +http://www.google.com/bot.html)"
66.249.73.162 - - [26/Sep/2026:23:14:40 +0900] "GET /dp/2e37f8412191 HTTP/1.0" 200 182226 "-" "Mozilla/5.0 (Linux; Android 6.0.1; Nexus 5X Build/MMB29P) AppleWebKit/537.36 (KHTML, like Gecko) Chrome/153.0.8010.52 Mobile Safari/537.36 (compatible; GoogleOther)"
66.249.73.162 - - [26/Sep/2026:23:15:08 +0900] "GET /dp/d2461f4688094 HTTP/1.0" 200 185786 "-" "Mozilla/5.0 (Linux; Android 6.0.1; Nexus 5X Build/MMB29P) AppleWebKit/537.36 (KHTML, like Gecko) Chrome/153.0.8010.52 Mobile Safari/537.36 (compatible; Googlebot/2.1; +http://www.google.com/bot.html)"
66.249.73.162 - - [26/Sep/2026:23:15:12 +0900] "GET /dp/6fcb253762788 HTTP/1.0" 200 182459 "-" "Mozilla/5.0 (Linux; Android 6.0.1; Nexus 5X Build/MMB29P) AppleWebKit/537.36 (KHTML, like Gecko) Chrome/153.0.8010.52 Mobile Safari/537.36 (compatible; GoogleOther)"
66.249.73.162 - - [26/Sep/2026:23:15:28 +0900] "GET /dp/b75c122156533 HTTP/1.0" 200 176948 "-" "Mozilla/5.0 (Linux; Android 6.0.1; Nexus 5X Build/MMB29P) AppleWebKit/537.36 (KHTML, like Gecko) Chrome/153.0.8010.52 Mobile Safari/537.36 (compatible; Googlebot/2.1; +http://www.google.com/bot.html)"
66.249.73.162 - - [26/Sep/2026:23:15:43 +0900] "GET /dp/60e3124500088 HTTP/1.0" 200 185921 "-" "Mozilla/5.0 (Linux; Android 6.0.1; Nexus 5X Build/MMB29P) AppleWebKit/537.36 (KHTML, like Gecko) Chrome/153.0.8010.52 Mobile Safari/537.36 (compatible; Googlebot/2.1; +http://www.google.com/bot.html)"
66.249.73.162 - - [26/Sep/2026:23:15:39 +0900] "GET /dp/4595664840785 HTTP/1.0" 200 180120 "-" "Mozilla/5.0 (Linux; Android 6.0.1; Nexus 5X Build/MMB29P) AppleWebKit/537.36 (KHTML, like Gecko) Chrome/153.0.8010.52 Mobile Safari/537.36 (compatible; GoogleOther)"
66.249.73.162 - - [26/Sep/2026:23:16:01 +0900] "GET /dp/71d2472648694 HTTP/1.0" 200 184578 "-" "Mozilla/5.0 (Linux; Android 6.0.1; Nexus 5X Build/MMB29P) AppleWebKit/537.36 (KHTML, like Gecko) Chrome/153.0.8010.52 Mobile Safari/537.36 (compatible; Googlebot/2.1; +http://www.google.com/bot.html)"
66.249.73.163 - - [26/Sep/2026:23:16:07 +0900] "GET /dp/2a78124866475 HTTP/1.0" 200 181256 "-" "Mozilla/5.0 (Linux; Android 6.0.1; Nexus 5X Build/MMB29P) AppleWebKit/537.36 (KHTML, like Gecko) Chrome/153.0.8010.52 Mobile Safari/537.36 (compatible; GoogleOther)"
66.249.73.162 - - [26/Sep/2026:23:16:18 +0900] "GET /dp/b7044d2007918 HTTP/1.0" 200 184865 "-" "Mozilla/5.0 (Linux; Android 6.0.1; Nexus 5X Build/MMB29P) AppleWebKit/537.36 (KHTML, like Gecko) Chrome/153.0.8010.52 Mobile Safari/537.36 (compatible; Googlebot/2.1; +http://www.google.com/bot.html)"
66.249.73.162 - - [26/Sep/2026:23:16:32 +0900] "GET /dp/def0985871675 HTTP/1.0" 200 182084 "-" "Mozilla/5.0 (Linux; Android 6.0.1; Nexus 5X Build/MMB29P) AppleWebKit/537.36 (KHTML, like Gecko) Chrome/153.0.8010.52 Mobile Safari/537.36 (compatible; GoogleOther)"
66.249.73.162 - - [26/Sep/2026:23:16:36 +0900] "GET /dp/0243c45465240 HTTP/1.0" 200 183430 "-" "Mozilla/5.0 (Linux; Android 6.0.1; Nexus 5X Build/MMB29P) AppleWebKit/537.36 (KHTML, like Gecko) Chrome/153.0.8010.52 Mobile Safari/537.36 (compatible; Googlebot/2.1; +http://www.google.com/bot.html)"
66.249.73.162 - - [26/Sep/2026:23:16:54 +0900] "GET /dp/3662531431174 HTTP/1.0" 200 184138 "-" "Mozilla/5.0 (Linux; Android 6.0.1; Nexus 5X Build/MMB29P) AppleWebKit/537.36 (KHTML, like Gecko) Chrome/153.0.8010.52 Mobile Safari/537.36 (compatible; Googlebot/2.1; +http://www.google.com/bot.html)"
66.249.73.163 - - [26/Sep/2026:23:17:11 +0900] "GET /dp/737f574291320 HTTP/1.0" 200 184673 "-" "Mozilla/5.0 (Linux; Android 6.0.1; Nexus 5X Build/MMB29P) AppleWebKit/537.36 (KHTML, like Gecko) Chrome/153.0.8010.52 Mobile Safari/537.36 (compatible; Googlebot/2.1; +http://www.google.com/bot.html)"
66.249.73.162 - - [26/Sep/2026:23:17:32 +0900] "GET /dp/698f211747246 HTTP/1.0" 200 180451 "-" "Mozilla/5.0 (Linux; Android 6.0.1; Nexus 5X Build/MMB29P) AppleWebKit/537.36 (KHTML, like Gecko) Chrome/153.0.8010.52 Mobile Safari/537.36 (compatible; GoogleOther)"
66.249.73.163 - - [26/Sep/2026:23:17:29 +0900] "GET /dp/9461565204219 HTTP/1.0" 200 182918 "-" "Mozilla/5.0 (Linux; Android 6.0.1; Nexus 5X Build/MMB29P) AppleWebKit/537.36 (KHTML, like Gecko) Chrome/153.0.8010.52 Mobile Safari/537.36 (compatible; Googlebot/2.1; +http://www.google.com/bot.html)"
66.249.73.162 - - [26/Sep/2026:23:17:47 +0900] "GET /dp/481e913716961 HTTP/1.0" 200 187881 "-" "Mozilla/5.0 (Linux; Android 6.0.1; Nexus 5X Build/MMB29P) AppleWebKit/537.36 (KHTML, like Gecko) Chrome/153.0.8010.52 Mobile Safari/537.36 (compatible; Googlebot/2.1; +http://www.google.com/bot.html)"
66.249.73.162 - - [26/Sep/2026:23:17:56 +0900] "GET /dp/369298270128 HTTP/1.0" 200 185480 "-" "Mozilla/5.0 (Linux; Android 6.0.1; Nexus 5X Build/MMB29P) AppleWebKit/537.36 (KHTML, like Gecko) Chrome/153.0.8010.52 Mobile Safari/537.36 (compatible; GoogleOther)"
66.249.73.164 - - [26/Sep/2026:23:18:04 +0900] "GET /dp/29572b4802510 HTTP/1.0" 200 198233 "-" "Mozilla/5.0 (Linux; Android 6.0.1; Nexus 5X Build/MMB29P) AppleWebKit/537.36 (KHTML, like Gecko) Chrome/153.0.8010.52 Mobile Safari/537.36 (compatible; Googlebot/2.1; +http://www.google.com/bot.html)"
66.249.73.163 - - [26/Sep/2026:23:18:17 +0900] "GET /dp/7b59c74675121 HTTP/1.0" 200 185207 "-" "Mozilla/5.0 (Linux; Android 6.0.1; Nexus 5X Build/MMB29P) AppleWebKit/537.36 (KHTML, like Gecko) Chrome/153.0.8010.52 Mobile Safari/537.36 (compatible; GoogleOther)"
66.249.73.162 - - [26/Sep/2026:23:18:22 +0900] "GET /dp/31f1554668498 HTTP/1.0" 200 183298 "-" "Mozilla/5.0 (Linux; Android 6.0.1; Nexus 5X Build/MMB29P) AppleWebKit/537.36 (KHTML, like Gecko) Chrome/153.0.8010.52 Mobile Safari/537.36 (compatible; Googlebot/2.1; +http://www.google.com/bot.html)"
66.249.73.162 - - [26/Sep/2026:23:18:39 +0900] "GET /dp/c617095070934 HTTP/1.0" 200 183344 "-" "Mozilla/5.0 (Linux; Android 6.0.1; Nexus 5X Build/MMB29P) AppleWebKit/537.36 (KHTML, like Gecko) Chrome/153.0.8010.52 Mobile Safari/537.36 (compatible; GoogleOther)"
66.249.73.162 - - [26/Sep/2026:23:18:40 +0900] "GET /dp/0ef7791169198 HTTP/1.0" 200 185389 "-" "Mozilla/5.0 (Linux; Android 6.0.1; Nexus 5X Build/MMB29P) AppleWebKit/537.36 (KHTML, like Gecko) Chrome/153.0.8010.52 Mobile Safari/537.36 (compatible; Googlebot/2.1; +http://www.google.com/bot.html)"
66.249.73.162 - - [26/Sep/2026:23:18:57 +0900] "GET /dp/5275904320337 HTTP/1.0" 200 211968 "-" "Mozilla/5.0 (Linux; Android 6.0.1; Nexus 5X Build/MMB29P) AppleWebKit/537.36 (KHTML, like Gecko) Chrome/153.0.8010.52 Mobile Safari/537.36 (compatible; Googlebot/2.1; +http://www.google.com/bot.html)"
66.249.73.162 - - [26/Sep/2026:23:18:59 +0900] "GET /dp/96e72b505577 HTTP/1.0" 200 185493 "-" "Mozilla/5.0 (Linux; Android 6.0.1; Nexus 5X Build/MMB29P) AppleWebKit/537.36 (KHTML, like Gecko) Chrome/153.0.8010.52 Mobile Safari/537.36 (compatible; GoogleOther)"
66.249.73.162 - - [26/Sep/2026:23:19:59 +0900] "GET /dp/8938a31552369 HTTP/1.0" 200 181176 "-" "Mozilla/5.0 (Linux; Android 6.0.1; Nexus 5X Build/MMB29P) AppleWebKit/537.36 (KHTML, like Gecko) Chrome/153.0.8010.52 Mobile Safari/537.36 (compatible; GoogleOther)"
66.249.73.162 - - [26/Sep/2026:23:20:18 +0900] "GET /dp/2427945678957 HTTP/1.0" 200 181782 "-" "Mozilla/5.0 (Linux; Android 6.0.1; Nexus 5X Build/MMB29P) AppleWebKit/537.36 (KHTML, like Gecko) Chrome/153.0.8010.52 Mobile Safari/537.36 (compatible; Googlebot/2.1; +http://www.google.com/bot.html)"
66.249.73.163 - - [26/Sep/2026:23:20:42 +0900] "GET /dp/d24d68592384 HTTP/1.0" 200 178881 "-" "Mozilla/5.0 (Linux; Android 6.0.1; Nexus 5X Build/MMB29P) AppleWebKit/537.36 (KHTML, like Gecko) Chrome/153.0.8010.52 Mobile Safari/537.36 (compatible; GoogleOther)"
66.249.73.162 - - [26/Sep/2026:23:21:06 +0900] "GET /dp/754f9b3909236 HTTP/1.0" 200 211072 "-" "Mozilla/5.0 (Linux; Android 6.0.1; Nexus 5X Build/MMB29P) AppleWebKit/537.36 (KHTML, like Gecko) Chrome/153.0.8010.52 Mobile Safari/537.36 (compatible; GoogleOther)"
66.249.73.162 - - [26/Sep/2026:23:21:34 +0900] "GET /dp/f07483338224 HTTP/1.0" 200 177211 "-" "Mozilla/5.0 (Linux; Android 6.0.1; Nexus 5X Build/MMB29P) AppleWebKit/537.36 (KHTML, like Gecko) Chrome/153.0.8010.52 Mobile Safari/537.36 (compatible; GoogleOther)"
66.249.73.163 - - [26/Sep/2026:23:21:36 +0900] "GET /dp/2463894238173 HTTP/1.0" 200 176951 "-" "Mozilla/5.0 (Linux; Android 6.0.1; Nexus 5X Build/MMB29P) AppleWebKit/537.36 (KHTML, like Gecko) Chrome/153.0.8010.52 Mobile Safari/537.36 (compatible; Googlebot/2.1; +http://www.google.com/bot.html)"
66.249.73.162 - - [26/Sep/2026:23:21:54 +0900] "GET /dp/e5b7fe5378902 HTTP/1.0" 200 191347 "-" "Mozilla/5.0 (Linux; Android 6.0.1; Nexus 5X Build/MMB29P) AppleWebKit/537.36 (KHTML, like Gecko) Chrome/153.0.8010.52 Mobile Safari/537.36 (compatible; Googlebot/2.1; +http://www.google.com/bot.html)"
43.159.140.236 - - [26/Sep/2026:23:22:12 +0900] "GET /?chmod=%2Fvar%2Fwww%2Fvhosts%2Fw825.jpnsv.net%2Fa-teaminc.jp%2Ftmp HTTP/1.0" 200 13733 "-" "Mozilla/5.0 (iPhone; CPU iPhone OS 13_2_3 like Mac OS X) AppleWebKit/605.1.15 (KHTML, like Gecko) Version/13.0.3 Mobile/15E148 Safari/604.1"
66.249.73.162 - - [26/Sep/2026:23:22:00 +0900] "GET /cate-46 HTTP/1.0" 200 186066 "-" "Mozilla/5.0 (Linux; Android 6.0.1; Nexus 5X Build/MMB29P) AppleWebKit/537.36 (KHTML, like Gecko) Chrome/153.0.8010.52 Mobile Safari/537.36 (compatible; Googlebot/2.1; +http://www.google.com/bot.html)"
66.249.73.162 - - [26/Sep/2026:23:21:58 +0900] "GET /dp/9d33ae3614220 HTTP/1.0" 200 182453 "-" "Mozilla/5.0 (Linux; Android 6.0.1; Nexus 5X Build/MMB29P) AppleWebKit/537.36 (KHTML, like Gecko) Chrome/153.0.8010.52 Mobile Safari/537.36 (compatible; GoogleOther)"
66.249.73.162 - - [26/Sep/2026:23:23:01 +0900] "GET /dp/7c9157584816 HTTP/1.0" 200 187375 "-" "Mozilla/5.0 (Linux; Android 6.0.1; Nexus 5X Build/MMB29P) AppleWebKit/537.36 (KHTML, like Gecko) Chrome/153.0.8010.52 Mobile Safari/537.36 (compatible; Googlebot/2.1; +http://www.google.com/bot.html)"
66.249.73.162 - - [26/Sep/2026:23:23:02 +0900] "GET /dp/95cb562169416 HTTP/1.0" 200 179049 "-" "Mozilla/5.0 (Linux; Android 6.0.1; Nexus 5X Build/MMB29P) AppleWebKit/537.36 (KHTML, like Gecko) Chrome/153.0.8010.52 Mobile Safari/537.36 (compatible; Googlebot/2.1; +http://www.google.com/bot.html)"
66.249.73.162 - - [26/Sep/2026:23:23:05 +0900] "GET /dp/2f065c439732 HTTP/1.0" 200 188937 "-" "Mozilla/5.0 (Linux; Android 6.0.1; Nexus 5X Build/MMB29P) AppleWebKit/537.36 (KHTML, like Gecko) Chrome/153.0.8010.52 Mobile Safari/537.36 (compatible; Googlebot/2.1; +http://www.google.com/bot.html)"
66.249.73.162 - - [26/Sep/2026:23:23:08 +0900] "GET /dp/2f05211147941 HTTP/1.0" 200 182119 "-" "Mozilla/5.0 (Linux; Android 6.0.1; Nexus 5X Build/MMB29P) AppleWebKit/537.36 (KHTML, like Gecko) Chrome/153.0.8010.52 Mobile Safari/537.36 (compatible; Googlebot/2.1; +http://www.google.com/bot.html)"
66.249.73.162 - - [26/Sep/2026:23:23:22 +0900] "GET /dp/4087904057276 HTTP/1.0" 200 186991 "-" "Mozilla/5.0 (Linux; Android 6.0.1; Nexus 5X Build/MMB29P) AppleWebKit/537.36 (KHTML, like Gecko) Chrome/153.0.8010.52 Mobile Safari/537.36 (compatible; Googlebot/2.1; +http://www.google.com/bot.html)"
20.219.19.141 - - [26/Sep/2026:23:23:30 +0900] "GET /wp-content/plugins/hellopress/wp_filemanager.php HTTP/1.0" 200 150348 "-" "-"
20.219.19.141 - - [26/Sep/2026:23:23:30 +0900] "GET /this_is_a_new_hello_world.php HTTP/1.0" 200 150290 "-" "-"
20.219.19.141 - - [26/Sep/2026:23:23:31 +0900] "GET /3PJcpMFsD8B.php HTTP/1.0" 200 150290 "-" "-"
20.219.19.141 - - [26/Sep/2026:23:23:31 +0900] "GET /adminfuns.php HTTP/1.0" 200 150290 "-" "-"
20.219.19.141 - - [26/Sep/2026:23:23:31 +0900] "GET //av.php HTTP/1.0" 200 150290 "-" "-"
20.219.19.141 - - [26/Sep/2026:23:23:31 +0900] "GET /dex.php HTTP/1.0" 200 150290 "-" "-"
20.219.19.141 - - [26/Sep/2026:23:23:31 +0900] "GET /chosen.php HTTP/1.0" 200 150290 "-" "-"
20.219.19.141 - - [26/Sep/2026:23:23:32 +0900] "GET /radio.php HTTP/1.0" 200 150290 "-" "-"
20.219.19.141 - - [26/Sep/2026:23:23:32 +0900] "GET /wp_blog_footer.php HTTP/1.0" 200 150290 "-" "-"
20.219.19.141 - - [26/Sep/2026:23:23:32 +0900] "GET /k.php?p= HTTP/1.0" 200 150290 "-" "-"
20.219.19.141 - - [26/Sep/2026:23:23:32 +0900] "GET /133.php HTTP/1.0" 200 150290 "-" "-"
20.219.19.141 - - [26/Sep/2026:23:23:32 +0900] "GET /wsd.php HTTP/1.0" 200 150290 "-" "-"
20.219.19.141 - - [26/Sep/2026:23:23:33 +0900] "GET /BDKR28WP.php HTTP/1.0" 200 150290 "-" "-"
20.219.19.141 - - [26/Sep/2026:23:23:33 +0900] "GET /wmore1.php HTTP/1.0" 200 150290 "-" "-"
20.219.19.141 - - [26/Sep/2026:23:23:33 +0900] "GET /177.php HTTP/1.0" 200 150290 "-" "-"
20.219.19.141 - - [26/Sep/2026:23:23:33 +0900] "GET /ccc.php HTTP/1.0" 200 150290 "-" "-"
20.219.19.141 - - [26/Sep/2026:23:23:33 +0900] "GET /0xD.php HTTP/1.0" 200 150290 "-" "-"
20.219.19.141 - - [26/Sep/2026:23:23:33 +0900] "GET /sallu.php HTTP/1.0" 200 150290 "-" "-"
20.219.19.141 - - [26/Sep/2026:23:23:34 +0900] "GET /ops.php HTTP/1.0" 200 150290 "-" "-"
20.219.19.141 - - [26/Sep/2026:23:23:34 +0900] "GET /mac.php HTTP/1.0" 200 150290 "-" "-"
20.219.19.141 - - [26/Sep/2026:23:23:34 +0900] "GET /myglu.php HTTP/1.0" 200 150290 "-" "-"
20.219.19.141 - - [26/Sep/2026:23:23:34 +0900] "GET /7003b158aa4b6e.php HTTP/1.0" 200 150290 "-" "-"
66.249.73.162 - - [26/Sep/2026:23:23:39 +0900] "GET /dp/f54c8f2414393 HTTP/1.0" 200 188340 "-" "Mozilla/5.0 (Linux; Android 6.0.1; Nexus 5X Build/MMB29P) AppleWebKit/537.36 (KHTML, like Gecko) Chrome/153.0.8010.52 Mobile Safari/537.36 (compatible; Googlebot/2.1; +http://www.google.com/bot.html)"
20.219.19.141 - - [26/Sep/2026:23:23:35 +0900] "GET /4edfe5rr.php HTTP/1.0" 200 150290 "-" "-"
20.219.19.141 - - [26/Sep/2026:23:23:44 +0900] "GET /aboutt.php HTTP/1.0" 200 150290 "-" "-"
20.219.19.141 - - [26/Sep/2026:23:23:45 +0900] "GET /dz0.php HTTP/1.0" 200 150290 "-" "-"
20.219.19.141 - - [26/Sep/2026:23:23:45 +0900] "GET /matcha.php HTTP/1.0" 200 150290 "-" "-"
20.219.19.141 - - [26/Sep/2026:23:23:45 +0900] "GET /32x1337.php HTTP/1.0" 200 150290 "-" "-"
20.219.19.141 - - [26/Sep/2026:23:23:45 +0900] "GET /advance.php HTTP/1.0" 200 150290 "-" "-"
20.219.19.141 - - [26/Sep/2026:23:23:46 +0900] "GET /laki.php HTTP/1.0" 200 150290 "-" "-"
20.219.19.141 - - [26/Sep/2026:23:23:46 +0900] "GET /wp-X1s2e6h3p7.php HTTP/1.0" 200 150290 "-" "-"
20.219.19.141 - - [26/Sep/2026:23:23:46 +0900] "GET /ezfhylnt.php HTTP/1.0" 200 150290 "-" "-"
20.219.19.141 - - [26/Sep/2026:23:23:46 +0900] "GET /wp-admin/includes/class-wp-site-list.php HTTP/1.0" 403 1034 "-" "-"
20.219.19.141 - - [26/Sep/2026:23:23:46 +0900] "GET /wp-content/upgrade/wp-firewall.php HTTP/1.0" 403 1034 "-" "-"
20.219.19.141 - - [26/Sep/2026:23:23:47 +0900] "GET /zeta.php HTTP/1.0" 200 150290 "-" "-"
20.219.19.141 - - [26/Sep/2026:23:23:47 +0900] "GET /file-mancvgertdxz.php HTTP/1.0" 200 150290 "-" "-"
20.219.19.141 - - [26/Sep/2026:23:23:47 +0900] "GET /wp-filemanager1.php HTTP/1.0" 200 150290 "-" "-"
20.219.19.141 - - [26/Sep/2026:23:23:47 +0900] "GET /wp-whe.php HTTP/1.0" 200 150290 "-" "-"
20.219.19.141 - - [26/Sep/2026:23:23:47 +0900] "GET /fms.php HTTP/1.0" 200 150290 "-" "-"
20.219.19.141 - - [26/Sep/2026:23:23:48 +0900] "GET /oa.php HTTP/1.0" 200 150290 "-" "-"
20.219.19.141 - - [26/Sep/2026:23:23:48 +0900] "GET /esc.php HTTP/1.0" 200 150290 "-" "-"
20.219.19.141 - - [26/Sep/2026:23:23:48 +0900] "GET /yich.php HTTP/1.0" 200 150290 "-" "-"
20.219.19.141 - - [26/Sep/2026:23:23:48 +0900] "GET /wp-xmlgal.php HTTP/1.0" 200 150290 "-" "-"
20.219.19.141 - - [26/Sep/2026:23:23:48 +0900] "GET /Cdefault.php HTTP/1.0" 200 150290 "-" "-"
20.219.19.141 - - [26/Sep/2026:23:23:48 +0900] "GET /sehryhv.php HTTP/1.0" 200 150290 "-" "-"
20.219.19.141 - - [26/Sep/2026:23:23:48 +0900] "GET /1ac.php HTTP/1.0" 200 150290 "-" "-"
20.219.19.141 - - [26/Sep/2026:23:23:49 +0900] "GET /yuca_cytgi.php HTTP/1.0" 200 150290 "-" "-"
20.219.19.141 - - [26/Sep/2026:23:23:49 +0900] "GET /hao.php?p= HTTP/1.0" 200 150290 "-" "-"
20.219.19.141 - - [26/Sep/2026:23:23:49 +0900] "GET /asw.php HTTP/1.0" 200 150290 "-" "-"
20.219.19.141 - - [26/Sep/2026:23:23:49 +0900] "GET /olpsa.php HTTP/1.0" 200 150290 "-" "-"
20.219.19.141 - - [26/Sep/2026:23:23:50 +0900] "GET /ega7IvFSLKi.php HTTP/1.0" 200 150290 "-" "-"
20.219.19.141 - - [26/Sep/2026:23:23:50 +0900] "GET /kgb.php HTTP/1.0" 200 150290 "-" "-"
20.219.19.141 - - [26/Sep/2026:23:23:50 +0900] "GET /upgrtfg.php HTTP/1.0" 200 150290 "-" "-"
20.219.19.141 - - [26/Sep/2026:23:23:50 +0900] "GET /wp-content/OMrMKfSU.php HTTP/1.0" 403 1034 "-" "-"
20.219.19.141 - - [26/Sep/2026:23:23:50 +0900] "GET /fiu.php HTTP/1.0" 200 150290 "-" "-"
20.219.19.141 - - [26/Sep/2026:23:23:51 +0900] "GET /chomu.php HTTP/1.0" 200 150290 "-" "-"
20.219.19.141 - - [26/Sep/2026:23:23:51 +0900] "GET /cx.php HTTP/1.0" 200 150290 "-" "-"
20.219.19.141 - - [26/Sep/2026:23:23:51 +0900] "GET /wp-pp.php HTTP/1.0" 200 150290 "-" "-"
20.219.19.141 - - [26/Sep/2026:23:23:51 +0900] "GET /ssixta.php HTTP/1.0" 200 150290 "-" "-"
20.219.19.141 - - [26/Sep/2026:23:23:52 +0900] "GET /wax.php HTTP/1.0" 200 150290 "-" "-"
20.219.19.141 - - [26/Sep/2026:23:23:52 +0900] "GET /tesla.php HTTP/1.0" 200 150290 "-" "-"
20.219.19.141 - - [26/Sep/2026:23:23:52 +0900] "GET /wp-x.php HTTP/1.0" 200 150290 "-" "-"
20.219.19.141 - - [26/Sep/2026:23:23:52 +0900] "GET /miru1.php HTTP/1.0" 200 150290 "-" "-"
20.219.19.141 - - [26/Sep/2026:23:23:52 +0900] "GET /122.php HTTP/1.0" 200 150290 "-" "-"
20.219.19.141 - - [26/Sep/2026:23:23:53 +0900] "GET /199.php HTTP/1.0" 200 150290 "-" "-"
20.219.19.141 - - [26/Sep/2026:23:23:53 +0900] "GET /kuj8rl.php?p= HTTP/1.0" 200 150290 "-" "-"
20.219.19.141 - - [26/Sep/2026:23:23:53 +0900] "GET /yyu.php HTTP/1.0" 200 150290 "-" "-"
20.219.19.141 - - [26/Sep/2026:23:23:53 +0900] "GET /wp-feob.php HTTP/1.0" 200 150290 "-" "-"
20.219.19.141 - - [26/Sep/2026:23:23:53 +0900] "GET /tphp.php HTTP/1.0" 200 150290 "-" "-"
20.219.19.141 - - [26/Sep/2026:23:23:53 +0900] "GET /il.php HTTP/1.0" 200 150290 "-" "-"
20.219.19.141 - - [26/Sep/2026:23:23:54 +0900] "GET /ct.php HTTP/1.0" 200 150290 "-" "-"
20.219.19.141 - - [26/Sep/2026:23:23:54 +0900] "GET /bc.php HTTP/1.0" 200 150290 "-" "-"
20.219.19.141 - - [26/Sep/2026:23:23:54 +0900] "GET /CDX2.php HTTP/1.0" 200 150290 "-" "-"
20.219.19.141 - - [26/Sep/2026:23:23:55 +0900] "GET /SrHD3odefault.php HTTP/1.0" 200 150290 "-" "-"
20.219.19.141 - - [26/Sep/2026:23:23:55 +0900] "GET /zoper.php HTTP/1.0" 200 150290 "-" "-"
20.219.19.141 - - [26/Sep/2026:23:23:55 +0900] "GET /novax.php HTTP/1.0" 200 150290 "-" "-"
20.219.19.141 - - [26/Sep/2026:23:23:55 +0900] "GET /albrt.php HTTP/1.0" 200 150290 "-" "-"
20.219.19.141 - - [26/Sep/2026:23:23:56 +0900] "GET /fs6.php HTTP/1.0" 200 150290 "-" "-"
20.219.19.141 - - [26/Sep/2026:23:23:56 +0900] "GET /f222.php HTTP/1.0" 200 150290 "-" "-"
20.219.19.141 - - [26/Sep/2026:23:23:56 +0900] "GET /dass.php HTTP/1.0" 200 150290 "-" "-"
20.219.19.141 - - [26/Sep/2026:23:23:56 +0900] "GET /fone1.php HTTP/1.0" 200 150290 "-" "-"
20.219.19.141 - - [26/Sep/2026:23:23:56 +0900] "GET /HsFPDcD.php HTTP/1.0" 200 150290 "-" "-"
20.219.19.141 - - [26/Sep/2026:23:23:57 +0900] "GET /huya.php HTTP/1.0" 200 150290 "-" "-"
66.249.73.162 - - [26/Sep/2026:23:23:57 +0900] "GET /dp/ad40222138376 HTTP/1.0" 200 186999 "-" "Mozilla/5.0 (Linux; Android 6.0.1; Nexus 5X Build/MMB29P) AppleWebKit/537.36 (KHTML, like Gecko) Chrome/153.0.8010.52 Mobile Safari/537.36 (compatible; Googlebot/2.1; +http://www.google.com/bot.html)"
20.219.19.141 - - [26/Sep/2026:23:23:57 +0900] "GET /dodo.php HTTP/1.0" 200 150290 "-" "-"
20.219.19.141 - - [26/Sep/2026:23:23:59 +0900] "GET /gool.php HTTP/1.0" 200 150290 "-" "-"
20.219.19.141 - - [26/Sep/2026:23:24:00 +0900] "GET /wp-includes/rest-api/search/222.php HTTP/1.0" 403 1034 "-" "-"
20.219.19.141 - - [26/Sep/2026:23:24:00 +0900] "GET /wp-content/plugins/elementor/theme.php HTTP/1.0" 200 150290 "-" "-"
20.219.19.141 - - [26/Sep/2026:23:24:00 +0900] "GET /wp-includes/wp-db-framework.php HTTP/1.0" 403 1034 "-" "-"
20.219.19.141 - - [26/Sep/2026:23:24:01 +0900] "GET /x2x.php HTTP/1.0" 200 150290 "-" "-"
20.219.19.141 - - [26/Sep/2026:23:24:01 +0900] "GET /xoot.php HTTP/1.0" 200 150290 "-" "-"
20.219.19.141 - - [26/Sep/2026:23:24:02 +0900] "GET /sl.php HTTP/1.0" 200 150290 "-" "-"
20.219.19.141 - - [26/Sep/2026:23:24:03 +0900] "GET ///admin.php HTTP/1.0" 200 150290 "-" "-"
20.219.19.141 - - [26/Sep/2026:23:24:03 +0900] "GET /222.php HTTP/1.0" 200 150290 "-" "-"
66.249.73.163 - - [26/Sep/2026:23:24:05 +0900] "GET /dp/346354551440 HTTP/1.0" 200 177878 "-" "Mozilla/5.0 (Linux; Android 6.0.1; Nexus 5X Build/MMB29P) AppleWebKit/537.36 (KHTML, like Gecko) Chrome/153.0.8010.52 Mobile Safari/537.36 (compatible; GoogleOther)"
66.249.73.163 - - [26/Sep/2026:23:24:15 +0900] "GET /dp/44579a5041205 HTTP/1.0" 200 180821 "-" "Mozilla/5.0 (Linux; Android 6.0.1; Nexus 5X Build/MMB29P) AppleWebKit/537.36 (KHTML, like Gecko) Chrome/153.0.8010.52 Mobile Safari/537.36 (compatible; Googlebot/2.1; +http://www.google.com/bot.html)"
66.249.73.162 - - [26/Sep/2026:23:25:26 +0900] "GET /dp/3c0b741513068 HTTP/1.0" 200 183913 "-" "Mozilla/5.0 (Linux; Android 6.0.1; Nexus 5X Build/MMB29P) AppleWebKit/537.36 (KHTML, like Gecko) Chrome/153.0.8010.52 Mobile Safari/537.36 (compatible; Googlebot/2.1; +http://www.google.com/bot.html)"
66.249.73.162 - - [26/Sep/2026:23:25:26 +0900] "GET /dp/a877c5425437 HTTP/1.0" 200 184081 "-" "Mozilla/5.0 (Linux; Android 6.0.1; Nexus 5X Build/MMB29P) AppleWebKit/537.36 (KHTML, like Gecko) Chrome/153.0.8010.52 Mobile Safari/537.36 (compatible; Googlebot/2.1; +http://www.google.com/bot.html)"
66.249.73.162 - - [26/Sep/2026:23:25:29 +0900] "GET /dp/1850414523739 HTTP/1.0" 200 178394 "-" "Mozilla/5.0 (Linux; Android 6.0.1; Nexus 5X Build/MMB29P) AppleWebKit/537.36 (KHTML, like Gecko) Chrome/153.0.8010.52 Mobile Safari/537.36 (compatible; GoogleOther)"
66.249.73.163 - - [26/Sep/2026:23:25:30 +0900] "GET /dp/b49c28987505 HTTP/1.0" 200 184296 "-" "Mozilla/5.0 (Linux; Android 6.0.1; Nexus 5X Build/MMB29P) AppleWebKit/537.36 (KHTML, like Gecko) Chrome/153.0.8010.52 Mobile Safari/537.36 (compatible; Googlebot/2.1; +http://www.google.com/bot.html)"
66.249.73.162 - - [26/Sep/2026:23:25:34 +0900] "GET /dp/a5d2832178901 HTTP/1.0" 200 180689 "-" "Mozilla/5.0 (Linux; Android 6.0.1; Nexus 5X Build/MMB29P) AppleWebKit/537.36 (KHTML, like Gecko) Chrome/153.0.8010.52 Mobile Safari/537.36 (compatible; Googlebot/2.1; +http://www.google.com/bot.html)"
66.249.73.162 - - [26/Sep/2026:23:25:47 +0900] "GET /dp/e9df211201797 HTTP/1.0" 200 183479 "-" "Mozilla/5.0 (Linux; Android 6.0.1; Nexus 5X Build/MMB29P) AppleWebKit/537.36 (KHTML, like Gecko) Chrome/153.0.8010.52 Mobile Safari/537.36 (compatible; Googlebot/2.1; +http://www.google.com/bot.html)"
66.249.73.162 - - [26/Sep/2026:23:25:58 +0900] "GET /cate-35-55 HTTP/1.0" 200 174562 "-" "Mozilla/5.0 (Linux; Android 6.0.1; Nexus 5X Build/MMB29P) AppleWebKit/537.36 (KHTML, like Gecko) Chrome/153.0.8010.52 Mobile Safari/537.36 (compatible; Googlebot/2.1; +http://www.google.com/bot.html)"
34.239.33.204 - - [26/Sep/2026:23:26:04 +0900] "GET /robots.txt HTTP/1.0" 200 150352 "-" "Mozilla/5.0 (Macintosh; Intel Mac OS X 10_10_1) AppleWebKit/600.2.5 (KHTML, like Gecko) Version/8.0.2 Safari/600.2.5 (Gort)"
66.249.73.163 - - [26/Sep/2026:23:26:08 +0900] "GET /dp/78ea424745601 HTTP/1.0" 200 181116 "-" "Mozilla/5.0 (Linux; Android 6.0.1; Nexus 5X Build/MMB29P) AppleWebKit/537.36 (KHTML, like Gecko) Chrome/153.0.8010.52 Mobile Safari/537.36 (compatible; GoogleOther)"
66.249.73.163 - - [26/Sep/2026:23:26:11 +0900] "GET /dp/6351444059966 HTTP/1.0" 200 179974 "-" "Mozilla/5.0 (Linux; Android 6.0.1; Nexus 5X Build/MMB29P) AppleWebKit/537.36 (KHTML, like Gecko) Chrome/153.0.8010.52 Mobile Safari/537.36 (compatible; Googlebot/2.1; +http://www.google.com/bot.html)"
66.249.73.162 - - [26/Sep/2026:23:26:18 +0900] "GET /dp/9815c5750934 HTTP/1.0" 200 176867 "-" "Mozilla/5.0 (Linux; Android 6.0.1; Nexus 5X Build/MMB29P) AppleWebKit/537.36 (KHTML, like Gecko) Chrome/153.0.8010.52 Mobile Safari/537.36 (compatible; Googlebot/2.1; +http://www.google.com/bot.html)"
66.249.73.162 - - [26/Sep/2026:23:26:37 +0900] "GET /dp/51824e1677357 HTTP/1.0" 200 186404 "-" "Mozilla/5.0 (Linux; Android 6.0.1; Nexus 5X Build/MMB29P) AppleWebKit/537.36 (KHTML, like Gecko) Chrome/153.0.8010.52 Mobile Safari/537.36 (compatible; Googlebot/2.1; +http://www.google.com/bot.html)"
66.249.73.162 - - [26/Sep/2026:23:28:29 +0900] "GET /dp/d0b4051017990 HTTP/1.0" 200 184236 "-" "Mozilla/5.0 (Linux; Android 6.0.1; Nexus 5X Build/MMB29P) AppleWebKit/537.36 (KHTML, like Gecko) Chrome/153.0.8010.52 Mobile Safari/537.36 (compatible; Googlebot/2.1; +http://www.google.com/bot.html)"
66.249.73.162 - - [26/Sep/2026:23:31:26 +0900] "GET /dp/0279243592857 HTTP/1.0" 200 184998 "-" "Mozilla/5.0 (Linux; Android 6.0.1; Nexus 5X Build/MMB29P) AppleWebKit/537.36 (KHTML, like Gecko) Chrome/153.0.8010.52 Mobile Safari/537.36 (compatible; GoogleOther)"
66.249.73.162 - - [26/Sep/2026:23:31:46 +0900] "GET /cate-6 HTTP/1.0" 200 180636 "-" "Mozilla/5.0 (Linux; Android 6.0.1; Nexus 5X Build/MMB29P) AppleWebKit/537.36 (KHTML, like Gecko) Chrome/153.0.8010.52 Mobile Safari/537.36 (compatible; Googlebot/2.1; +http://www.google.com/bot.html)"
66.249.73.163 - - [26/Sep/2026:23:32:21 +0900] "GET /dp/bb545a1634485 HTTP/1.0" 200 186794 "-" "Mozilla/5.0 (Linux; Android 6.0.1; Nexus 5X Build/MMB29P) AppleWebKit/537.36 (KHTML, like Gecko) Chrome/153.0.8010.52 Mobile Safari/537.36 (compatible; GoogleOther)"
66.249.73.164 - - [26/Sep/2026:23:32:33 +0900] "GET /dp/2495281931200 HTTP/1.0" 200 185545 "-" "Mozilla/5.0 (Linux; Android 6.0.1; Nexus 5X Build/MMB29P) AppleWebKit/537.36 (KHTML, like Gecko) Chrome/153.0.8010.52 Mobile Safari/537.36 (compatible; Googlebot/2.1; +http://www.google.com/bot.html)"
66.249.73.162 - - [26/Sep/2026:23:32:33 +0900] "GET /dp/901c353235090 HTTP/1.0" 200 197157 "-" "Mozilla/5.0 (Linux; Android 6.0.1; Nexus 5X Build/MMB29P) AppleWebKit/537.36 (KHTML, like Gecko) Chrome/153.0.8010.52 Mobile Safari/537.36 (compatible; Googlebot/2.1; +http://www.google.com/bot.html)"
66.249.73.164 - - [26/Sep/2026:23:32:35 +0900] "GET /dp/14b5582354773 HTTP/1.0" 200 183467 "-" "Mozilla/5.0 (Linux; Android 6.0.1; Nexus 5X Build/MMB29P) AppleWebKit/537.36 (KHTML, like Gecko) Chrome/153.0.8010.52 Mobile Safari/537.36 (compatible; Googlebot/2.1; +http://www.google.com/bot.html)"
66.249.73.163 - - [26/Sep/2026:23:32:40 +0900] "GET /dp/480a25366003 HTTP/1.0" 200 177256 "-" "Mozilla/5.0 (Linux; Android 6.0.1; Nexus 5X Build/MMB29P) AppleWebKit/537.36 (KHTML, like Gecko) Chrome/153.0.8010.52 Mobile Safari/537.36 (compatible; Googlebot/2.1; +http://www.google.com/bot.html)"
66.249.73.162 - - [26/Sep/2026:23:32:45 +0900] "GET /dp/d1a9d3135755 HTTP/1.0" 200 179455 "-" "Mozilla/5.0 (Linux; Android 6.0.1; Nexus 5X Build/MMB29P) AppleWebKit/537.36 (KHTML, like Gecko) Chrome/153.0.8010.52 Mobile Safari/537.36 (compatible; Googlebot/2.1; +http://www.google.com/bot.html)"
66.249.73.163 - - [26/Sep/2026:23:33:16 +0900] "GET /dp/1192852556038 HTTP/1.0" 200 181477 "-" "Mozilla/5.0 (Linux; Android 6.0.1; Nexus 5X Build/MMB29P) AppleWebKit/537.36 (KHTML, like Gecko) Chrome/153.0.8010.52 Mobile Safari/537.36 (compatible; GoogleOther)"
66.249.73.163 - - [26/Sep/2026:23:33:19 +0900] "GET /dp/0870741419446 HTTP/1.0" 200 189313 "-" "Mozilla/5.0 (Linux; Android 6.0.1; Nexus 5X Build/MMB29P) AppleWebKit/537.36 (KHTML, like Gecko) Chrome/153.0.8010.52 Mobile Safari/537.36 (compatible; Googlebot/2.1; +http://www.google.com/bot.html)"
66.249.73.162 - - [26/Sep/2026:23:34:09 +0900] "GET /dp/0a9c592183991 HTTP/1.0" 200 179032 "-" "Mozilla/5.0 (Linux; Android 6.0.1; Nexus 5X Build/MMB29P) AppleWebKit/537.36 (KHTML, like Gecko) Chrome/153.0.8010.52 Mobile Safari/537.36 (compatible; Googlebot/2.1; +http://www.google.com/bot.html)"
66.249.73.162 - - [26/Sep/2026:23:34:14 +0900] "GET /dp/5269245490684 HTTP/1.0" 200 182997 "-" "Mozilla/5.0 (Linux; Android 6.0.1; Nexus 5X Build/MMB29P) AppleWebKit/537.36 (KHTML, like Gecko) Chrome/153.0.8010.52 Mobile Safari/537.36 (compatible; Googlebot/2.1; +http://www.google.com/bot.html)"
66.249.73.162 - - [26/Sep/2026:23:34:24 +0900] "GET /dp/497bbf1393456 HTTP/1.0" 200 177326 "-" "Mozilla/5.0 (Linux; Android 6.0.1; Nexus 5X Build/MMB29P) AppleWebKit/537.36 (KHTML, like Gecko) Chrome/153.0.8010.52 Mobile Safari/537.36 (compatible; Googlebot/2.1; +http://www.google.com/bot.html)"
66.249.73.162 - - [26/Sep/2026:23:34:29 +0900] "GET /dp/87d5fe4362282 HTTP/1.0" 200 176863 "-" "Mozilla/5.0 (Linux; Android 6.0.1; Nexus 5X Build/MMB29P) AppleWebKit/537.36 (KHTML, like Gecko) Chrome/153.0.8010.52 Mobile Safari/537.36 (compatible; Googlebot/2.1; +http://www.google.com/bot.html)"
66.249.73.162 - - [26/Sep/2026:23:34:39 +0900] "GET /dp/3987951532868 HTTP/1.0" 200 185270 "-" "Mozilla/5.0 (Linux; Android 6.0.1; Nexus 5X Build/MMB29P) AppleWebKit/537.36 (KHTML, like Gecko) Chrome/153.0.8010.52 Mobile Safari/537.36 (compatible; Googlebot/2.1; +http://www.google.com/bot.html)"
66.249.73.162 - - [26/Sep/2026:23:34:44 +0900] "GET /dp/52d0173629506 HTTP/1.0" 200 180989 "-" "Mozilla/5.0 (Linux; Android 6.0.1; Nexus 5X Build/MMB29P) AppleWebKit/537.36 (KHTML, like Gecko) Chrome/153.0.8010.52 Mobile Safari/537.36 (compatible; Googlebot/2.1; +http://www.google.com/bot.html)"
66.249.73.163 - - [26/Sep/2026:23:34:48 +0900] "GET /dp/98e6962471646 HTTP/1.0" 200 184351 "-" "Mozilla/5.0 (Linux; Android 6.0.1; Nexus 5X Build/MMB29P) AppleWebKit/537.36 (KHTML, like Gecko) Chrome/153.0.8010.52 Mobile Safari/537.36 (compatible; Googlebot/2.1; +http://www.google.com/bot.html)"
66.249.73.163 - - [26/Sep/2026:23:34:53 +0900] "GET /dp/db58e65280091 HTTP/1.0" 200 184696 "-" "Mozilla/5.0 (Linux; Android 6.0.1; Nexus 5X Build/MMB29P) AppleWebKit/537.36 (KHTML, like Gecko) Chrome/153.0.8010.52 Mobile Safari/537.36 (compatible; Googlebot/2.1; +http://www.google.com/bot.html)"
144.76.32.117 - - [26/Sep/2026:23:34:56 +0900] "GET /dp/1392703106478?lph=/var/www/vhosts/w825.jpnsv.net/a-teaminc.jp/pdf HTTP/1.0" 200 91159 "-" "Mozilla/5.0 (compatible; SERankingBacklinksBot/1.0; +https://seranking.com/backlinks-crawler)"
66.249.73.162 - - [26/Sep/2026:23:34:58 +0900] "GET /dp/1192852556038 HTTP/1.0" 200 181477 "-" "Mozilla/5.0 (Linux; Android 6.0.1; Nexus 5X Build/MMB29P) AppleWebKit/537.36 (KHTML, like Gecko) Chrome/153.0.8010.52 Mobile Safari/537.36 (compatible; Googlebot/2.1; +http://www.google.com/bot.html)"
66.249.73.162 - - [26/Sep/2026:23:35:03 +0900] "GET /dp/880779933096 HTTP/1.0" 200 180418 "-" "Mozilla/5.0 (Linux; Android 6.0.1; Nexus 5X Build/MMB29P) AppleWebKit/537.36 (KHTML, like Gecko) Chrome/153.0.8010.52 Mobile Safari/537.36 (compatible; Googlebot/2.1; +http://www.google.com/bot.html)"
144.76.32.117 - - [26/Sep/2026:23:35:04 +0900] "GET /dp/05909f5687230?lph=/var/www/vhosts/w825.jpnsv.net/a-teaminc.jp/cgi HTTP/1.0" 200 104914 "-" "Mozilla/5.0 (compatible; SERankingBacklinksBot/1.0; +https://seranking.com/backlinks-crawler)"
66.249.73.162 - - [26/Sep/2026:23:35:07 +0900] "GET /dp/0041591148683 HTTP/1.0" 200 186409 "-" "Mozilla/5.0 (Linux; Android 6.0.1; Nexus 5X Build/MMB29P) AppleWebKit/537.36 (KHTML, like Gecko) Chrome/153.0.8010.52 Mobile Safari/537.36 (compatible; Googlebot/2.1; +http://www.google.com/bot.html)"
66.249.73.162 - - [26/Sep/2026:23:35:12 +0900] "GET /dp/13b68f2432151 HTTP/1.0" 200 188574 "-" "Mozilla/5.0 (Linux; Android 6.0.1; Nexus 5X Build/MMB29P) AppleWebKit/537.36 (KHTML, like Gecko) Chrome/153.0.8010.52 Mobile Safari/537.36 (compatible; Googlebot/2.1; +http://www.google.com/bot.html)"
66.249.73.162 - - [26/Sep/2026:23:35:17 +0900] "GET /dp/a8f157440595 HTTP/1.0" 200 183895 "-" "Mozilla/5.0 (Linux; Android 6.0.1; Nexus 5X Build/MMB29P) AppleWebKit/537.36 (KHTML, like Gecko) Chrome/153.0.8010.52 Mobile Safari/537.36 (compatible; GoogleOther)"
66.249.73.162 - - [26/Sep/2026:23:35:35 +0900] "GET /dp/1757584390587 HTTP/1.0" 200 179159 "-" "Mozilla/5.0 (Linux; Android 6.0.1; Nexus 5X Build/MMB29P) AppleWebKit/537.36 (KHTML, like Gecko) Chrome/153.0.8010.52 Mobile Safari/537.36 (compatible; Googlebot/2.1; +http://www.google.com/bot.html)"
144.76.32.117 - - [26/Sep/2026:23:35:28 +0900] "GET /dp/1392703106478?lph=/var/www/vhosts/w825.jpnsv.net/a-teaminc.jp/tmp HTTP/1.0" 500 69948 "-" "Mozilla/5.0 (compatible; SERankingBacklinksBot/1.0; +https://seranking.com/backlinks-crawler)"
66.249.73.162 - - [26/Sep/2026:23:35:48 +0900] "GET /dp/1619035613345 HTTP/1.0" 200 179769 "-" "Mozilla/5.0 (Linux; Android 6.0.1; Nexus 5X Build/MMB29P) AppleWebKit/537.36 (KHTML, like Gecko) Chrome/153.0.8010.52 Mobile Safari/537.36 (compatible; Googlebot/2.1; +http://www.google.com/bot.html)"
66.249.73.162 - - [26/Sep/2026:23:36:05 +0900] "GET /dp/f8fd244849314 HTTP/1.0" 200 184377 "-" "Mozilla/5.0 (Linux; Android 6.0.1; Nexus 5X Build/MMB29P) AppleWebKit/537.36 (KHTML, like Gecko) Chrome/153.0.8010.52 Mobile Safari/537.36 (compatible; Googlebot/2.1; +http://www.google.com/bot.html)"
66.249.73.162 - - [26/Sep/2026:23:36:15 +0900] "GET /dp/527e025122272 HTTP/1.0" 200 183946 "-" "Mozilla/5.0 (Linux; Android 6.0.1; Nexus 5X Build/MMB29P) AppleWebKit/537.36 (KHTML, like Gecko) Chrome/153.0.8010.52 Mobile Safari/537.36 (compatible; GoogleOther)"
66.249.73.163 - - [26/Sep/2026:23:36:19 +0900] "GET /dp/0a26711702282 HTTP/1.0" 200 182933 "-" "Mozilla/5.0 (Linux; Android 6.0.1; Nexus 5X Build/MMB29P) AppleWebKit/537.36 (KHTML, like Gecko) Chrome/153.0.8010.52 Mobile Safari/537.36 (compatible; Googlebot/2.1; +http://www.google.com/bot.html)"
66.249.73.162 - - [26/Sep/2026:23:36:40 +0900] "GET /dp/2154d2996985 HTTP/1.0" 200 185461 "-" "Mozilla/5.0 (Linux; Android 6.0.1; Nexus 5X Build/MMB29P) AppleWebKit/537.36 (KHTML, like Gecko) Chrome/153.0.8010.52 Mobile Safari/537.36 (compatible; Googlebot/2.1; +http://www.google.com/bot.html)"
66.249.73.162 - - [26/Sep/2026:23:36:36 +0900] "GET /dp/3830862593669 HTTP/1.0" 200 186210 "-" "Mozilla/5.0 (Linux; Android 6.0.1; Nexus 5X Build/MMB29P) AppleWebKit/537.36 (KHTML, like Gecko) Chrome/153.0.8010.52 Mobile Safari/537.36 (compatible; Googlebot/2.1; +http://www.google.com/bot.html)"
66.249.73.162 - - [26/Sep/2026:23:36:58 +0900] "GET /dp/88770f1106158 HTTP/1.0" 200 185856 "-" "Mozilla/5.0 (Linux; Android 6.0.1; Nexus 5X Build/MMB29P) AppleWebKit/537.36 (KHTML, like Gecko) Chrome/153.0.8010.52 Mobile Safari/537.36 (compatible; Googlebot/2.1; +http://www.google.com/bot.html)"
66.249.73.164 - - [26/Sep/2026:23:37:05 +0900] "GET /dp/1888973703244 HTTP/1.0" 200 180585 "-" "Mozilla/5.0 (Linux; Android 6.0.1; Nexus 5X Build/MMB29P) AppleWebKit/537.36 (KHTML, like Gecko) Chrome/153.0.8010.52 Mobile Safari/537.36 (compatible; GoogleOther)"
66.249.73.162 - - [26/Sep/2026:23:37:27 +0900] "GET /dp/7177042375910 HTTP/1.0" 200 184135 "-" "Mozilla/5.0 (Linux; Android 6.0.1; Nexus 5X Build/MMB29P) AppleWebKit/537.36 (KHTML, like Gecko) Chrome/153.0.8010.52 Mobile Safari/537.36 (compatible; Googlebot/2.1; +http://www.google.com/bot.html)"
66.249.73.162 - - [26/Sep/2026:23:37:47 +0900] "GET /dp/7eb9125159829 HTTP/1.0" 200 180788 "-" "Mozilla/5.0 (Linux; Android 6.0.1; Nexus 5X Build/MMB29P) AppleWebKit/537.36 (KHTML, like Gecko) Chrome/153.0.8010.52 Mobile Safari/537.36 (compatible; GoogleOther)"
66.249.73.162 - - [26/Sep/2026:23:37:51 +0900] "GET /dp/8477e6296318 HTTP/1.0" 200 186454 "-" "Mozilla/5.0 (Linux; Android 6.0.1; Nexus 5X Build/MMB29P) AppleWebKit/537.36 (KHTML, like Gecko) Chrome/153.0.8010.52 Mobile Safari/537.36 (compatible; Googlebot/2.1; +http://www.google.com/bot.html)"
66.249.73.162 - - [26/Sep/2026:23:38:09 +0900] "GET /dp/4885894693174 HTTP/1.0" 200 187638 "-" "Mozilla/5.0 (Linux; Android 6.0.1; Nexus 5X Build/MMB29P) AppleWebKit/537.36 (KHTML, like Gecko) Chrome/153.0.8010.52 Mobile Safari/537.36 (compatible; Googlebot/2.1; +http://www.google.com/bot.html)"
66.249.73.162 - - [26/Sep/2026:23:38:24 +0900] "GET /dp/2ab1c72538793 HTTP/1.0" 200 179040 "-" "Mozilla/5.0 (Linux; Android 6.0.1; Nexus 5X Build/MMB29P) AppleWebKit/537.36 (KHTML, like Gecko) Chrome/153.0.8010.52 Mobile Safari/537.36 (compatible; GoogleOther)"
66.249.73.162 - - [26/Sep/2026:23:39:11 +0900] "GET /dp/f378415937878 HTTP/1.0" 200 176922 "-" "Mozilla/5.0 (Linux; Android 6.0.1; Nexus 5X Build/MMB29P) AppleWebKit/537.36 (KHTML, like Gecko) Chrome/153.0.8010.52 Mobile Safari/537.36 (compatible; Googlebot/2.1; +http://www.google.com/bot.html)"
66.249.73.162 - - [26/Sep/2026:23:39:15 +0900] "GET /dp/76c144193864 HTTP/1.0" 200 177743 "-" "Mozilla/5.0 (Linux; Android 6.0.1; Nexus 5X Build/MMB29P) AppleWebKit/537.36 (KHTML, like Gecko) Chrome/153.0.8010.52 Mobile Safari/537.36 (compatible; Googlebot/2.1; +http://www.google.com/bot.html)"
66.249.73.162 - - [26/Sep/2026:23:39:20 +0900] "GET /dp/04e125187914 HTTP/1.0" 200 181742 "-" "Mozilla/5.0 (Linux; Android 6.0.1; Nexus 5X Build/MMB29P) AppleWebKit/537.36 (KHTML, like Gecko) Chrome/153.0.8010.52 Mobile Safari/537.36 (compatible; Googlebot/2.1; +http://www.google.com/bot.html)"
66.249.73.162 - - [26/Sep/2026:23:39:24 +0900] "GET /dp/f5bb991232394 HTTP/1.0" 200 185547 "-" "Mozilla/5.0 (Linux; Android 6.0.1; Nexus 5X Build/MMB29P) AppleWebKit/537.36 (KHTML, like Gecko) Chrome/153.0.8010.52 Mobile Safari/537.36 (compatible; GoogleOther)"
66.249.73.162 - - [26/Sep/2026:23:39:37 +0900] "GET /dp/a334274220294 HTTP/1.0" 200 183523 "-" "Mozilla/5.0 (Linux; Android 6.0.1; Nexus 5X Build/MMB29P) AppleWebKit/537.36 (KHTML, like Gecko) Chrome/153.0.8010.52 Mobile Safari/537.36 (compatible; Googlebot/2.1; +http://www.google.com/bot.html)"
66.249.73.162 - - [26/Sep/2026:23:39:54 +0900] "GET /dp/7c8c815776737 HTTP/1.0" 200 185593 "-" "Mozilla/5.0 (Linux; Android 6.0.1; Nexus 5X Build/MMB29P) AppleWebKit/537.36 (KHTML, like Gecko) Chrome/153.0.8010.52 Mobile Safari/537.36 (compatible; Googlebot/2.1; +http://www.google.com/bot.html)"
66.249.73.163 - - [26/Sep/2026:23:40:11 +0900] "GET /dp/0176423255987 HTTP/1.0" 200 182909 "-" "Mozilla/5.0 (Linux; Android 6.0.1; Nexus 5X Build/MMB29P) AppleWebKit/537.36 (KHTML, like Gecko) Chrome/153.0.8010.52 Mobile Safari/537.36 (compatible; GoogleOther)"
66.249.73.163 - - [26/Sep/2026:23:40:36 +0900] "GET /dp/419ff92370161 HTTP/1.0" 200 184461 "-" "Mozilla/5.0 (Linux; Android 6.0.1; Nexus 5X Build/MMB29P) AppleWebKit/537.36 (KHTML, like Gecko) Chrome/153.0.8010.52 Mobile Safari/537.36 (compatible; Googlebot/2.1; +http://www.google.com/bot.html)"
66.249.73.163 - - [26/Sep/2026:23:40:47 +0900] "GET /dp/746a9f2785890 HTTP/1.0" 200 183688 "-" "Mozilla/5.0 (Linux; Android 6.0.1; Nexus 5X Build/MMB29P) AppleWebKit/537.36 (KHTML, like Gecko) Chrome/153.0.8010.52 Mobile Safari/537.36 (compatible; Googlebot/2.1; +http://www.google.com/bot.html)"
66.249.73.164 - - [26/Sep/2026:23:41:05 +0900] "GET /dp/445a082887184 HTTP/1.0" 200 186345 "-" "Mozilla/5.0 (Linux; Android 6.0.1; Nexus 5X Build/MMB29P) AppleWebKit/537.36 (KHTML, like Gecko) Chrome/153.0.8010.52 Mobile Safari/537.36 (compatible; GoogleOther)"
66.249.73.162 - - [26/Sep/2026:23:41:05 +0900] "GET /dp/5b135e3531439 HTTP/1.0" 200 184068 "-" "Mozilla/5.0 (Linux; Android 6.0.1; Nexus 5X Build/MMB29P) AppleWebKit/537.36 (KHTML, like Gecko) Chrome/153.0.8010.52 Mobile Safari/537.36 (compatible; Googlebot/2.1; +http://www.google.com/bot.html)"
66.249.73.162 - - [26/Sep/2026:23:41:23 +0900] "GET /dp/1a00745054682 HTTP/1.0" 200 176647 "-" "Mozilla/5.0 (Linux; Android 6.0.1; Nexus 5X Build/MMB29P) AppleWebKit/537.36 (KHTML, like Gecko) Chrome/153.0.8010.52 Mobile Safari/537.36 (compatible; Googlebot/2.1; +http://www.google.com/bot.html)"
66.249.73.162 - - [26/Sep/2026:23:41:40 +0900] "GET /dp/5d8d135643165 HTTP/1.0" 200 176338 "-" "Mozilla/5.0 (Linux; Android 6.0.1; Nexus 5X Build/MMB29P) AppleWebKit/537.36 (KHTML, like Gecko) Chrome/153.0.8010.52 Mobile Safari/537.36 (compatible; Googlebot/2.1; +http://www.google.com/bot.html)"
66.249.73.162 - - [26/Sep/2026:23:41:51 +0900] "GET /dp/10e3666542442 HTTP/1.0" 200 177524 "-" "Mozilla/5.0 (Linux; Android 6.0.1; Nexus 5X Build/MMB29P) AppleWebKit/537.36 (KHTML, like Gecko) Chrome/153.0.8010.52 Mobile Safari/537.36 (compatible; GoogleOther)"
66.249.73.162 - - [26/Sep/2026:23:41:58 +0900] "GET /dp/8632684525456 HTTP/1.0" 200 179778 "-" "Mozilla/5.0 (Linux; Android 6.0.1; Nexus 5X Build/MMB29P) AppleWebKit/537.36 (KHTML, like Gecko) Chrome/153.0.8010.52 Mobile Safari/537.36 (compatible; Googlebot/2.1; +http://www.google.com/bot.html)"
129.226.174.80 - - [26/Sep/2026:23:42:13 +0900] "GET /?chmod=%2Fvar%2Fwww%2Fvhosts%2Fw825.jpnsv.net%2Fa-teaminc.jp%2FAdminer.php HTTP/1.0" 200 13741 "-" "Mozilla/5.0 (iPhone; CPU iPhone OS 13_2_3 like Mac OS X) AppleWebKit/605.1.15 (KHTML, like Gecko) Version/13.0.3 Mobile/15E148 Safari/604.1"
66.249.73.163 - - [26/Sep/2026:23:42:16 +0900] "GET /dp/610fda1505750 HTTP/1.0" 200 189510 "-" "Mozilla/5.0 (Linux; Android 6.0.1; Nexus 5X Build/MMB29P) AppleWebKit/537.36 (KHTML, like Gecko) Chrome/153.0.8010.52 Mobile Safari/537.36 (compatible; Googlebot/2.1; +http://www.google.com/bot.html)"
66.249.73.162 - - [26/Sep/2026:23:42:31 +0900] "GET /dp/0282981848483 HTTP/1.0" 200 184798 "-" "Mozilla/5.0 (Linux; Android 6.0.1; Nexus 5X Build/MMB29P) AppleWebKit/537.36 (KHTML, like Gecko) Chrome/153.0.8010.52 Mobile Safari/537.36 (compatible; GoogleOther)"
66.249.73.163 - - [26/Sep/2026:23:42:33 +0900] "GET /dp/5a429b6376983 HTTP/1.0" 200 183831 "-" "Mozilla/5.0 (Linux; Android 6.0.1; Nexus 5X Build/MMB29P) AppleWebKit/537.36 (KHTML, like Gecko) Chrome/153.0.8010.52 Mobile Safari/537.36 (compatible; Googlebot/2.1; +http://www.google.com/bot.html)"
66.249.73.162 - - [26/Sep/2026:23:42:51 +0900] "GET /dp/4832742988212 HTTP/1.0" 200 180563 "-" "Mozilla/5.0 (Linux; Android 6.0.1; Nexus 5X Build/MMB29P) AppleWebKit/537.36 (KHTML, like Gecko) Chrome/153.0.8010.52 Mobile Safari/537.36 (compatible; Googlebot/2.1; +http://www.google.com/bot.html)"
66.249.73.164 - - [26/Sep/2026:23:43:06 +0900] "GET /dp/79f8516101234 HTTP/1.0" 200 182602 "-" "Mozilla/5.0 (Linux; Android 6.0.1; Nexus 5X Build/MMB29P) AppleWebKit/537.36 (KHTML, like Gecko) Chrome/153.0.8010.52 Mobile Safari/537.36 (compatible; GoogleOther)"
66.249.73.164 - - [26/Sep/2026:23:43:09 +0900] "GET /dp/ce6e574683562 HTTP/1.0" 200 176055 "-" "Mozilla/5.0 (Linux; Android 6.0.1; Nexus 5X Build/MMB29P) AppleWebKit/537.36 (KHTML, like Gecko) Chrome/153.0.8010.52 Mobile Safari/537.36 (compatible; Googlebot/2.1; +http://www.google.com/bot.html)"
66.249.73.162 - - [26/Sep/2026:23:43:26 +0900] "GET /dp/2522411740069 HTTP/1.0" 200 184682 "-" "Mozilla/5.0 (Linux; Android 6.0.1; Nexus 5X Build/MMB29P) AppleWebKit/537.36 (KHTML, like Gecko) Chrome/153.0.8010.52 Mobile Safari/537.36 (compatible; Googlebot/2.1; +http://www.google.com/bot.html)"
66.249.73.162 - - [26/Sep/2026:23:43:44 +0900] "GET /dp/1337871081601 HTTP/1.0" 200 186171 "-" "Mozilla/5.0 (Linux; Android 6.0.1; Nexus 5X Build/MMB29P) AppleWebKit/537.36 (KHTML, like Gecko) Chrome/153.0.8010.52 Mobile Safari/537.36 (compatible; Googlebot/2.1; +http://www.google.com/bot.html)"
