66.249.73.162 - - [26/Sep/2026:18:04:54 +0900] "GET /dp/905dfd494144 HTTP/1.0" 200 186260 "-" "Mozilla/5.0 (Linux; Android 6.0.1; Nexus 5X Build/MMB29P) AppleWebKit/537.36 (KHTML, like Gecko) Chrome/153.0.8010.52 Mobile Safari/537.36 (compatible; GoogleOther)"
66.249.73.163 - - [26/Sep/2026:18:05:02 +0900] "GET /dp/6960bf420675 HTTP/1.0" 200 187590 "-" "Mozilla/5.0 (Linux; Android 6.0.1; Nexus 5X Build/MMB29P) AppleWebKit/537.36 (KHTML, like Gecko) Chrome/153.0.8010.52 Mobile Safari/537.36 (compatible; Googlebot/2.1; +http://www.google.com/bot.html)"
66.249.73.163 - - [26/Sep/2026:18:05:04 +0900] "GET /dp/c9cb276451085 HTTP/1.0" 200 181689 "-" "Mozilla/5.0 (Linux; Android 6.0.1; Nexus 5X Build/MMB29P) AppleWebKit/537.36 (KHTML, like Gecko) Chrome/153.0.8010.52 Mobile Safari/537.36 (compatible; GoogleOther)"
66.249.73.163 - - [26/Sep/2026:18:05:54 +0900] "GET /dp/72321d1806279 HTTP/1.0" 200 185785 "-" "Mozilla/5.0 (Linux; Android 6.0.1; Nexus 5X Build/MMB29P) AppleWebKit/537.36 (KHTML, like Gecko) Chrome/153.0.8010.52 Mobile Safari/537.36 (compatible; GoogleOther)"
66.249.73.162 - - [26/Sep/2026:18:06:43 +0900] "GET /dp/0f51276043411 HTTP/1.0" 200 176373 "-" "Mozilla/5.0 (Linux; Android 6.0.1; Nexus 5X Build/MMB29P) AppleWebKit/537.36 (KHTML, like Gecko) Chrome/153.0.8010.52 Mobile Safari/537.36 (compatible; GoogleOther)"
66.249.73.162 - - [26/Sep/2026:18:06:59 +0900] "GET /dp/c2b130224979 HTTP/1.0" 200 186031 "-" "Mozilla/5.0 (Linux; Android 6.0.1; Nexus 5X Build/MMB29P) AppleWebKit/537.36 (KHTML, like Gecko) Chrome/153.0.8010.52 Mobile Safari/537.36 (compatible; Googlebot/2.1; +http://www.google.com/bot.html)"
66.249.73.162 - - [26/Sep/2026:18:07:32 +0900] "GET /dp/7065d53132025 HTTP/1.0" 200 184712 "-" "Mozilla/5.0 (Linux; Android 6.0.1; Nexus 5X Build/MMB29P) AppleWebKit/537.36 (KHTML, like Gecko) Chrome/153.0.8010.52 Mobile Safari/537.36 (compatible; GoogleOther)"
66.249.73.163 - - [26/Sep/2026:18:08:22 +0900] "GET /dp/2874081240936 HTTP/1.0" 200 185556 "-" "Mozilla/5.0 (Linux; Android 6.0.1; Nexus 5X Build/MMB29P) AppleWebKit/537.36 (KHTML, like Gecko) Chrome/153.0.8010.52 Mobile Safari/537.36 (compatible; GoogleOther)"
66.249.73.163 - - [26/Sep/2026:18:08:48 +0900] "GET /shop/e/e009001036001/ HTTP/1.0" 200 188952 "-" "Mozilla/5.0 (Linux; Android 6.0.1; Nexus 5X Build/MMB29P) AppleWebKit/537.36 (KHTML, like Gecko) Chrome/153.0.8010.52 Mobile Safari/537.36 (compatible; GoogleOther)"
66.249.73.162 - - [26/Sep/2026:18:08:55 +0900] "GET /dp/53438f300734 HTTP/1.0" 200 187916 "-" "Mozilla/5.0 (Linux; Android 6.0.1; Nexus 5X Build/MMB29P) AppleWebKit/537.36 (KHTML, like Gecko) Chrome/153.0.8010.52 Mobile Safari/537.36 (compatible; Googlebot/2.1; +http://www.google.com/bot.html)"
66.249.73.164 - - [26/Sep/2026:18:09:11 +0900] "GET /dp/b2659b3646227 HTTP/1.0" 200 181090 "-" "Mozilla/5.0 (Linux; Android 6.0.1; Nexus 5X Build/MMB29P) AppleWebKit/537.36 (KHTML, like Gecko) Chrome/153.0.8010.52 Mobile Safari/537.36 (compatible; GoogleOther)"
66.249.73.163 - - [26/Sep/2026:18:10:01 +0900] "GET /dp/9fddc71873231 HTTP/1.0" 200 186492 "-" "Mozilla/5.0 (Linux; Android 6.0.1; Nexus 5X Build/MMB29P) AppleWebKit/537.36 (KHTML, like Gecko) Chrome/153.0.8010.52 Mobile Safari/537.36 (compatible; GoogleOther)"
66.249.73.162 - - [26/Sep/2026:18:10:50 +0900] "GET /dp/2166552781830 HTTP/1.0" 200 176094 "-" "Mozilla/5.0 (Linux; Android 6.0.1; Nexus 5X Build/MMB29P) AppleWebKit/537.36 (KHTML, like Gecko) Chrome/153.0.8010.52 Mobile Safari/537.36 (compatible; GoogleOther)"
66.249.73.162 - - [26/Sep/2026:18:10:52 +0900] "GET /dp/0e081c254599 HTTP/1.0" 200 187439 "-" "Mozilla/5.0 (Linux; Android 6.0.1; Nexus 5X Build/MMB29P) AppleWebKit/537.36 (KHTML, like Gecko) Chrome/153.0.8010.52 Mobile Safari/537.36 (compatible; Googlebot/2.1; +http://www.google.com/bot.html)"
66.249.73.164 - - [26/Sep/2026:18:11:39 +0900] "GET /dp/a6669e1824816 HTTP/1.0" 200 185170 "-" "Mozilla/5.0 (Linux; Android 6.0.1; Nexus 5X Build/MMB29P) AppleWebKit/537.36 (KHTML, like Gecko) Chrome/153.0.8010.52 Mobile Safari/537.36 (compatible; GoogleOther)"
43.153.67.21 - - [26/Sep/2026:18:11:41 +0900] "GET /?edit=%2Fvar%2Fwww%2Fvhosts%2Fw825.jpnsv.net%2Fa-teaminc.jp%2Fwp-signup.php HTTP/1.0" 200 55318 "-" "Mozilla/5.0 (iPhone; CPU iPhone OS 13_2_3 like Mac OS X) AppleWebKit/605.1.15 (KHTML, like Gecko) Version/13.0.3 Mobile/15E148 Safari/604.1"
66.249.73.162 - - [26/Sep/2026:18:12:01 +0900] "GET /shop/cart/cart HTTP/1.0" 200 192803 "-" "Mozilla/5.0 (Linux; Android 6.0.1; Nexus 5X Build/MMB29P) AppleWebKit/537.36 (KHTML, like Gecko) Chrome/153.0.8010.52 Mobile Safari/537.36 (compatible; GoogleOther)"
66.249.73.162 - - [26/Sep/2026:18:12:11 +0900] "GET /dp/181f27146507 HTTP/1.0" 200 178680 "-" "Mozilla/5.0 (Linux; Android 6.0.1; Nexus 5X Build/MMB29P) AppleWebKit/537.36 (KHTML, like Gecko) Chrome/153.0.8010.52 Mobile Safari/537.36 (compatible; GoogleOther)"
66.249.73.162 - - [26/Sep/2026:18:12:28 +0900] "GET /dp/40b1645913855 HTTP/1.0" 200 185275 "-" "Mozilla/5.0 (Linux; Android 6.0.1; Nexus 5X Build/MMB29P) AppleWebKit/537.36 (KHTML, like Gecko) Chrome/153.0.8010.52 Mobile Safari/537.36 (compatible; GoogleOther)"
66.249.73.162 - - [26/Sep/2026:18:12:48 +0900] "GET /dp/582931847142 HTTP/1.0" 200 185865 "-" "Mozilla/5.0 (Linux; Android 6.0.1; Nexus 5X Build/MMB29P) AppleWebKit/537.36 (KHTML, like Gecko) Chrome/153.0.8010.52 Mobile Safari/537.36 (compatible; Googlebot/2.1; +http://www.google.com/bot.html)"
66.249.73.163 - - [26/Sep/2026:18:13:26 +0900] "GET /dp/e3384b4275448 HTTP/1.0" 200 184951 "-" "Mozilla/5.0 (Linux; Android 6.0.1; Nexus 5X Build/MMB29P) AppleWebKit/537.36 (KHTML, like Gecko) Chrome/153.0.8010.52 Mobile Safari/537.36 (compatible; GoogleOther)"
66.249.73.162 - - [26/Sep/2026:18:13:30 +0900] "GET /dp/0d98324068767 HTTP/1.0" 200 182242 "-" "Mozilla/5.0 (Linux; Android 6.0.1; Nexus 5X Build/MMB29P) AppleWebKit/537.36 (KHTML, like Gecko) Chrome/153.0.8010.52 Mobile Safari/537.36 (compatible; Googlebot/2.1; +http://www.google.com/bot.html)"
66.249.73.164 - - [26/Sep/2026:18:14:07 +0900] "GET /dp/8e724b2152762 HTTP/1.0" 200 185565 "-" "Mozilla/5.0 (Linux; Android 6.0.1; Nexus 5X Build/MMB29P) AppleWebKit/537.36 (KHTML, like Gecko) Chrome/153.0.8010.52 Mobile Safari/537.36 (compatible; GoogleOther)"
66.249.73.162 - - [26/Sep/2026:18:14:44 +0900] "GET /dp/f2a211737538 HTTP/1.0" 200 180308 "-" "Mozilla/5.0 (Linux; Android 6.0.1; Nexus 5X Build/MMB29P) AppleWebKit/537.36 (KHTML, like Gecko) Chrome/153.0.8010.52 Mobile Safari/537.36 (compatible; Googlebot/2.1; +http://www.google.com/bot.html)"
66.249.73.162 - - [26/Sep/2026:18:14:57 +0900] "GET /dp/e031242245295 HTTP/1.0" 200 193429 "-" "Mozilla/5.0 (Linux; Android 6.0.1; Nexus 5X Build/MMB29P) AppleWebKit/537.36 (KHTML, like Gecko) Chrome/153.0.8010.52 Mobile Safari/537.36 (compatible; GoogleOther)"
66.132.195.75 - - [26/Sep/2026:18:15:28 +0900] "GET / HTTP/1.0" 200 150352 "-" "Mozilla/5.0 (compatible; CensysInspect/1.1; +https://about.censys.io/)"
194.5.48.144 - - [26/Sep/2026:18:15:40 +0900] "GET /wp-login.php HTTP/1.0" 200 150348 "-" "Mozilla/5.0 (Windows NT 10.0; Win64; x64) AppleWebKit/537.36 (KHTML, like Gecko) Chrome/120.0.0.0 Safari/537.36"
194.5.48.146 - - [26/Sep/2026:18:15:41 +0900] "POST /wp-login.php HTTP/1.0" 200 150290 "-" "Mozilla/5.0 (Windows NT 10.0; Win64; x64) AppleWebKit/537.36 (KHTML, like Gecko) Chrome/120.0.0.0 Safari/537.36"
66.249.73.162 - - [26/Sep/2026:18:15:46 +0900] "GET /dp/fd53646117665 HTTP/1.0" 200 177024 "-" "Mozilla/5.0 (Linux; Android 6.0.1; Nexus 5X Build/MMB29P) AppleWebKit/537.36 (KHTML, like Gecko) Chrome/153.0.8010.52 Mobile Safari/537.36 (compatible; GoogleOther)"
66.249.73.162 - - [26/Sep/2026:18:15:49 +0900] "GET /dp/95b1e63721675 HTTP/1.0" 200 186527 "-" "Mozilla/5.0 (Linux; Android 6.0.1; Nexus 5X Build/MMB29P) AppleWebKit/537.36 (KHTML, like Gecko) Chrome/153.0.8010.52 Mobile Safari/537.36 (compatible; GoogleOther)"
66.249.73.162 - - [26/Sep/2026:18:15:53 +0900] "GET /dp/344932640766 HTTP/1.0" 200 187401 "-" "Mozilla/5.0 (Linux; Android 6.0.1; Nexus 5X Build/MMB29P) AppleWebKit/537.36 (KHTML, like Gecko) Chrome/153.0.8010.52 Mobile Safari/537.36 (compatible; GoogleOther)"
66.249.73.163 - - [26/Sep/2026:18:15:57 +0900] "GET /dp/25216b303412 HTTP/1.0" 200 187483 "-" "Mozilla/5.0 (Linux; Android 6.0.1; Nexus 5X Build/MMB29P) AppleWebKit/537.36 (KHTML, like Gecko) Chrome/153.0.8010.52 Mobile Safari/537.36 (compatible; GoogleOther)"
66.249.73.163 - - [26/Sep/2026:18:16:04 +0900] "GET /dp/4320c55525772 HTTP/1.0" 200 191884 "-" "Mozilla/5.0 (Linux; Android 6.0.1; Nexus 5X Build/MMB29P) AppleWebKit/537.36 (KHTML, like Gecko) Chrome/153.0.8010.52 Mobile Safari/537.36 (compatible; GoogleOther)"
66.249.73.164 - - [26/Sep/2026:18:16:08 +0900] "GET /dp/4518964349934 HTTP/1.0" 200 193386 "-" "Mozilla/5.0 (Linux; Android 6.0.1; Nexus 5X Build/MMB29P) AppleWebKit/537.36 (KHTML, like Gecko) Chrome/153.0.8010.52 Mobile Safari/537.36 (compatible; GoogleOther)"
66.249.73.163 - - [26/Sep/2026:18:16:11 +0900] "GET /dp/16b7d42961887 HTTP/1.0" 200 186878 "-" "Mozilla/5.0 (Linux; Android 6.0.1; Nexus 5X Build/MMB29P) AppleWebKit/537.36 (KHTML, like Gecko) Chrome/153.0.8010.52 Mobile Safari/537.36 (compatible; GoogleOther)"
66.249.73.162 - - [26/Sep/2026:18:16:16 +0900] "GET /dp/0e93733156330 HTTP/1.0" 200 180676 "-" "Mozilla/5.0 (Linux; Android 6.0.1; Nexus 5X Build/MMB29P) AppleWebKit/537.36 (KHTML, like Gecko) Chrome/153.0.8010.52 Mobile Safari/537.36 (compatible; GoogleOther)"
66.249.73.162 - - [26/Sep/2026:18:16:20 +0900] "GET /dp/b99438255887 HTTP/1.0" 200 185062 "-" "Mozilla/5.0 (Linux; Android 6.0.1; Nexus 5X Build/MMB29P) AppleWebKit/537.36 (KHTML, like Gecko) Chrome/153.0.8010.52 Mobile Safari/537.36 (compatible; GoogleOther)"
66.249.73.162 - - [26/Sep/2026:18:16:24 +0900] "GET /dp/091423403637 HTTP/1.0" 200 187170 "-" "Mozilla/5.0 (Linux; Android 6.0.1; Nexus 5X Build/MMB29P) AppleWebKit/537.36 (KHTML, like Gecko) Chrome/153.0.8010.52 Mobile Safari/537.36 (compatible; GoogleOther)"
66.249.73.162 - - [26/Sep/2026:18:16:28 +0900] "GET /dp/770c454249889 HTTP/1.0" 200 185884 "-" "Mozilla/5.0 (Linux; Android 6.0.1; Nexus 5X Build/MMB29P) AppleWebKit/537.36 (KHTML, like Gecko) Chrome/153.0.8010.52 Mobile Safari/537.36 (compatible; GoogleOther)"
66.249.73.162 - - [26/Sep/2026:18:16:35 +0900] "GET /dp/0503104100383 HTTP/1.0" 200 180045 "-" "Mozilla/5.0 (Linux; Android 6.0.1; Nexus 5X Build/MMB29P) AppleWebKit/537.36 (KHTML, like Gecko) Chrome/153.0.8010.52 Mobile Safari/537.36 (compatible; GoogleOther)"
66.249.73.162 - - [26/Sep/2026:18:16:40 +0900] "GET /dp/135921347167 HTTP/1.0" 200 180635 "-" "Mozilla/5.0 (Linux; Android 6.0.1; Nexus 5X Build/MMB29P) AppleWebKit/537.36 (KHTML, like Gecko) Chrome/153.0.8010.52 Mobile Safari/537.36 (compatible; Googlebot/2.1; +http://www.google.com/bot.html)"
66.249.73.164 - - [26/Sep/2026:18:17:25 +0900] "GET /dp/d1020f5651212 HTTP/1.0" 200 180382 "-" "Mozilla/5.0 (Linux; Android 6.0.1; Nexus 5X Build/MMB29P) AppleWebKit/537.36 (KHTML, like Gecko) Chrome/153.0.8010.52 Mobile Safari/537.36 (compatible; GoogleOther)"
144.76.32.117 - - [26/Sep/2026:18:17:37 +0900] "GET /dp/04482527651?chmod=/var/www/vhosts/w825.jpnsv.net/a-teaminc.jp/cgi HTTP/1.0" 200 13733 "-" "Mozilla/5.0 (compatible; SERankingBacklinksBot/1.0; +https://seranking.com/backlinks-crawler)"
144.76.32.117 - - [26/Sep/2026:18:17:46 +0900] "GET /dp/04482527651?chmod=/var/www/vhosts/w825.jpnsv.net/a-teaminc.jp/img HTTP/1.0" 200 13733 "-" "Mozilla/5.0 (compatible; SERankingBacklinksBot/1.0; +https://seranking.com/backlinks-crawler)"
144.76.32.117 - - [26/Sep/2026:18:17:50 +0900] "GET /dp/1260253317362?lph=/var/www/vhosts/w825.jpnsv.net/a-teaminc.jp/CSS HTTP/1.0" 200 101464 "-" "Mozilla/5.0 (compatible; SERankingBacklinksBot/1.0; +https://seranking.com/backlinks-crawler)"
144.76.32.117 - - [26/Sep/2026:18:17:54 +0900] "GET /dp/04482527651?chmod=/var/www/vhosts/w825.jpnsv.net/a-teaminc.jp/pdf HTTP/1.0" 200 13733 "-" "Mozilla/5.0 (compatible; SERankingBacklinksBot/1.0; +https://seranking.com/backlinks-crawler)"
144.76.32.117 - - [26/Sep/2026:18:17:58 +0900] "GET /dp/1260253317362?lph=/var/www/vhosts/w825.jpnsv.net/a-teaminc.jp/cgi HTTP/1.0" 200 104914 "-" "Mozilla/5.0 (compatible; SERankingBacklinksBot/1.0; +https://seranking.com/backlinks-crawler)"
144.76.32.117 - - [26/Sep/2026:18:18:02 +0900] "GET /dp/04482527651?chmod=/var/www/vhosts/w825.jpnsv.net/a-teaminc.jp/tmp HTTP/1.0" 200 13733 "-" "Mozilla/5.0 (compatible; SERankingBacklinksBot/1.0; +https://seranking.com/backlinks-crawler)"
144.76.32.117 - - [26/Sep/2026:18:18:06 +0900] "GET /dp/1260253317362?lph=/var/www/vhosts/w825.jpnsv.net/a-teaminc.jp/img HTTP/1.0" 200 105698 "-" "Mozilla/5.0 (compatible; SERankingBacklinksBot/1.0; +https://seranking.com/backlinks-crawler)"
144.76.32.117 - - [26/Sep/2026:18:18:12 +0900] "GET /dp/04482527651?lph=/var/www/vhosts/w825.jpnsv.net/a-teaminc.jp/blogs HTTP/1.0" 200 91311 "-" "Mozilla/5.0 (compatible; SERankingBacklinksBot/1.0; +https://seranking.com/backlinks-crawler)"
66.249.73.164 - - [26/Sep/2026:18:18:14 +0900] "GET /dp/135034921077 HTTP/1.0" 200 179208 "-" "Mozilla/5.0 (Linux; Android 6.0.1; Nexus 5X Build/MMB29P) AppleWebKit/537.36 (KHTML, like Gecko) Chrome/153.0.8010.52 Mobile Safari/537.36 (compatible; GoogleOther)"
144.76.32.117 - - [26/Sep/2026:18:18:16 +0900] "GET /dp/1260253317362?lph=/var/www/vhosts/w825.jpnsv.net/a-teaminc.jp/pdf HTTP/1.0" 200 91159 "-" "Mozilla/5.0 (compatible; SERankingBacklinksBot/1.0; +https://seranking.com/backlinks-crawler)"
144.76.32.117 - - [26/Sep/2026:18:18:20 +0900] "GET /dp/04482527651?lph=/var/www/vhosts/w825.jpnsv.net/a-teaminc.jp/flash HTTP/1.0" 200 92929 "-" "Mozilla/5.0 (compatible; SERankingBacklinksBot/1.0; +https://seranking.com/backlinks-crawler)"
144.76.32.117 - - [26/Sep/2026:18:18:24 +0900] "GET /dp/1260253317362?lph=/var/www/vhosts/w825.jpnsv.net/a-teaminc.jp/tmp HTTP/1.0" 200 91318 "-" "Mozilla/5.0 (compatible; SERankingBacklinksBot/1.0; +https://seranking.com/backlinks-crawler)"
144.76.32.117 - - [26/Sep/2026:18:18:28 +0900] "GET /dp/04482527651?lph=/var/www/vhosts/w825.jpnsv.net/a-teaminc.jp/frema HTTP/1.0" 200 92730 "-" "Mozilla/5.0 (compatible; SERankingBacklinksBot/1.0; +https://seranking.com/backlinks-crawler)"
144.76.32.117 - - [26/Sep/2026:18:18:37 +0900] "GET /dp/04482527651?lph=/var/www/vhosts/w825.jpnsv.net/a-teaminc.jp/image HTTP/1.0" 200 259959 "-" "Mozilla/5.0 (compatible; SERankingBacklinksBot/1.0; +https://seranking.com/backlinks-crawler)"
66.249.73.162 - - [26/Sep/2026:18:18:37 +0900] "GET /dp/034752716428 HTTP/1.0" 200 182902 "-" "Mozilla/5.0 (Linux; Android 6.0.1; Nexus 5X Build/MMB29P) AppleWebKit/537.36 (KHTML, like Gecko) Chrome/153.0.8010.52 Mobile Safari/537.36 (compatible; Googlebot/2.1; +http://www.google.com/bot.html)"
144.76.32.117 - - [26/Sep/2026:18:18:48 +0900] "GET /dp/04482527651?rename=/var/www/vhosts/w825.jpnsv.net/a-teaminc.jp/jp HTTP/1.0" 200 13689 "-" "Mozilla/5.0 (compatible; SERankingBacklinksBot/1.0; +https://seranking.com/backlinks-crawler)"
66.249.73.164 - - [26/Sep/2026:18:19:03 +0900] "GET /dp/b5532c5876682 HTTP/1.0" 200 180152 "-" "Mozilla/5.0 (Linux; Android 6.0.1; Nexus 5X Build/MMB29P) AppleWebKit/537.36 (KHTML, like Gecko) Chrome/153.0.8010.52 Mobile Safari/537.36 (compatible; GoogleOther)"
66.249.73.162 - - [26/Sep/2026:18:19:08 +0900] "GET /dp/3987951532868 HTTP/1.0" 200 185270 "-" "Mozilla/5.0 (Linux; Android 6.0.1; Nexus 5X Build/MMB29P) AppleWebKit/537.36 (KHTML, like Gecko) Chrome/153.0.8010.52 Mobile Safari/537.36 (compatible; GoogleOther)"
144.76.32.117 - - [26/Sep/2026:18:19:17 +0900] "GET /dp/1273521332359?lph=/var/www/vhosts/w825.jpnsv.net/a-teaminc.jp/CSS HTTP/1.0" 200 101464 "-" "Mozilla/5.0 (compatible; SERankingBacklinksBot/1.0; +https://seranking.com/backlinks-crawler)"
144.76.32.117 - - [26/Sep/2026:18:19:27 +0900] "GET /dp/1273521332359?lph=/var/www/vhosts/w825.jpnsv.net/a-teaminc.jp/cgi HTTP/1.0" 200 104914 "-" "Mozilla/5.0 (compatible; SERankingBacklinksBot/1.0; +https://seranking.com/backlinks-crawler)"
144.76.32.117 - - [26/Sep/2026:18:19:36 +0900] "GET /dp/1273521332359?lph=/var/www/vhosts/w825.jpnsv.net/a-teaminc.jp/img HTTP/1.0" 200 105698 "-" "Mozilla/5.0 (compatible; SERankingBacklinksBot/1.0; +https://seranking.com/backlinks-crawler)"
144.76.32.117 - - [26/Sep/2026:18:19:45 +0900] "GET /dp/1273521332359?lph=/var/www/vhosts/w825.jpnsv.net/a-teaminc.jp/pdf HTTP/1.0" 200 91159 "-" "Mozilla/5.0 (compatible; SERankingBacklinksBot/1.0; +https://seranking.com/backlinks-crawler)"
66.249.73.162 - - [26/Sep/2026:18:19:53 +0900] "GET /dp/4069672153419 HTTP/1.0" 200 180483 "-" "Mozilla/5.0 (Linux; Android 6.0.1; Nexus 5X Build/MMB29P) AppleWebKit/537.36 (KHTML, like Gecko) Chrome/153.0.8010.52 Mobile Safari/537.36 (compatible; GoogleOther)"
144.76.32.117 - - [26/Sep/2026:18:19:54 +0900] "GET /dp/1273521332359?lph=/var/www/vhosts/w825.jpnsv.net/a-teaminc.jp/tmp HTTP/1.0" 200 91318 "-" "Mozilla/5.0 (compatible; SERankingBacklinksBot/1.0; +https://seranking.com/backlinks-crawler)"
66.249.73.164 - - [26/Sep/2026:18:20:33 +0900] "GET /dp/4e2a4c442695 HTTP/1.0" 200 186507 "-" "Mozilla/5.0 (Linux; Android 6.0.1; Nexus 5X Build/MMB29P) AppleWebKit/537.36 (KHTML, like Gecko) Chrome/153.0.8010.52 Mobile Safari/537.36 (compatible; Googlebot/2.1; +http://www.google.com/bot.html)"
66.249.73.163 - - [26/Sep/2026:18:20:42 +0900] "GET /dp/2240014772424 HTTP/1.0" 200 176075 "-" "Mozilla/5.0 (Linux; Android 6.0.1; Nexus 5X Build/MMB29P) AppleWebKit/537.36 (KHTML, like Gecko) Chrome/153.0.8010.52 Mobile Safari/537.36 (compatible; GoogleOther)"
144.76.32.117 - - [26/Sep/2026:18:21:10 +0900] "GET /dp/0459ef5360177?lph=/var/www/vhosts/w825.jpnsv.net/a-teaminc.jp/CSS HTTP/1.0" 200 101464 "-" "Mozilla/5.0 (compatible; SERankingBacklinksBot/1.0; +https://seranking.com/backlinks-crawler)"
144.76.32.117 - - [26/Sep/2026:18:21:24 +0900] "GET /dp/0459ef5360177?lph=/var/www/vhosts/w825.jpnsv.net/a-teaminc.jp/cgi HTTP/1.0" 200 104914 "-" "Mozilla/5.0 (compatible; SERankingBacklinksBot/1.0; +https://seranking.com/backlinks-crawler)"
66.249.73.162 - - [26/Sep/2026:18:21:32 +0900] "GET /dp/2a7a555308360 HTTP/1.0" 200 182939 "-" "Mozilla/5.0 (Linux; Android 6.0.1; Nexus 5X Build/MMB29P) AppleWebKit/537.36 (KHTML, like Gecko) Chrome/153.0.8010.52 Mobile Safari/537.36 (compatible; GoogleOther)"
144.76.32.117 - - [26/Sep/2026:18:21:33 +0900] "GET /dp/0459ef5360177?lph=/var/www/vhosts/w825.jpnsv.net/a-teaminc.jp/img HTTP/1.0" 200 105698 "-" "Mozilla/5.0 (compatible; SERankingBacklinksBot/1.0; +https://seranking.com/backlinks-crawler)"
144.76.32.117 - - [26/Sep/2026:18:21:43 +0900] "GET /dp/0459ef5360177?lph=/var/www/vhosts/w825.jpnsv.net/a-teaminc.jp/pdf HTTP/1.0" 200 91159 "-" "Mozilla/5.0 (compatible; SERankingBacklinksBot/1.0; +https://seranking.com/backlinks-crawler)"
144.76.32.117 - - [26/Sep/2026:18:21:51 +0900] "GET /dp/0459ef5360177?lph=/var/www/vhosts/w825.jpnsv.net/a-teaminc.jp/tmp HTTP/1.0" 200 91318 "-" "Mozilla/5.0 (compatible; SERankingBacklinksBot/1.0; +https://seranking.com/backlinks-crawler)"
144.76.32.117 - - [26/Sep/2026:18:22:00 +0900] "GET /dp/0465472798831?lph=/var/www/vhosts/w825.jpnsv.net/a-teaminc.jp/CSS HTTP/1.0" 200 101464 "-" "Mozilla/5.0 (compatible; SERankingBacklinksBot/1.0; +https://seranking.com/backlinks-crawler)"
144.76.32.117 - - [26/Sep/2026:18:22:10 +0900] "GET /dp/0465472798831?lph=/var/www/vhosts/w825.jpnsv.net/a-teaminc.jp/cgi HTTP/1.0" 200 104914 "-" "Mozilla/5.0 (compatible; SERankingBacklinksBot/1.0; +https://seranking.com/backlinks-crawler)"
144.76.32.117 - - [26/Sep/2026:18:22:19 +0900] "GET /dp/0465472798831?lph=/var/www/vhosts/w825.jpnsv.net/a-teaminc.jp/img HTTP/1.0" 200 105698 "-" "Mozilla/5.0 (compatible; SERankingBacklinksBot/1.0; +https://seranking.com/backlinks-crawler)"
66.249.73.162 - - [26/Sep/2026:18:22:22 +0900] "GET /dp/4274256437609 HTTP/1.0" 200 180685 "-" "Mozilla/5.0 (Linux; Android 6.0.1; Nexus 5X Build/MMB29P) AppleWebKit/537.36 (KHTML, like Gecko) Chrome/153.0.8010.52 Mobile Safari/537.36 (compatible; GoogleOther)"
144.76.32.117 - - [26/Sep/2026:18:22:23 +0900] "GET /dp/12d1d31313904?lph=/var/www/vhosts/w825.jpnsv.net/a-teaminc.jp/CSS HTTP/1.0" 200 101464 "-" "Mozilla/5.0 (compatible; SERankingBacklinksBot/1.0; +https://seranking.com/backlinks-crawler)"
144.76.32.117 - - [26/Sep/2026:18:22:27 +0900] "GET /dp/0465472798831?lph=/var/www/vhosts/w825.jpnsv.net/a-teaminc.jp/pdf HTTP/1.0" 200 91159 "-" "Mozilla/5.0 (compatible; SERankingBacklinksBot/1.0; +https://seranking.com/backlinks-crawler)"
66.249.73.163 - - [26/Sep/2026:18:22:30 +0900] "GET /dp/135034921077 HTTP/1.0" 200 179208 "-" "Mozilla/5.0 (Linux; Android 6.0.1; Nexus 5X Build/MMB29P) AppleWebKit/537.36 (KHTML, like Gecko) Chrome/153.0.8010.52 Mobile Safari/537.36 (compatible; Googlebot/2.1; +http://www.google.com/bot.html)"
144.76.32.117 - - [26/Sep/2026:18:22:31 +0900] "GET /dp/12d1d31313904?lph=/var/www/vhosts/w825.jpnsv.net/a-teaminc.jp/cgi HTTP/1.0" 200 104914 "-" "Mozilla/5.0 (compatible; SERankingBacklinksBot/1.0; +https://seranking.com/backlinks-crawler)"
144.76.32.117 - - [26/Sep/2026:18:22:35 +0900] "GET /dp/0465472798831?lph=/var/www/vhosts/w825.jpnsv.net/a-teaminc.jp/tmp HTTP/1.0" 200 91318 "-" "Mozilla/5.0 (compatible; SERankingBacklinksBot/1.0; +https://seranking.com/backlinks-crawler)"
144.76.32.117 - - [26/Sep/2026:18:22:39 +0900] "GET /dp/12d1d31313904?lph=/var/www/vhosts/w825.jpnsv.net/a-teaminc.jp/img HTTP/1.0" 200 105698 "-" "Mozilla/5.0 (compatible; SERankingBacklinksBot/1.0; +https://seranking.com/backlinks-crawler)"
144.76.32.117 - - [26/Sep/2026:18:22:43 +0900] "GET /dp/04742f3370945?lph=/var/www/vhosts/w825.jpnsv.net/a-teaminc.jp/CSS HTTP/1.0" 200 101464 "-" "Mozilla/5.0 (compatible; SERankingBacklinksBot/1.0; +https://seranking.com/backlinks-crawler)"
144.76.32.117 - - [26/Sep/2026:18:22:53 +0900] "GET /dp/12d1d31313904?lph=/var/www/vhosts/w825.jpnsv.net/a-teaminc.jp/pdf HTTP/1.0" 200 91159 "-" "Mozilla/5.0 (compatible; SERankingBacklinksBot/1.0; +https://seranking.com/backlinks-crawler)"
144.76.32.117 - - [26/Sep/2026:18:22:57 +0900] "GET /dp/04742f3370945?lph=/var/www/vhosts/w825.jpnsv.net/a-teaminc.jp/cgi HTTP/1.0" 200 104914 "-" "Mozilla/5.0 (compatible; SERankingBacklinksBot/1.0; +https://seranking.com/backlinks-crawler)"
144.76.32.117 - - [26/Sep/2026:18:23:01 +0900] "GET /dp/12d1d31313904?lph=/var/www/vhosts/w825.jpnsv.net/a-teaminc.jp/tmp HTTP/1.0" 200 91318 "-" "Mozilla/5.0 (compatible; SERankingBacklinksBot/1.0; +https://seranking.com/backlinks-crawler)"
144.76.32.117 - - [26/Sep/2026:18:23:05 +0900] "GET /dp/04742f3370945?lph=/var/www/vhosts/w825.jpnsv.net/a-teaminc.jp/img HTTP/1.0" 200 105698 "-" "Mozilla/5.0 (compatible; SERankingBacklinksBot/1.0; +https://seranking.com/backlinks-crawler)"
66.249.73.162 - - [26/Sep/2026:18:23:10 +0900] "GET /dp/9b6b7c2060395 HTTP/1.0" 200 187567 "-" "Mozilla/5.0 (Linux; Android 6.0.1; Nexus 5X Build/MMB29P) AppleWebKit/537.36 (KHTML, like Gecko) Chrome/153.0.8010.52 Mobile Safari/537.36 (compatible; GoogleOther)"
144.76.32.117 - - [26/Sep/2026:18:23:14 +0900] "GET /dp/04742f3370945?lph=/var/www/vhosts/w825.jpnsv.net/a-teaminc.jp/pdf HTTP/1.0" 200 91159 "-" "Mozilla/5.0 (compatible; SERankingBacklinksBot/1.0; +https://seranking.com/backlinks-crawler)"
144.76.32.117 - - [26/Sep/2026:18:23:23 +0900] "GET /dp/04742f3370945?lph=/var/www/vhosts/w825.jpnsv.net/a-teaminc.jp/tmp HTTP/1.0" 200 91318 "-" "Mozilla/5.0 (compatible; SERankingBacklinksBot/1.0; +https://seranking.com/backlinks-crawler)"
119.28.177.175 - - [26/Sep/2026:18:23:32 +0900] "GET /?chmod=%2Fvar%2Fwww%2Fvhosts%2Fw825.jpnsv.net%2Fa-teaminc.jp%2F23.php HTTP/1.0" 200 13736 "-" "Mozilla/5.0 (iPhone; CPU iPhone OS 13_2_3 like Mac OS X) AppleWebKit/605.1.15 (KHTML, like Gecko) Version/13.0.3 Mobile/15E148 Safari/604.1"
144.76.32.117 - - [26/Sep/2026:18:23:57 +0900] "GET /dp/1305886459044?lph=/var/www/vhosts/w825.jpnsv.net/a-teaminc.jp/CSS HTTP/1.0" 200 101464 "-" "Mozilla/5.0 (compatible; SERankingBacklinksBot/1.0; +https://seranking.com/backlinks-crawler)"
66.249.73.162 - - [26/Sep/2026:18:24:00 +0900] "GET /dp/ac7e691207373 HTTP/1.0" 200 186833 "-" "Mozilla/5.0 (Linux; Android 6.0.1; Nexus 5X Build/MMB29P) AppleWebKit/537.36 (KHTML, like Gecko) Chrome/153.0.8010.52 Mobile Safari/537.36 (compatible; GoogleOther)"
144.76.32.117 - - [26/Sep/2026:18:24:09 +0900] "GET /dp/1305886459044?lph=/var/www/vhosts/w825.jpnsv.net/a-teaminc.jp/cgi HTTP/1.0" 200 104914 "-" "Mozilla/5.0 (compatible; SERankingBacklinksBot/1.0; +https://seranking.com/backlinks-crawler)"
144.76.32.117 - - [26/Sep/2026:18:24:18 +0900] "GET /dp/1305886459044?lph=/var/www/vhosts/w825.jpnsv.net/a-teaminc.jp/img HTTP/1.0" 200 105698 "-" "Mozilla/5.0 (compatible; SERankingBacklinksBot/1.0; +https://seranking.com/backlinks-crawler)"
144.76.32.117 - - [26/Sep/2026:18:24:23 +0900] "GET /dp/0491121617669?lph=/var/www/vhosts/w825.jpnsv.net/a-teaminc.jp/CSS HTTP/1.0" 200 101464 "-" "Mozilla/5.0 (compatible; SERankingBacklinksBot/1.0; +https://seranking.com/backlinks-crawler)"
66.249.73.162 - - [26/Sep/2026:18:24:26 +0900] "GET /dp/429120437417 HTTP/1.0" 200 185103 "-" "Mozilla/5.0 (Linux; Android 6.0.1; Nexus 5X Build/MMB29P) AppleWebKit/537.36 (KHTML, like Gecko) Chrome/153.0.8010.52 Mobile Safari/537.36 (compatible; Googlebot/2.1; +http://www.google.com/bot.html)"
144.76.32.117 - - [26/Sep/2026:18:24:28 +0900] "GET /dp/1305886459044?lph=/var/www/vhosts/w825.jpnsv.net/a-teaminc.jp/pdf HTTP/1.0" 200 91159 "-" "Mozilla/5.0 (compatible; SERankingBacklinksBot/1.0; +https://seranking.com/backlinks-crawler)"
144.76.32.117 - - [26/Sep/2026:18:24:32 +0900] "GET /dp/0491121617669?lph=/var/www/vhosts/w825.jpnsv.net/a-teaminc.jp/cgi HTTP/1.0" 200 104914 "-" "Mozilla/5.0 (compatible; SERankingBacklinksBot/1.0; +https://seranking.com/backlinks-crawler)"
144.76.32.117 - - [26/Sep/2026:18:24:36 +0900] "GET /dp/1305886459044?lph=/var/www/vhosts/w825.jpnsv.net/a-teaminc.jp/tmp HTTP/1.0" 200 91318 "-" "Mozilla/5.0 (compatible; SERankingBacklinksBot/1.0; +https://seranking.com/backlinks-crawler)"
144.76.32.117 - - [26/Sep/2026:18:24:40 +0900] "GET /dp/0491121617669?lph=/var/www/vhosts/w825.jpnsv.net/a-teaminc.jp/img HTTP/1.0" 200 105698 "-" "Mozilla/5.0 (compatible; SERankingBacklinksBot/1.0; +https://seranking.com/backlinks-crawler)"
144.76.32.117 - - [26/Sep/2026:18:24:49 +0900] "GET /dp/0491121617669?lph=/var/www/vhosts/w825.jpnsv.net/a-teaminc.jp/pdf HTTP/1.0" 200 91159 "-" "Mozilla/5.0 (compatible; SERankingBacklinksBot/1.0; +https://seranking.com/backlinks-crawler)"
66.249.73.162 - - [26/Sep/2026:18:24:49 +0900] "GET /dp/f948623229227 HTTP/1.0" 200 179005 "-" "Mozilla/5.0 (Linux; Android 6.0.1; Nexus 5X Build/MMB29P) AppleWebKit/537.36 (KHTML, like Gecko) Chrome/153.0.8010.52 Mobile Safari/537.36 (compatible; GoogleOther)"
144.76.32.117 - - [26/Sep/2026:18:24:58 +0900] "GET /dp/0491121617669?lph=/var/www/vhosts/w825.jpnsv.net/a-teaminc.jp/tmp HTTP/1.0" 200 91318 "-" "Mozilla/5.0 (compatible; SERankingBacklinksBot/1.0; +https://seranking.com/backlinks-crawler)"
144.76.32.117 - - [26/Sep/2026:18:25:10 +0900] "GET /dp/0498622846049?lph=/var/www/vhosts/w825.jpnsv.net/a-teaminc.jp/CSS HTTP/1.0" 200 101464 "-" "Mozilla/5.0 (compatible; SERankingBacklinksBot/1.0; +https://seranking.com/backlinks-crawler)"
144.76.32.117 - - [26/Sep/2026:18:25:19 +0900] "GET /dp/0498622846049?lph=/var/www/vhosts/w825.jpnsv.net/a-teaminc.jp/cgi HTTP/1.0" 200 104914 "-" "Mozilla/5.0 (compatible; SERankingBacklinksBot/1.0; +https://seranking.com/backlinks-crawler)"
144.76.32.117 - - [26/Sep/2026:18:25:28 +0900] "GET /dp/0498622846049?lph=/var/www/vhosts/w825.jpnsv.net/a-teaminc.jp/img HTTP/1.0" 200 105698 "-" "Mozilla/5.0 (compatible; SERankingBacklinksBot/1.0; +https://seranking.com/backlinks-crawler)"
144.76.32.117 - - [26/Sep/2026:18:25:37 +0900] "GET /dp/0498622846049?lph=/var/www/vhosts/w825.jpnsv.net/a-teaminc.jp/pdf HTTP/1.0" 200 91159 "-" "Mozilla/5.0 (compatible; SERankingBacklinksBot/1.0; +https://seranking.com/backlinks-crawler)"
66.249.73.164 - - [26/Sep/2026:18:25:38 +0900] "GET /dp/f2c58c6484879 HTTP/1.0" 200 183352 "-" "Mozilla/5.0 (Linux; Android 6.0.1; Nexus 5X Build/MMB29P) AppleWebKit/537.36 (KHTML, like Gecko) Chrome/153.0.8010.52 Mobile Safari/537.36 (compatible; GoogleOther)"
144.76.32.117 - - [26/Sep/2026:18:25:46 +0900] "GET /dp/0498622846049?lph=/var/www/vhosts/w825.jpnsv.net/a-teaminc.jp/tmp HTTP/1.0" 200 91318 "-" "Mozilla/5.0 (compatible; SERankingBacklinksBot/1.0; +https://seranking.com/backlinks-crawler)"
144.76.32.117 - - [26/Sep/2026:18:25:58 +0900] "GET /dp/04a71d4163208?lph=/var/www/vhosts/w825.jpnsv.net/a-teaminc.jp/CSS HTTP/1.0" 200 101464 "-" "Mozilla/5.0 (compatible; SERankingBacklinksBot/1.0; +https://seranking.com/backlinks-crawler)"
144.76.32.117 - - [26/Sep/2026:18:26:07 +0900] "GET /dp/04a71d4163208?lph=/var/www/vhosts/w825.jpnsv.net/a-teaminc.jp/cgi HTTP/1.0" 200 104914 "-" "Mozilla/5.0 (compatible; SERankingBacklinksBot/1.0; +https://seranking.com/backlinks-crawler)"
144.76.32.117 - - [26/Sep/2026:18:26:15 +0900] "GET /dp/04a71d4163208?lph=/var/www/vhosts/w825.jpnsv.net/a-teaminc.jp/img HTTP/1.0" 200 105698 "-" "Mozilla/5.0 (compatible; SERankingBacklinksBot/1.0; +https://seranking.com/backlinks-crawler)"
66.249.73.163 - - [26/Sep/2026:18:26:23 +0900] "GET /dp/24d017852186 HTTP/1.0" 200 182260 "-" "Mozilla/5.0 (Linux; Android 6.0.1; Nexus 5X Build/MMB29P) AppleWebKit/537.36 (KHTML, like Gecko) Chrome/153.0.8010.52 Mobile Safari/537.36 (compatible; Googlebot/2.1; +http://www.google.com/bot.html)"
144.76.32.117 - - [26/Sep/2026:18:26:24 +0900] "GET /dp/04a71d4163208?lph=/var/www/vhosts/w825.jpnsv.net/a-teaminc.jp/pdf HTTP/1.0" 200 91159 "-" "Mozilla/5.0 (compatible; SERankingBacklinksBot/1.0; +https://seranking.com/backlinks-crawler)"
66.249.73.162 - - [26/Sep/2026:18:26:28 +0900] "GET /dp/703a4f4547737 HTTP/1.0" 200 178032 "-" "Mozilla/5.0 (Linux; Android 6.0.1; Nexus 5X Build/MMB29P) AppleWebKit/537.36 (KHTML, like Gecko) Chrome/153.0.8010.52 Mobile Safari/537.36 (compatible; GoogleOther)"
144.76.32.117 - - [26/Sep/2026:18:26:33 +0900] "GET /dp/04a71d4163208?lph=/var/www/vhosts/w825.jpnsv.net/a-teaminc.jp/tmp HTTP/1.0" 200 91318 "-" "Mozilla/5.0 (compatible; SERankingBacklinksBot/1.0; +https://seranking.com/backlinks-crawler)"
144.76.32.117 - - [26/Sep/2026:18:26:42 +0900] "GET /dp/0504284740627?lph=/var/www/vhosts/w825.jpnsv.net/a-teaminc.jp/CSS HTTP/1.0" 200 101464 "-" "Mozilla/5.0 (compatible; SERankingBacklinksBot/1.0; +https://seranking.com/backlinks-crawler)"
144.76.32.117 - - [26/Sep/2026:18:26:57 +0900] "GET /dp/0504284740627?lph=/var/www/vhosts/w825.jpnsv.net/a-teaminc.jp/cgi HTTP/1.0" 200 104914 "-" "Mozilla/5.0 (compatible; SERankingBacklinksBot/1.0; +https://seranking.com/backlinks-crawler)"
66.249.73.164 - - [26/Sep/2026:18:27:01 +0900] "GET /shop/pg/1howto/ HTTP/1.0" 200 178409 "-" "Mozilla/5.0 (Linux; Android 6.0.1; Nexus 5X Build/MMB29P) AppleWebKit/537.36 (KHTML, like Gecko) Chrome/153.0.8010.52 Mobile Safari/537.36 (compatible; GoogleOther)"
144.76.32.117 - - [26/Sep/2026:18:27:06 +0900] "GET /dp/0504284740627?lph=/var/www/vhosts/w825.jpnsv.net/a-teaminc.jp/img HTTP/1.0" 200 105698 "-" "Mozilla/5.0 (compatible; SERankingBacklinksBot/1.0; +https://seranking.com/backlinks-crawler)"
144.76.32.117 - - [26/Sep/2026:18:27:10 +0900] "GET /dp/1342591029180?lph=/var/www/vhosts/w825.jpnsv.net/a-teaminc.jp/CSS HTTP/1.0" 200 101464 "-" "Mozilla/5.0 (compatible; SERankingBacklinksBot/1.0; +https://seranking.com/backlinks-crawler)"
144.76.32.117 - - [26/Sep/2026:18:27:14 +0900] "GET /dp/0504284740627?lph=/var/www/vhosts/w825.jpnsv.net/a-teaminc.jp/pdf HTTP/1.0" 200 91159 "-" "Mozilla/5.0 (compatible; SERankingBacklinksBot/1.0; +https://seranking.com/backlinks-crawler)"
66.249.73.163 - - [26/Sep/2026:18:27:17 +0900] "GET /dp/d48f6a6145370 HTTP/1.0" 200 180113 "-" "Mozilla/5.0 (Linux; Android 6.0.1; Nexus 5X Build/MMB29P) AppleWebKit/537.36 (KHTML, like Gecko) Chrome/153.0.8010.52 Mobile Safari/537.36 (compatible; GoogleOther)"
144.76.32.117 - - [26/Sep/2026:18:27:19 +0900] "GET /dp/1342591029180?lph=/var/www/vhosts/w825.jpnsv.net/a-teaminc.jp/cgi HTTP/1.0" 200 104914 "-" "Mozilla/5.0 (compatible; SERankingBacklinksBot/1.0; +https://seranking.com/backlinks-crawler)"
144.76.32.117 - - [26/Sep/2026:18:27:23 +0900] "GET /dp/0504284740627?lph=/var/www/vhosts/w825.jpnsv.net/a-teaminc.jp/tmp HTTP/1.0" 200 91318 "-" "Mozilla/5.0 (compatible; SERankingBacklinksBot/1.0; +https://seranking.com/backlinks-crawler)"
144.76.32.117 - - [26/Sep/2026:18:27:27 +0900] "GET /dp/1342591029180?lph=/var/www/vhosts/w825.jpnsv.net/a-teaminc.jp/img HTTP/1.0" 200 105698 "-" "Mozilla/5.0 (compatible; SERankingBacklinksBot/1.0; +https://seranking.com/backlinks-crawler)"
66.249.73.162 - - [26/Sep/2026:18:27:33 +0900] "GET /dp/9bdadf1068004 HTTP/1.0" 200 186555 "-" "Mozilla/5.0 (Linux; Android 6.0.1; Nexus 5X Build/MMB29P) AppleWebKit/537.36 (KHTML, like Gecko) Chrome/153.0.8010.52 Mobile Safari/537.36 (compatible; GoogleOther)"
144.76.32.117 - - [26/Sep/2026:18:27:43 +0900] "GET /dp/1342591029180?lph=/var/www/vhosts/w825.jpnsv.net/a-teaminc.jp/pdf HTTP/1.0" 200 91159 "-" "Mozilla/5.0 (compatible; SERankingBacklinksBot/1.0; +https://seranking.com/backlinks-crawler)"
144.76.32.117 - - [26/Sep/2026:18:27:52 +0900] "GET /dp/1342591029180?lph=/var/www/vhosts/w825.jpnsv.net/a-teaminc.jp/tmp HTTP/1.0" 200 91318 "-" "Mozilla/5.0 (compatible; SERankingBacklinksBot/1.0; +https://seranking.com/backlinks-crawler)"
66.249.73.162 - - [26/Sep/2026:18:28:07 +0900] "GET /dp/6cebd4137277 HTTP/1.0" 200 182067 "-" "Mozilla/5.0 (Linux; Android 6.0.1; Nexus 5X Build/MMB29P) AppleWebKit/537.36 (KHTML, like Gecko) Chrome/153.0.8010.52 Mobile Safari/537.36 (compatible; GoogleOther)"
66.249.73.162 - - [26/Sep/2026:18:28:19 +0900] "GET /dp/6f6259592223 HTTP/1.0" 200 180619 "-" "Mozilla/5.0 (Linux; Android 6.0.1; Nexus 5X Build/MMB29P) AppleWebKit/537.36 (KHTML, like Gecko) Chrome/153.0.8010.52 Mobile Safari/537.36 (compatible; Googlebot/2.1; +http://www.google.com/bot.html)"
66.249.73.162 - - [26/Sep/2026:18:28:56 +0900] "GET /dp/30a0311352941 HTTP/1.0" 200 193577 "-" "Mozilla/5.0 (Linux; Android 6.0.1; Nexus 5X Build/MMB29P) AppleWebKit/537.36 (KHTML, like Gecko) Chrome/153.0.8010.52 Mobile Safari/537.36 (compatible; GoogleOther)"
66.249.73.162 - - [26/Sep/2026:18:29:45 +0900] "GET /dp/9927652563245 HTTP/1.0" 200 180472 "-" "Mozilla/5.0 (Linux; Android 6.0.1; Nexus 5X Build/MMB29P) AppleWebKit/537.36 (KHTML, like Gecko) Chrome/153.0.8010.52 Mobile Safari/537.36 (compatible; GoogleOther)"
66.249.73.164 - - [26/Sep/2026:18:30:16 +0900] "GET /dp/a97004213132 HTTP/1.0" 200 186717 "-" "Mozilla/5.0 (Linux; Android 6.0.1; Nexus 5X Build/MMB29P) AppleWebKit/537.36 (KHTML, like Gecko) Chrome/153.0.8010.52 Mobile Safari/537.36 (compatible; Googlebot/2.1; +http://www.google.com/bot.html)"
66.249.73.163 - - [26/Sep/2026:18:30:35 +0900] "GET /dp/8f3c49530277 HTTP/1.0" 200 189566 "-" "Mozilla/5.0 (Linux; Android 6.0.1; Nexus 5X Build/MMB29P) AppleWebKit/537.36 (KHTML, like Gecko) Chrome/153.0.8010.52 Mobile Safari/537.36 (compatible; GoogleOther)"
66.249.73.164 - - [26/Sep/2026:18:31:24 +0900] "GET /dp/15ab804959938 HTTP/1.0" 200 183073 "-" "Mozilla/5.0 (Linux; Android 6.0.1; Nexus 5X Build/MMB29P) AppleWebKit/537.36 (KHTML, like Gecko) Chrome/153.0.8010.52 Mobile Safari/537.36 (compatible; GoogleOther)"
66.249.73.162 - - [26/Sep/2026:18:31:47 +0900] "GET /dp/96fdb11944990 HTTP/1.0" 200 183214 "-" "Mozilla/5.0 (Linux; Android 6.0.1; Nexus 5X Build/MMB29P) AppleWebKit/537.36 (KHTML, like Gecko) Chrome/153.0.8010.52 Mobile Safari/537.36 (compatible; GoogleOther)"
66.249.73.164 - - [26/Sep/2026:18:32:11 +0900] "GET /dp/b621d6108438 HTTP/1.0" 200 184806 "-" "Mozilla/5.0 (Linux; Android 6.0.1; Nexus 5X Build/MMB29P) AppleWebKit/537.36 (KHTML, like Gecko) Chrome/153.0.8010.52 Mobile Safari/537.36 (compatible; Googlebot/2.1; +http://www.google.com/bot.html)"
66.249.73.163 - - [26/Sep/2026:18:32:13 +0900] "GET /dp/d673973951143 HTTP/1.0" 200 181040 "-" "Mozilla/5.0 (Linux; Android 6.0.1; Nexus 5X Build/MMB29P) AppleWebKit/537.36 (KHTML, like Gecko) Chrome/153.0.8010.52 Mobile Safari/537.36 (compatible; GoogleOther)"
101.32.208.70 - - [26/Sep/2026:18:32:50 +0900] "GET /?chmod=%2Fvar%2Fwww%2Fvhosts%2Fw825.jpnsv.net%2Fa-teaminc.jp%2Fwp-config-sample_.php HTTP/1.0" 200 13751 "-" "Mozilla/5.0 (iPhone; CPU iPhone OS 13_2_3 like Mac OS X) AppleWebKit/605.1.15 (KHTML, like Gecko) Version/13.0.3 Mobile/15E148 Safari/604.1"
66.249.73.163 - - [26/Sep/2026:18:33:03 +0900] "GET /dp/41140d1164680 HTTP/1.0" 200 177688 "-" "Mozilla/5.0 (Linux; Android 6.0.1; Nexus 5X Build/MMB29P) AppleWebKit/537.36 (KHTML, like Gecko) Chrome/153.0.8010.52 Mobile Safari/537.36 (compatible; GoogleOther)"
66.249.73.163 - - [26/Sep/2026:18:33:52 +0900] "GET /dp/7910565773902 HTTP/1.0" 200 184155 "-" "Mozilla/5.0 (Linux; Android 6.0.1; Nexus 5X Build/MMB29P) AppleWebKit/537.36 (KHTML, like Gecko) Chrome/153.0.8010.52 Mobile Safari/537.36 (compatible; GoogleOther)"
66.249.73.162 - - [26/Sep/2026:18:34:08 +0900] "GET /dp/9113b7369135 HTTP/1.0" 200 182411 "-" "Mozilla/5.0 (Linux; Android 6.0.1; Nexus 5X Build/MMB29P) AppleWebKit/537.36 (KHTML, like Gecko) Chrome/153.0.8010.52 Mobile Safari/537.36 (compatible; Googlebot/2.1; +http://www.google.com/bot.html)"
66.249.73.162 - - [26/Sep/2026:18:34:41 +0900] "GET /dp/7a39595829731 HTTP/1.0" 200 178811 "-" "Mozilla/5.0 (Linux; Android 6.0.1; Nexus 5X Build/MMB29P) AppleWebKit/537.36 (KHTML, like Gecko) Chrome/153.0.8010.52 Mobile Safari/537.36 (compatible; GoogleOther)"
66.249.73.162 - - [26/Sep/2026:18:34:59 +0900] "GET /dp/16a3044098708 HTTP/1.0" 200 183569 "-" "Mozilla/5.0 (Linux; Android 6.0.1; Nexus 5X Build/MMB29P) AppleWebKit/537.36 (KHTML, like Gecko) Chrome/153.0.8010.52 Mobile Safari/537.36 (compatible; GoogleOther)"
66.249.73.163 - - [26/Sep/2026:18:35:05 +0900] "GET /dp/0462304170124 HTTP/1.0" 200 181954 "-" "Mozilla/5.0 (Linux; Android 6.0.1; Nexus 5X Build/MMB29P) AppleWebKit/537.36 (KHTML, like Gecko) Chrome/153.0.8010.52 Mobile Safari/537.36 (compatible; GoogleOther)"
66.249.73.163 - - [26/Sep/2026:18:35:31 +0900] "GET /dp/ca4f442635566 HTTP/1.0" 200 185588 "-" "Mozilla/5.0 (Linux; Android 6.0.1; Nexus 5X Build/MMB29P) AppleWebKit/537.36 (KHTML, like Gecko) Chrome/153.0.8010.52 Mobile Safari/537.36 (compatible; GoogleOther)"
66.249.73.162 - - [26/Sep/2026:18:36:04 +0900] "GET /dp/231138663217 HTTP/1.0" 200 191162 "-" "Mozilla/5.0 (Linux; Android 6.0.1; Nexus 5X Build/MMB29P) AppleWebKit/537.36 (KHTML, like Gecko) Chrome/153.0.8010.52 Mobile Safari/537.36 (compatible; Googlebot/2.1; +http://www.google.com/bot.html)"
66.249.73.162 - - [26/Sep/2026:18:36:21 +0900] "GET /dp/b780444905817 HTTP/1.0" 200 180923 "-" "Mozilla/5.0 (Linux; Android 6.0.1; Nexus 5X Build/MMB29P) AppleWebKit/537.36 (KHTML, like Gecko) Chrome/153.0.8010.52 Mobile Safari/537.36 (compatible; GoogleOther)"
66.249.73.162 - - [26/Sep/2026:18:37:09 +0900] "GET /dp/c990b42538558 HTTP/1.0" 200 179046 "-" "Mozilla/5.0 (Linux; Android 6.0.1; Nexus 5X Build/MMB29P) AppleWebKit/537.36 (KHTML, like Gecko) Chrome/153.0.8010.52 Mobile Safari/537.36 (compatible; GoogleOther)"
66.249.73.163 - - [26/Sep/2026:18:38:00 +0900] "GET /dp/9b2805844377 HTTP/1.0" 200 184084 "-" "Mozilla/5.0 (Linux; Android 6.0.1; Nexus 5X Build/MMB29P) AppleWebKit/537.36 (KHTML, like Gecko) Chrome/153.0.8010.52 Mobile Safari/537.36 (compatible; Googlebot/2.1; +http://www.google.com/bot.html)"
66.249.73.163 - - [26/Sep/2026:18:37:59 +0900] "GET /dp/17a7914109804 HTTP/1.0" 200 179731 "-" "Mozilla/5.0 (Linux; Android 6.0.1; Nexus 5X Build/MMB29P) AppleWebKit/537.36 (KHTML, like Gecko) Chrome/153.0.8010.52 Mobile Safari/537.36 (compatible; GoogleOther)"
66.249.73.162 - - [26/Sep/2026:18:38:48 +0900] "GET /dp/0866b160602 HTTP/1.0" 200 184687 "-" "Mozilla/5.0 (Linux; Android 6.0.1; Nexus 5X Build/MMB29P) AppleWebKit/537.36 (KHTML, like Gecko) Chrome/153.0.8010.52 Mobile Safari/537.36 (compatible; GoogleOther)"
66.249.73.163 - - [26/Sep/2026:18:39:38 +0900] "GET /dp/65572d2645915 HTTP/1.0" 200 191306 "-" "Mozilla/5.0 (Linux; Android 6.0.1; Nexus 5X Build/MMB29P) AppleWebKit/537.36 (KHTML, like Gecko) Chrome/153.0.8010.52 Mobile Safari/537.36 (compatible; GoogleOther)"
66.249.73.162 - - [26/Sep/2026:18:39:45 +0900] "GET /dp/e10308578310 HTTP/1.0" 200 190054 "-" "Mozilla/5.0 (Linux; Android 6.0.1; Nexus 5X Build/MMB29P) AppleWebKit/537.36 (KHTML, like Gecko) Chrome/153.0.8010.52 Mobile Safari/537.36 (compatible; GoogleOther)"
66.249.73.162 - - [26/Sep/2026:18:39:57 +0900] "GET /dp/824460133155 HTTP/1.0" 200 187959 "-" "Mozilla/5.0 (Linux; Android 6.0.1; Nexus 5X Build/MMB29P) AppleWebKit/537.36 (KHTML, like Gecko) Chrome/153.0.8010.52 Mobile Safari/537.36 (compatible; Googlebot/2.1; +http://www.google.com/bot.html)"
66.249.73.163 - - [26/Sep/2026:18:40:27 +0900] "GET /dp/b899624528042 HTTP/1.0" 200 183303 "-" "Mozilla/5.0 (Linux; Android 6.0.1; Nexus 5X Build/MMB29P) AppleWebKit/537.36 (KHTML, like Gecko) Chrome/153.0.8010.52 Mobile Safari/537.36 (compatible; GoogleOther)"
43.135.172.89 - - [26/Sep/2026:18:41:02 +0900] "GET /?edit=%2Fvar%2Fwww%2Fvhosts%2Fw825.jpnsv.net%2Fa-teaminc.jp%2Fgoogle1efd7d4eee28007d.html HTTP/1.0" 200 13857 "-" "Mozilla/5.0 (iPhone; CPU iPhone OS 13_2_3 like Mac OS X) AppleWebKit/605.1.15 (KHTML, like Gecko) Version/13.0.3 Mobile/15E148 Safari/604.1"
66.249.73.163 - - [26/Sep/2026:18:41:16 +0900] "GET /dp/30102b6509890 HTTP/1.0" 200 181588 "-" "Mozilla/5.0 (Linux; Android 6.0.1; Nexus 5X Build/MMB29P) AppleWebKit/537.36 (KHTML, like Gecko) Chrome/153.0.8010.52 Mobile Safari/537.36 (compatible; GoogleOther)"
66.249.73.162 - - [26/Sep/2026:18:41:53 +0900] "GET /dp/13b255980323 HTTP/1.0" 200 189496 "-" "Mozilla/5.0 (Linux; Android 6.0.1; Nexus 5X Build/MMB29P) AppleWebKit/537.36 (KHTML, like Gecko) Chrome/153.0.8010.52 Mobile Safari/537.36 (compatible; Googlebot/2.1; +http://www.google.com/bot.html)"
43.160.219.206 - - [26/Sep/2026:18:42:01 +0900] "GET / HTTP/1.0" 200 150352 "-" "Mozilla/5.0 (iPhone; CPU iPhone OS 13_2_3 like Mac OS X) AppleWebKit/605.1.15 (KHTML, like Gecko) Version/13.0.3 Mobile/15E148 Safari/604.1"
66.249.73.163 - - [26/Sep/2026:18:42:06 +0900] "GET /dp/1981603718020 HTTP/1.0" 200 183098 "-" "Mozilla/5.0 (Linux; Android 6.0.1; Nexus 5X Build/MMB29P) AppleWebKit/537.36 (KHTML, like Gecko) Chrome/153.0.8010.52 Mobile Safari/537.36 (compatible; GoogleOther)"
66.249.73.162 - - [26/Sep/2026:18:42:17 +0900] "GET /dp/0e0b326011608 HTTP/1.0" 200 186705 "-" "Mozilla/5.0 (Linux; Android 6.0.1; Nexus 5X Build/MMB29P) AppleWebKit/537.36 (KHTML, like Gecko) Chrome/153.0.8010.52 Mobile Safari/537.36 (compatible; GoogleOther)"
66.249.73.162 - - [26/Sep/2026:18:42:27 +0900] "GET /dp/5644f44144285 HTTP/1.0" 200 180146 "-" "Mozilla/5.0 (Linux; Android 6.0.1; Nexus 5X Build/MMB29P) AppleWebKit/537.36 (KHTML, like Gecko) Chrome/153.0.8010.52 Mobile Safari/537.36 (compatible; GoogleOther)"
66.249.73.162 - - [26/Sep/2026:18:42:36 +0900] "GET /dp/58c77d6274449 HTTP/1.0" 200 180459 "-" "Mozilla/5.0 (Linux; Android 6.0.1; Nexus 5X Build/MMB29P) AppleWebKit/537.36 (KHTML, like Gecko) Chrome/153.0.8010.52 Mobile Safari/537.36 (compatible; GoogleOther)"
66.249.73.162 - - [26/Sep/2026:18:42:55 +0900] "GET /dp/9911b34809700 HTTP/1.0" 200 184466 "-" "Mozilla/5.0 (Linux; Android 6.0.1; Nexus 5X Build/MMB29P) AppleWebKit/537.36 (KHTML, like Gecko) Chrome/153.0.8010.52 Mobile Safari/537.36 (compatible; GoogleOther)"
66.249.73.163 - - [26/Sep/2026:18:43:07 +0900] "GET /dp/58c77d6274449 HTTP/1.0" 200 180459 "-" "Mozilla/5.0 (Linux; Android 6.0.1; Nexus 5X Build/MMB29P) AppleWebKit/537.36 (KHTML, like Gecko) Chrome/153.0.8010.52 Mobile Safari/537.36 (compatible; Googlebot/2.1; +http://www.google.com/bot.html)"
66.249.73.162 - - [26/Sep/2026:18:43:49 +0900] "GET /dp/1658ec359528 HTTP/1.0" 200 183638 "-" "Mozilla/5.0 (Linux; Android 6.0.1; Nexus 5X Build/MMB29P) AppleWebKit/537.36 (KHTML, like Gecko) Chrome/153.0.8010.52 Mobile Safari/537.36 (compatible; Googlebot/2.1; +http://www.google.com/bot.html)"
66.249.73.162 - - [26/Sep/2026:18:43:44 +0900] "GET /dp/b580083454393 HTTP/1.0" 200 198514 "-" "Mozilla/5.0 (Linux; Android 6.0.1; Nexus 5X Build/MMB29P) AppleWebKit/537.36 (KHTML, like Gecko) Chrome/153.0.8010.52 Mobile Safari/537.36 (compatible; GoogleOther)"
66.249.73.162 - - [26/Sep/2026:18:44:34 +0900] "GET /dp/4087b75568831 HTTP/1.0" 200 181510 "-" "Mozilla/5.0 (Linux; Android 6.0.1; Nexus 5X Build/MMB29P) AppleWebKit/537.36 (KHTML, like Gecko) Chrome/153.0.8010.52 Mobile Safari/537.36 (compatible; GoogleOther)"
66.249.73.162 - - [26/Sep/2026:18:44:59 +0900] "GET /dp/40d052108611 HTTP/1.0" 200 192506 "-" "Mozilla/5.0 (Linux; Android 6.0.1; Nexus 5X Build/MMB29P) AppleWebKit/537.36 (KHTML, like Gecko) Chrome/153.0.8010.52 Mobile Safari/537.36 (compatible; Googlebot/2.1; +http://www.google.com/bot.html)"
66.249.73.164 - - [26/Sep/2026:18:45:08 +0900] "GET /dp/541fd1952170 HTTP/1.0" 200 181967 "-" "Mozilla/5.0 (Linux; Android 6.0.1; Nexus 5X Build/MMB29P) AppleWebKit/537.36 (KHTML, like Gecko) Chrome/153.0.8010.52 Mobile Safari/537.36 (compatible; Googlebot/2.1; +http://www.google.com/bot.html)"
66.249.73.162 - - [26/Sep/2026:18:45:17 +0900] "GET /dp/9376f6134502 HTTP/1.0" 200 181309 "-" "Mozilla/5.0 (Linux; Android 6.0.1; Nexus 5X Build/MMB29P) AppleWebKit/537.36 (KHTML, like Gecko) Chrome/153.0.8010.52 Mobile Safari/537.36 (compatible; Googlebot/2.1; +http://www.google.com/bot.html)"
66.249.73.162 - - [26/Sep/2026:18:45:23 +0900] "GET /dp/543238511618 HTTP/1.0" 200 183675 "-" "Mozilla/5.0 (Linux; Android 6.0.1; Nexus 5X Build/MMB29P) AppleWebKit/537.36 (KHTML, like Gecko) Chrome/153.0.8010.52 Mobile Safari/537.36 (compatible; GoogleOther)"
66.249.73.162 - - [26/Sep/2026:18:45:25 +0900] "GET /dp/18756f987797 HTTP/1.0" 200 183900 "-" "Mozilla/5.0 (Linux; Android 6.0.1; Nexus 5X Build/MMB29P) AppleWebKit/537.36 (KHTML, like Gecko) Chrome/153.0.8010.52 Mobile Safari/537.36 (compatible; Googlebot/2.1; +http://www.google.com/bot.html)"
66.249.73.162 - - [26/Sep/2026:18:45:34 +0900] "GET /dp/8883a6200913 HTTP/1.0" 200 185347 "-" "Mozilla/5.0 (Linux; Android 6.0.1; Nexus 5X Build/MMB29P) AppleWebKit/537.36 (KHTML, like Gecko) Chrome/153.0.8010.52 Mobile Safari/537.36 (compatible; Googlebot/2.1; +http://www.google.com/bot.html)"
66.249.73.162 - - [26/Sep/2026:18:45:42 +0900] "GET /dp/50ea6d680716 HTTP/1.0" 200 185343 "-" "Mozilla/5.0 (Linux; Android 6.0.1; Nexus 5X Build/MMB29P) AppleWebKit/537.36 (KHTML, like Gecko) Chrome/153.0.8010.52 Mobile Safari/537.36 (compatible; Googlebot/2.1; +http://www.google.com/bot.html)"
66.249.73.163 - - [26/Sep/2026:18:45:51 +0900] "GET /dp/6ae76a753710 HTTP/1.0" 200 176373 "-" "Mozilla/5.0 (Linux; Android 6.0.1; Nexus 5X Build/MMB29P) AppleWebKit/537.36 (KHTML, like Gecko) Chrome/153.0.8010.52 Mobile Safari/537.36 (compatible; Googlebot/2.1; +http://www.google.com/bot.html)"
66.249.73.163 - - [26/Sep/2026:18:46:08 +0900] "GET /dp/776a05960824 HTTP/1.0" 200 178678 "-" "Mozilla/5.0 (Linux; Android 6.0.1; Nexus 5X Build/MMB29P) AppleWebKit/537.36 (KHTML, like Gecko) Chrome/153.0.8010.52 Mobile Safari/537.36 (compatible; Googlebot/2.1; +http://www.google.com/bot.html)"
66.249.73.162 - - [26/Sep/2026:18:46:12 +0900] "GET /dp/d70eb5112697 HTTP/1.0" 200 185430 "-" "Mozilla/5.0 (Linux; Android 6.0.1; Nexus 5X Build/MMB29P) AppleWebKit/537.36 (KHTML, like Gecko) Chrome/153.0.8010.52 Mobile Safari/537.36 (compatible; GoogleOther)"
66.249.73.162 - - [26/Sep/2026:18:46:25 +0900] "GET /dp/f60038188769 HTTP/1.0" 200 185231 "-" "Mozilla/5.0 (Linux; Android 6.0.1; Nexus 5X Build/MMB29P) AppleWebKit/537.36 (KHTML, like Gecko) Chrome/153.0.8010.52 Mobile Safari/537.36 (compatible; Googlebot/2.1; +http://www.google.com/bot.html)"
66.249.73.162 - - [26/Sep/2026:18:46:42 +0900] "GET /dp/091180415356 HTTP/1.0" 200 188177 "-" "Mozilla/5.0 (Linux; Android 6.0.1; Nexus 5X Build/MMB29P) AppleWebKit/537.36 (KHTML, like Gecko) Chrome/153.0.8010.52 Mobile Safari/537.36 (compatible; Googlebot/2.1; +http://www.google.com/bot.html)"
66.249.73.162 - - [26/Sep/2026:18:46:59 +0900] "GET /dp/340b35572662 HTTP/1.0" 200 177588 "-" "Mozilla/5.0 (Linux; Android 6.0.1; Nexus 5X Build/MMB29P) AppleWebKit/537.36 (KHTML, like Gecko) Chrome/153.0.8010.52 Mobile Safari/537.36 (compatible; Googlebot/2.1; +http://www.google.com/bot.html)"
66.249.73.162 - - [26/Sep/2026:18:47:02 +0900] "GET /dp/1157615019046 HTTP/1.0" 200 185666 "-" "Mozilla/5.0 (Linux; Android 6.0.1; Nexus 5X Build/MMB29P) AppleWebKit/537.36 (KHTML, like Gecko) Chrome/153.0.8010.52 Mobile Safari/537.36 (compatible; GoogleOther)"
66.249.73.162 - - [26/Sep/2026:18:47:08 +0900] "GET /dp/f9d5711414479 HTTP/1.0" 200 185740 "-" "Mozilla/5.0 (Linux; Android 6.0.1; Nexus 5X Build/MMB29P) AppleWebKit/537.36 (KHTML, like Gecko) Chrome/153.0.8010.52 Mobile Safari/537.36 (compatible; GoogleOther)"
66.249.73.162 - - [26/Sep/2026:18:47:17 +0900] "GET /dp/047445385242 HTTP/1.0" 200 178656 "-" "Mozilla/5.0 (Linux; Android 6.0.1; Nexus 5X Build/MMB29P) AppleWebKit/537.36 (KHTML, like Gecko) Chrome/153.0.8010.52 Mobile Safari/537.36 (compatible; Googlebot/2.1; +http://www.google.com/bot.html)"
66.249.73.162 - - [26/Sep/2026:18:47:34 +0900] "GET /dp/65904b563499 HTTP/1.0" 200 185294 "-" "Mozilla/5.0 (Linux; Android 6.0.1; Nexus 5X Build/MMB29P) AppleWebKit/537.36 (KHTML, like Gecko) Chrome/153.0.8010.52 Mobile Safari/537.36 (compatible; Googlebot/2.1; +http://www.google.com/bot.html)"
66.249.73.162 - - [26/Sep/2026:18:47:51 +0900] "GET /dp/777185372150 HTTP/1.0" 200 184066 "-" "Mozilla/5.0 (Linux; Android 6.0.1; Nexus 5X Build/MMB29P) AppleWebKit/537.36 (KHTML, like Gecko) Chrome/153.0.8010.52 Mobile Safari/537.36 (compatible; Googlebot/2.1; +http://www.google.com/bot.html)"
